{"id":161,"date":"2023-01-23T15:31:51","date_gmt":"2023-01-23T14:31:51","guid":{"rendered":"http:\/\/hebergement.universite-paris-saclay.fr\/MineralogieGEOPS\/?page_id=161"},"modified":"2024-12-21T02:17:03","modified_gmt":"2024-12-21T01:17:03","slug":"diffractometrie-de-rayons-x","status":"publish","type":"page","link":"https:\/\/hebergement.universite-paris-saclay.fr\/MineralogieGEOPS\/?page_id=161","title":{"rendered":"Diffractom\u00e9trie de rayons X"},"content":{"rendered":"\n<hr class=\"wp-block-separator has-alpha-channel-opacity\"\/>\n\n\n\n<p>La plateforme dispose d\u2019un diffractom\u00e8tre <strong>D8 &#8211; Advance (Bruker)<\/strong> d\u00e9di\u00e9 \u00e0 l&rsquo;identification de phases dans des \u00e9chantillons polycristallins.<\/p>\n\n\n\n<figure class=\"wp-block-image size-full is-resized\"><a href=\"http:\/\/hebergement.universite-paris-saclay.fr\/MineralogieGEOPS\/wp-content\/uploads\/2024\/12\/d8.png\"><img decoding=\"async\" loading=\"lazy\" src=\"http:\/\/hebergement.universite-paris-saclay.fr\/MineralogieGEOPS\/wp-content\/uploads\/2024\/12\/d8.png\" alt=\"\" class=\"wp-image-275\" width=\"681\" height=\"470\" srcset=\"https:\/\/hebergement.universite-paris-saclay.fr\/MineralogieGEOPS\/wp-content\/uploads\/2024\/12\/d8.png 908w, https:\/\/hebergement.universite-paris-saclay.fr\/MineralogieGEOPS\/wp-content\/uploads\/2024\/12\/d8-300x207.png 300w, https:\/\/hebergement.universite-paris-saclay.fr\/MineralogieGEOPS\/wp-content\/uploads\/2024\/12\/d8-768x529.png 768w\" sizes=\"(max-width: 681px) 100vw, 681px\" \/><\/a><\/figure>\n\n\n\n<hr class=\"wp-block-separator has-css-opacity\"\/>\n\n\n\n<p><strong>Sp\u00e9cificit\u00e9s :<\/strong><\/p>\n\n\n\n<ul>\n<li>Tube scell\u00e9 avec anode Cu<\/li>\n\n\n\n<li>G\u00e9om\u00e9trie Bragg-Brentano pour analyses en r\u00e9flexion sur poudres<\/li>\n\n\n\n<li>Fentes de divergence programmables<\/li>\n\n\n\n<li>Fentes de sollers<\/li>\n\n\n\n<li><span style=\"font-size: 1rem;\">Couteau anti-diffusion  automatique motoris\u00e9 <\/span><\/li>\n\n\n\n<li>Spinner<\/li>\n\n\n\n<li>Passeur automatique 60 positions<\/li>\n\n\n\n<li>G\u00e9om\u00e9trie faisceau parall\u00e8le avec miroir de Goebel et collimateurs pour analyses de micro-diffraction en r\u00e9flexion<\/li>\n\n\n\n<li>Collimateurs pour micro-diffraction (tailles disponibles : 500 \u00b5m, 300 \u00b5m, 100 \u00b5m)<\/li>\n\n\n\n<li> D\u00e9tecteur multimode Eiger2 R (500 x 1000 pixels) (Dectris Ltd.)<\/li>\n\n\n\n<li>Platine motoris\u00e9e X,Y,Z et cam\u00e9ra de localisation<\/li>\n\n\n\n<li>Licences ICDD\/PDF-4+, Diffract.EVA, Diffract.TOPAS<\/li>\n<\/ul>\n\n\n\n<hr class=\"wp-block-separator has-css-opacity\"\/>\n\n\n\n<p><strong>Application sur poudres :<\/strong><\/p>\n\n\n\n<p class=\"justify-text\"><em>G\u00e9om\u00e9trie Bragg-Brentano avec couteau anti-diffusion et passeur automatique, d\u00e9tecteur principalement utilis\u00e9 en mode 1D. <\/em><\/p>\n\n\n<div class=\"wp-block-image\">\n<figure class=\"aligncenter size-full is-resized\"><a href=\"https:\/\/hebergement.universite-paris-saclay.fr\/MineralogieGEOPS\/wp-content\/uploads\/2024\/12\/dynamic-beam-optimization-850x850-1.jpeg\"><img decoding=\"async\" loading=\"lazy\" src=\"https:\/\/hebergement.universite-paris-saclay.fr\/MineralogieGEOPS\/wp-content\/uploads\/2024\/12\/dynamic-beam-optimization-850x850-1.jpeg\" alt=\"\" class=\"wp-image-271\" width=\"320\" height=\"320\" srcset=\"https:\/\/hebergement.universite-paris-saclay.fr\/MineralogieGEOPS\/wp-content\/uploads\/2024\/12\/dynamic-beam-optimization-850x850-1.jpeg 640w, https:\/\/hebergement.universite-paris-saclay.fr\/MineralogieGEOPS\/wp-content\/uploads\/2024\/12\/dynamic-beam-optimization-850x850-1-300x300.jpeg 300w, https:\/\/hebergement.universite-paris-saclay.fr\/MineralogieGEOPS\/wp-content\/uploads\/2024\/12\/dynamic-beam-optimization-850x850-1-150x150.jpeg 150w, https:\/\/hebergement.universite-paris-saclay.fr\/MineralogieGEOPS\/wp-content\/uploads\/2024\/12\/dynamic-beam-optimization-850x850-1-100x100.jpeg 100w\" sizes=\"(max-width: 320px) 100vw, 320px\" \/><\/a><\/figure><\/div>\n\n\n<p>Cette configuration permets de r\u00e9aliser des identifications de phases et analyses semi-quantitatives pour de grandes s\u00e9ries d&rsquo;\u00e9chantillons, sur : <\/p>\n\n\n\n<ul>\n<li>lames apr\u00e8s traitement sp\u00e9cifique (\u00e9thyl\u00e8ne-glycol, chauffage) pour la caract\u00e9risation des phases argileuses<\/li>\n\n\n\n<li>portes-\u00e9chantillons classiques pour les grandes quantit\u00e9s de poudres<\/li>\n\n\n\n<li>supports Silicium monocristallins pour les micro-quantit\u00e9s.<\/li>\n<\/ul>\n\n\n\n<hr class=\"wp-block-separator has-css-opacity\"\/>\n\n\n\n<p><strong>Applications en micro-diffractom\u00e9trie :<\/strong><\/p>\n\n\n\n<p><em>G\u00e9om\u00e9trie faisceau parall\u00e8le avec collimateur, platine motoris\u00e9e, cam\u00e9ra de localisation, d\u00e9tecteur utilis\u00e9 en mode 1D ou 2D.<\/em><\/p>\n\n\n<div class=\"wp-block-image\">\n<figure class=\"aligncenter size-full is-resized\"><a href=\"http:\/\/hebergement.universite-paris-saclay.fr\/MineralogieGEOPS\/wp-content\/uploads\/2024\/12\/eva.jpg\"><img decoding=\"async\" loading=\"lazy\" src=\"http:\/\/hebergement.universite-paris-saclay.fr\/MineralogieGEOPS\/wp-content\/uploads\/2024\/12\/eva.jpg\" alt=\"\" class=\"wp-image-274\" width=\"454\" height=\"392\" srcset=\"https:\/\/hebergement.universite-paris-saclay.fr\/MineralogieGEOPS\/wp-content\/uploads\/2024\/12\/eva.jpg 908w, https:\/\/hebergement.universite-paris-saclay.fr\/MineralogieGEOPS\/wp-content\/uploads\/2024\/12\/eva-300x259.jpg 300w, https:\/\/hebergement.universite-paris-saclay.fr\/MineralogieGEOPS\/wp-content\/uploads\/2024\/12\/eva-768x663.jpg 768w\" sizes=\"(max-width: 454px) 100vw, 454px\" \/><\/a><\/figure><\/div>\n\n\n<p>Le d\u00e9tecteur peut \u00eatre plac\u00e9 en positions verticale ou horizontale (ouverture maximale de 30\u00b0 en gamma), permettant ainsi de travailler m\u00eame avec de grandes cristallites orient\u00e9es. La platine motoris\u00e9e coupl\u00e9e \u00e0 la cam\u00e9ra de localisation permet l&rsquo;acquisition de spots, transects ou cartographies d&rsquo;objects pr\u00e9cis\u00e9ment localis\u00e9s dans l&rsquo;\u00e9chantillon.<\/p>\n\n\n\n<hr class=\"wp-block-separator has-css-opacity\"\/>\n\n\n\n<p class=\"justify-text\"><strong>Charte utilisateur : <\/strong><\/p>\n\n\n\n<p>En utilisant cet instrument, l\u2019utilisateur s\u2019engage \u00e0 respecter les principes g\u00e9n\u00e9raux de&nbsp;fair&nbsp;use\/re-use&nbsp;des donn\u00e9es (charte Data&nbsp;Re-use&nbsp;de l\u2019ERIC DARIAH). Concernant la propri\u00e9t\u00e9 intellectuelle des r\u00e9sultats obtenus sur des \u00e9chantillons confi\u00e9s \u00e0 la plateforme par un organisme acad\u00e9mique et n\u2019impliquant pas d\u2019activit\u00e9 inventive de sa part, celle-ci revient \u00e0 cet organisme. Les utilisateurs devront adh\u00e9rer aux termes de la DARIAH, notamment :<\/p>\n\n\n\n<ul class=\"justify-text\">\n<li>Format unique de citation lors de l\u2019utilisation de donn\u00e9es (article, livre ou colloques\/conf\u00e9rences), qui ne pourra \u00eatre r\u00e9alis\u00e9e qu\u2019avec l\u2019accord explicite de tous les participants \u00e0 ces travaux, et devra faire figurer la liste exhaustive des auteurs.&nbsp;<\/li>\n\n\n\n<li>Les donn\u00e9es produites seront mises \u00e0 disposition de la communaut\u00e9 scientifique, si elles n\u2019ont \u00e9t\u00e9 utilis\u00e9es apr\u00e8s 5 ans.<\/li>\n<\/ul>\n\n\n\n<hr class=\"wp-block-separator has-css-opacity\"\/>\n\n\n<div class=\"wp-block-image\">\n<figure class=\"aligncenter size-full\"><a href=\"http:\/\/hebergement.universite-paris-saclay.fr\/MineralogieGEOPS\/wp-content\/uploads\/2024\/12\/map.png\"><img decoding=\"async\" loading=\"lazy\" width=\"340\" height=\"342\" src=\"http:\/\/hebergement.universite-paris-saclay.fr\/MineralogieGEOPS\/wp-content\/uploads\/2024\/12\/map.png\" alt=\"\" class=\"wp-image-276\" srcset=\"https:\/\/hebergement.universite-paris-saclay.fr\/MineralogieGEOPS\/wp-content\/uploads\/2024\/12\/map.png 340w, https:\/\/hebergement.universite-paris-saclay.fr\/MineralogieGEOPS\/wp-content\/uploads\/2024\/12\/map-298x300.png 298w, https:\/\/hebergement.universite-paris-saclay.fr\/MineralogieGEOPS\/wp-content\/uploads\/2024\/12\/map-150x150.png 150w, https:\/\/hebergement.universite-paris-saclay.fr\/MineralogieGEOPS\/wp-content\/uploads\/2024\/12\/map-100x100.png 100w\" sizes=\"(max-width: 340px) 100vw, 340px\" \/><\/a><\/figure><\/div>\n\n\n<p><a href=\"https:\/\/www.pamir.fr\/projets-soutenus\/imix\/\">Cet instrument \u00e0 \u00e9t\u00e9&nbsp;co-financ\u00e9&nbsp;par la R\u00e9gion Ile-de-France dans le cadre du Domaine d\u2019int\u00e9r\u00eat majeur \u00ab Patrimoines naturels \u00bb&nbsp;<\/a><\/p>\n","protected":false},"excerpt":{"rendered":"<p>La plateforme dispose d\u2019un diffractom\u00e8tre D8 &#8211; Advance (Bruker) d\u00e9di\u00e9 \u00e0 l&rsquo;identification de phases dans des \u00e9chantillons polycristallins. Sp\u00e9cificit\u00e9s : Application sur poudres : G\u00e9om\u00e9trie Bragg-Brentano avec couteau anti-diffusion et passeur automatique, d\u00e9tecteur principalement utilis\u00e9 en mode 1D. Cette configuration permets de r\u00e9aliser des identifications de phases et analyses semi-quantitatives pour de grandes s\u00e9ries d&rsquo;\u00e9chantillons, &hellip; <\/p>\n<p class=\"link-more\"><a href=\"https:\/\/hebergement.universite-paris-saclay.fr\/MineralogieGEOPS\/?page_id=161\" class=\"more-link\">Continuer la lecture<span class=\"screen-reader-text\"> de &laquo;&nbsp;Diffractom\u00e9trie de rayons X&nbsp;&raquo;<\/span><\/a><\/p>\n","protected":false},"author":1,"featured_media":0,"parent":0,"menu_order":0,"comment_status":"closed","ping_status":"closed","template":"","meta":[],"_links":{"self":[{"href":"https:\/\/hebergement.universite-paris-saclay.fr\/MineralogieGEOPS\/index.php?rest_route=\/wp\/v2\/pages\/161"}],"collection":[{"href":"https:\/\/hebergement.universite-paris-saclay.fr\/MineralogieGEOPS\/index.php?rest_route=\/wp\/v2\/pages"}],"about":[{"href":"https:\/\/hebergement.universite-paris-saclay.fr\/MineralogieGEOPS\/index.php?rest_route=\/wp\/v2\/types\/page"}],"author":[{"embeddable":true,"href":"https:\/\/hebergement.universite-paris-saclay.fr\/MineralogieGEOPS\/index.php?rest_route=\/wp\/v2\/users\/1"}],"replies":[{"embeddable":true,"href":"https:\/\/hebergement.universite-paris-saclay.fr\/MineralogieGEOPS\/index.php?rest_route=%2Fwp%2Fv2%2Fcomments&post=161"}],"version-history":[{"count":19,"href":"https:\/\/hebergement.universite-paris-saclay.fr\/MineralogieGEOPS\/index.php?rest_route=\/wp\/v2\/pages\/161\/revisions"}],"predecessor-version":[{"id":490,"href":"https:\/\/hebergement.universite-paris-saclay.fr\/MineralogieGEOPS\/index.php?rest_route=\/wp\/v2\/pages\/161\/revisions\/490"}],"wp:attachment":[{"href":"https:\/\/hebergement.universite-paris-saclay.fr\/MineralogieGEOPS\/index.php?rest_route=%2Fwp%2Fv2%2Fmedia&parent=161"}],"curies":[{"name":"wp","href":"https:\/\/api.w.org\/{rel}","templated":true}]}}