{"id":27,"date":"2019-06-11T18:47:25","date_gmt":"2019-06-11T17:47:25","guid":{"rendered":"http:\/\/hebergement.u-psud.fr\/MineralogieGEOPS\/?page_id=27"},"modified":"2024-12-21T02:19:05","modified_gmt":"2024-12-21T01:19:05","slug":"micro-spectroscopie-ftir","status":"publish","type":"page","link":"https:\/\/hebergement.universite-paris-saclay.fr\/MineralogieGEOPS\/?page_id=27","title":{"rendered":"Microspectroscopie FTIR"},"content":{"rendered":"\n<hr class=\"wp-block-separator has-alpha-channel-opacity\"\/>\n\n\n<div class=\"wp-block-image\">\n<figure class=\"aligncenter size-full is-resized\"><a href=\"http:\/\/hebergement.universite-paris-saclay.fr\/MineralogieGEOPS\/wp-content\/uploads\/2024\/12\/ftir.png\"><img decoding=\"async\" loading=\"lazy\" src=\"http:\/\/hebergement.universite-paris-saclay.fr\/MineralogieGEOPS\/wp-content\/uploads\/2024\/12\/ftir.png\" alt=\"\" class=\"wp-image-291\" width=\"455\" height=\"273\" srcset=\"https:\/\/hebergement.universite-paris-saclay.fr\/MineralogieGEOPS\/wp-content\/uploads\/2024\/12\/ftir.png 606w, https:\/\/hebergement.universite-paris-saclay.fr\/MineralogieGEOPS\/wp-content\/uploads\/2024\/12\/ftir-300x180.png 300w\" sizes=\"(max-width: 455px) 100vw, 455px\" \/><\/a><\/figure><\/div>\n\n\n<p><strong>Principe de l\u2019analyse&nbsp;:<\/strong><\/p>\n\n\n\n<p class=\"justify-text\">La microspectroscopie FT-IR permet de d\u00e9terminer la composition d\u2019un \u00e9chantillon, en phase solide, liquide ou gazeuse, de fa\u00e7on non-invasive.<\/p>\n\n\n\n<p class=\"justify-text\">Cette technique est bas\u00e9e sur l\u2019identification des fr\u00e9quences de vibration des liaisons chimiques. Dans les mol\u00e9cules, les diff\u00e9rentes liaisons vibrent en effet \u00e0 des fr\u00e9quences sp\u00e9cifiques, qui sont fonction des atomes composants les liaisons, et de leurs environnements proches.<\/p>\n\n\n\n<p class=\"justify-text\">Chaque liaison poss\u00e8de plusieurs modes vibratoires (\u00e9tirement sym\u00e9trique, antisym\u00e9trique, cisaillement, agitation, etc.)&nbsp;: \u00e0 des fr\u00e9quences donn\u00e9es, la liaison va donc rentrer en r\u00e9sonnance, absorbant alors une grande partie de l\u2019\u00e9nergie apport\u00e9e par le faisceau infrarouge.<\/p>\n\n\n\n<p class=\"justify-text\">Chaque pic du spectre d\u2019absorption obtenu en FTIR est donc caract\u00e9ristique d\u2019un mode vibratoire d\u2019un certain type de liaison. Les assemblages mol\u00e9culaires simples ou m\u00eame complexes peuvent ainsi \u00eatre identifi\u00e9s \u00e0 partir de leurs signatures spectrales. Dans certains cas, une information structurale peut m\u00eame \u00eatre donn\u00e9e.<\/p>\n\n\n\n<p class=\"justify-text\">La plateforme dispose d\u2019un Spectrom\u00e8tre Frontier, coupl\u00e9 \u00e0 un Imageur Spotlight 400 (Perkin-Elmer).<\/p>\n\n\n\n<h6 class=\"wp-block-heading\">Imageur Spotlight 400 :<\/h6>\n\n\n\n<p class=\"justify-text\">Ce microscope est \u00e9quip\u00e9 d\u2019un d\u00e9tecteur MCT multi pixel en mode imagerie (gamme spectacle : 4000 \u00e0 700 cm-1) et d\u2019un d\u00e9tecteur MCT mono pixel en mode ponctuel&nbsp;(gamme spectacle : 4000 \u00e0 550 cm-1). Il permet de r\u00e9aliser, de fa\u00e7on tr\u00e8s rapide et non-invasive, des cartographies hyperspectrales r\u00e9solues sur \u00e9chantillons solides.<\/p>\n\n\n<div class=\"wp-block-image\">\n<figure class=\"aligncenter size-full\"><img decoding=\"async\" loading=\"lazy\" width=\"468\" height=\"368\" src=\"http:\/\/hebergement.universite-paris-saclay.fr\/MineralogieGEOPS\/wp-content\/uploads\/2024\/12\/ft.jpg\" alt=\"\" class=\"wp-image-292\" srcset=\"https:\/\/hebergement.universite-paris-saclay.fr\/MineralogieGEOPS\/wp-content\/uploads\/2024\/12\/ft.jpg 468w, https:\/\/hebergement.universite-paris-saclay.fr\/MineralogieGEOPS\/wp-content\/uploads\/2024\/12\/ft-300x236.jpg 300w\" sizes=\"(max-width: 468px) 100vw, 468px\" \/><figcaption class=\"wp-element-caption\">Cartographie hyperspectrale d&rsquo;une concr\u00e9tion pr\u00e9sentant plusieurs phases carbonat\u00e9es (vert : calcite ; bleu : calcite magn\u00e9sienne ; rouge : magn\u00e9site) <\/figcaption><\/figure><\/div>\n\n\n<p>Plusieurs accessoires sont disponibles :<\/p>\n\n\n\n<ul>\n<li>Mode transmission : r\u00e9solution 6,25 \u00b5m, \u00e9chantillons fins (10-15 \u00b5m)<\/li>\n\n\n\n<li>Mode r\u00e9flexion : r\u00e9solution 6,25 \u00b5m, surfaces polies<\/li>\n\n\n\n<li>Mode ATR imaging (Germanium) : r\u00e9solution 1,56 \u00b5m, champ maximal 500\u00d7500 \u00b5m<\/li>\n<\/ul>\n\n\n\n<h6 class=\"wp-block-heading\">Spectrom\u00e8tre Frontier :<\/h6>\n\n\n\n<p>Plusieurs accessoires sont disponibles pour l\u2019analyse sur poudres :<\/p>\n\n\n\n<ul>\n<li>Module transmission pour pastilles K\/Br<\/li>\n\n\n\n<li>Module DRIFT (r\u00e9flexion diffuse)<\/li>\n\n\n\n<li>Module ATR diamant.<\/li>\n<\/ul>\n\n\n\n<p class=\"justify-text\">Le module ATR, notamment, permet de travailler de fa\u00e7on non destructive sur de faibles quantit\u00e9s, sans pr\u00e9paration sp\u00e9cifique. Il est tr\u00e8s adapt\u00e9e au passage de s\u00e9ries d\u2019\u00e9chantillons importantes<\/p>\n\n\n<div class=\"wp-block-image\">\n<figure class=\"aligncenter size-full is-resized\"><a href=\"http:\/\/hebergement.universite-paris-saclay.fr\/MineralogieGEOPS\/wp-content\/uploads\/2024\/12\/atr.png\"><img decoding=\"async\" loading=\"lazy\" src=\"http:\/\/hebergement.universite-paris-saclay.fr\/MineralogieGEOPS\/wp-content\/uploads\/2024\/12\/atr.png\" alt=\"\" class=\"wp-image-293\" width=\"521\" height=\"395\" srcset=\"https:\/\/hebergement.universite-paris-saclay.fr\/MineralogieGEOPS\/wp-content\/uploads\/2024\/12\/atr.png 695w, https:\/\/hebergement.universite-paris-saclay.fr\/MineralogieGEOPS\/wp-content\/uploads\/2024\/12\/atr-300x227.png 300w\" sizes=\"(max-width: 521px) 100vw, 521px\" \/><\/a><figcaption class=\"wp-element-caption\">Module ATR (Diamant) pour l&rsquo;analyse de poudres.<\/figcaption><\/figure><\/div>\n\n\n<hr class=\"wp-block-separator has-css-opacity\"\/>\n\n\n\n<p><strong>Charte utilisateur : <\/strong><\/p>\n\n\n\n<p class=\"justify-text\">En utilisant cet instrument, l\u2019utilisateur s\u2019engage \u00e0 respecter les principes g\u00e9n\u00e9raux de&nbsp;fair&nbsp;use\/re-use&nbsp;des donn\u00e9es (charte Data&nbsp;Re-use&nbsp;de l\u2019ERIC DARIAH). Concernant la propri\u00e9t\u00e9 intellectuelle des r\u00e9sultats obtenus sur des \u00e9chantillons confi\u00e9s \u00e0 la plateforme par un organisme acad\u00e9mique et n\u2019impliquant pas d\u2019activit\u00e9 inventive de sa part, celle-ci revient \u00e0 cet organisme. Les utilisateurs devront adh\u00e9rer aux termes de la DARIAH, notamment :<\/p>\n\n\n\n<ul class=\"justify-text\">\n<li>Format unique de citation lors de l\u2019utilisation de donn\u00e9es (article, livre ou colloques\/conf\u00e9rences), qui ne pourra \u00eatre r\u00e9alis\u00e9e qu\u2019avec l\u2019accord explicite de tous les participants \u00e0 ces travaux, et devra faire figurer la liste exhaustive des auteurs.&nbsp;<\/li>\n\n\n\n<li>Les donn\u00e9es produites seront mises \u00e0 disposition de la communaut\u00e9 scientifique, si elles n\u2019ont \u00e9t\u00e9 utilis\u00e9es apr\u00e8s 5 ans.<\/li>\n<\/ul>\n\n\n\n<hr class=\"wp-block-separator has-css-opacity\"\/>\n\n\n<div class=\"wp-block-image\">\n<figure class=\"aligncenter size-full\"><a href=\"http:\/\/hebergement.universite-paris-saclay.fr\/MineralogieGEOPS\/wp-content\/uploads\/2024\/12\/map.png\"><img decoding=\"async\" loading=\"lazy\" width=\"340\" height=\"342\" src=\"http:\/\/hebergement.universite-paris-saclay.fr\/MineralogieGEOPS\/wp-content\/uploads\/2024\/12\/map.png\" alt=\"\" class=\"wp-image-276\" srcset=\"https:\/\/hebergement.universite-paris-saclay.fr\/MineralogieGEOPS\/wp-content\/uploads\/2024\/12\/map.png 340w, https:\/\/hebergement.universite-paris-saclay.fr\/MineralogieGEOPS\/wp-content\/uploads\/2024\/12\/map-298x300.png 298w, https:\/\/hebergement.universite-paris-saclay.fr\/MineralogieGEOPS\/wp-content\/uploads\/2024\/12\/map-150x150.png 150w, https:\/\/hebergement.universite-paris-saclay.fr\/MineralogieGEOPS\/wp-content\/uploads\/2024\/12\/map-100x100.png 100w\" sizes=\"(max-width: 340px) 100vw, 340px\" \/><\/a><\/figure><\/div>\n\n\n<p class=\"has-text-align-center has-small-font-size\"><a href=\"https:\/\/www.dim-map.fr\/projets-soutenus\/pan-ir\/\">Cet instrument \u00e0 \u00e9t\u00e9&nbsp;co-financ\u00e9&nbsp;par la R\u00e9gion Ile-de-France dans le cadre du Domaine d\u2019int\u00e9r\u00eat majeur \u00ab Mat\u00e9riaux anciens et patrimoniaux \u00bb&nbsp;<\/a><\/p>\n","protected":false},"excerpt":{"rendered":"<p>Principe de l\u2019analyse&nbsp;: La microspectroscopie FT-IR permet de d\u00e9terminer la composition d\u2019un \u00e9chantillon, en phase solide, liquide ou gazeuse, de fa\u00e7on non-invasive. Cette technique est bas\u00e9e sur l\u2019identification des fr\u00e9quences de vibration des liaisons chimiques. Dans les mol\u00e9cules, les diff\u00e9rentes liaisons vibrent en effet \u00e0 des fr\u00e9quences sp\u00e9cifiques, qui sont fonction des atomes composants les &hellip; <\/p>\n<p class=\"link-more\"><a href=\"https:\/\/hebergement.universite-paris-saclay.fr\/MineralogieGEOPS\/?page_id=27\" class=\"more-link\">Continuer la lecture<span class=\"screen-reader-text\"> de &laquo;&nbsp;Microspectroscopie FTIR&nbsp;&raquo;<\/span><\/a><\/p>\n","protected":false},"author":1,"featured_media":0,"parent":0,"menu_order":0,"comment_status":"closed","ping_status":"closed","template":"","meta":[],"_links":{"self":[{"href":"https:\/\/hebergement.universite-paris-saclay.fr\/MineralogieGEOPS\/index.php?rest_route=\/wp\/v2\/pages\/27"}],"collection":[{"href":"https:\/\/hebergement.universite-paris-saclay.fr\/MineralogieGEOPS\/index.php?rest_route=\/wp\/v2\/pages"}],"about":[{"href":"https:\/\/hebergement.universite-paris-saclay.fr\/MineralogieGEOPS\/index.php?rest_route=\/wp\/v2\/types\/page"}],"author":[{"embeddable":true,"href":"https:\/\/hebergement.universite-paris-saclay.fr\/MineralogieGEOPS\/index.php?rest_route=\/wp\/v2\/users\/1"}],"replies":[{"embeddable":true,"href":"https:\/\/hebergement.universite-paris-saclay.fr\/MineralogieGEOPS\/index.php?rest_route=%2Fwp%2Fv2%2Fcomments&post=27"}],"version-history":[{"count":24,"href":"https:\/\/hebergement.universite-paris-saclay.fr\/MineralogieGEOPS\/index.php?rest_route=\/wp\/v2\/pages\/27\/revisions"}],"predecessor-version":[{"id":498,"href":"https:\/\/hebergement.universite-paris-saclay.fr\/MineralogieGEOPS\/index.php?rest_route=\/wp\/v2\/pages\/27\/revisions\/498"}],"wp:attachment":[{"href":"https:\/\/hebergement.universite-paris-saclay.fr\/MineralogieGEOPS\/index.php?rest_route=%2Fwp%2Fv2%2Fmedia&parent=27"}],"curies":[{"name":"wp","href":"https:\/\/api.w.org\/{rel}","templated":true}]}}