{"id":43,"date":"2019-06-11T18:54:29","date_gmt":"2019-06-11T17:54:29","guid":{"rendered":"http:\/\/hebergement.u-psud.fr\/MineralogieGEOPS\/?page_id=43"},"modified":"2024-12-23T00:06:11","modified_gmt":"2024-12-22T23:06:11","slug":"reservations","status":"publish","type":"page","link":"https:\/\/hebergement.universite-paris-saclay.fr\/MineralogieGEOPS\/?page_id=43","title":{"rendered":"R\u00e9servations"},"content":{"rendered":"\n<ul class=\"justify-text\">\n<li>Merci de passer par le&nbsp;<a href=\"https:\/\/hebergement.universite-paris-saclay.fr\/MineralogieGEOPS\/calendar\/Web\/\">planning de r\u00e9servation<\/a>&nbsp;pour l\u2019utilisation des instruments :<\/li>\n<\/ul>\n\n\n\n<figure class=\"wp-block-image size-large is-resized\"><a href=\"https:\/\/hebergement.universite-paris-saclay.fr\/MineralogieGEOPS\/calendar\/Web\/\"><img decoding=\"async\" loading=\"lazy\" src=\"http:\/\/hebergement.universite-paris-saclay.fr\/MineralogieGEOPS\/wp-content\/uploads\/2024\/12\/Capture-decran-2024-12-22-a-17.05.08-1024x539.png\" alt=\"\" class=\"wp-image-535\" width=\"512\" height=\"270\" srcset=\"https:\/\/hebergement.universite-paris-saclay.fr\/MineralogieGEOPS\/wp-content\/uploads\/2024\/12\/Capture-decran-2024-12-22-a-17.05.08-1024x539.png 1024w, https:\/\/hebergement.universite-paris-saclay.fr\/MineralogieGEOPS\/wp-content\/uploads\/2024\/12\/Capture-decran-2024-12-22-a-17.05.08-300x158.png 300w, https:\/\/hebergement.universite-paris-saclay.fr\/MineralogieGEOPS\/wp-content\/uploads\/2024\/12\/Capture-decran-2024-12-22-a-17.05.08-768x404.png 768w, https:\/\/hebergement.universite-paris-saclay.fr\/MineralogieGEOPS\/wp-content\/uploads\/2024\/12\/Capture-decran-2024-12-22-a-17.05.08-1536x808.png 1536w, https:\/\/hebergement.universite-paris-saclay.fr\/MineralogieGEOPS\/wp-content\/uploads\/2024\/12\/Capture-decran-2024-12-22-a-17.05.08-2048x1077.png 2048w\" sizes=\"(max-width: 512px) 100vw, 512px\" \/><\/a><\/figure>\n\n\n\n<hr class=\"wp-block-separator has-css-opacity\"\/>\n\n\n\n<ul class=\"justify-text\">\n<li>Afin de rationaliser l\u2019utilisation des laboratoires de pr\u00e9paration et les analyses \u00e0 r\u00e9aliser, un&nbsp;<a href=\"https:\/\/docs.google.com\/spreadsheets\/d\/1r1BrxaxuCRGn2B1W1YPpMZI5mMU5aAhW838v1ArN1qA\/edit#gid=0\">planning pr\u00e9visionnel<\/a>&nbsp;est aussi mis \u00e0 disposition :<\/li>\n<\/ul>\n\n\n\n<figure class=\"wp-block-image size-large is-resized\"><a href=\"https:\/\/docs.google.com\/spreadsheets\/d\/1r1BrxaxuCRGn2B1W1YPpMZI5mMU5aAhW838v1ArN1qA\/edit#gid=0\"><img decoding=\"async\" loading=\"lazy\" src=\"http:\/\/hebergement.universite-paris-saclay.fr\/MineralogieGEOPS\/wp-content\/uploads\/2024\/12\/Capture-decran-2019-06-08-a-13.26.08-1024x388.jpg\" alt=\"\" class=\"wp-image-305\" width=\"512\" height=\"194\" srcset=\"https:\/\/hebergement.universite-paris-saclay.fr\/MineralogieGEOPS\/wp-content\/uploads\/2024\/12\/Capture-decran-2019-06-08-a-13.26.08-1024x388.jpg 1024w, https:\/\/hebergement.universite-paris-saclay.fr\/MineralogieGEOPS\/wp-content\/uploads\/2024\/12\/Capture-decran-2019-06-08-a-13.26.08-300x114.jpg 300w, https:\/\/hebergement.universite-paris-saclay.fr\/MineralogieGEOPS\/wp-content\/uploads\/2024\/12\/Capture-decran-2019-06-08-a-13.26.08-768x291.jpg 768w, https:\/\/hebergement.universite-paris-saclay.fr\/MineralogieGEOPS\/wp-content\/uploads\/2024\/12\/Capture-decran-2019-06-08-a-13.26.08.jpg 1403w\" sizes=\"(max-width: 512px) 100vw, 512px\" \/><\/a><\/figure>\n","protected":false},"excerpt":{"rendered":"","protected":false},"author":1,"featured_media":0,"parent":0,"menu_order":0,"comment_status":"closed","ping_status":"closed","template":"","meta":[],"_links":{"self":[{"href":"https:\/\/hebergement.universite-paris-saclay.fr\/MineralogieGEOPS\/index.php?rest_route=\/wp\/v2\/pages\/43"}],"collection":[{"href":"https:\/\/hebergement.universite-paris-saclay.fr\/MineralogieGEOPS\/index.php?rest_route=\/wp\/v2\/pages"}],"about":[{"href":"https:\/\/hebergement.universite-paris-saclay.fr\/MineralogieGEOPS\/index.php?rest_route=\/wp\/v2\/types\/page"}],"author":[{"embeddable":true,"href":"https:\/\/hebergement.universite-paris-saclay.fr\/MineralogieGEOPS\/index.php?rest_route=\/wp\/v2\/users\/1"}],"replies":[{"embeddable":true,"href":"https:\/\/hebergement.universite-paris-saclay.fr\/MineralogieGEOPS\/index.php?rest_route=%2Fwp%2Fv2%2Fcomments&post=43"}],"version-history":[{"count":8,"href":"https:\/\/hebergement.universite-paris-saclay.fr\/MineralogieGEOPS\/index.php?rest_route=\/wp\/v2\/pages\/43\/revisions"}],"predecessor-version":[{"id":537,"href":"https:\/\/hebergement.universite-paris-saclay.fr\/MineralogieGEOPS\/index.php?rest_route=\/wp\/v2\/pages\/43\/revisions\/537"}],"wp:attachment":[{"href":"https:\/\/hebergement.universite-paris-saclay.fr\/MineralogieGEOPS\/index.php?rest_route=%2Fwp%2Fv2%2Fmedia&parent=43"}],"curies":[{"name":"wp","href":"https:\/\/api.w.org\/{rel}","templated":true}]}}