{"id":291,"date":"2022-02-10T14:38:17","date_gmt":"2022-02-10T13:38:17","guid":{"rendered":"http:\/\/hebergement.universite-paris-saclay.fr\/UHDE\/?page_id=291"},"modified":"2022-02-10T14:38:17","modified_gmt":"2022-02-10T13:38:17","slug":"conseil-dadministration-annee-2021","status":"publish","type":"page","link":"https:\/\/hebergement.universite-paris-saclay.fr\/UHDE\/index.php\/conseil-dadministration-annee-2021\/","title":{"rendered":"Conseil d&rsquo;Administration (ann\u00e9e 2021)"},"content":{"rendered":"\n<p>\u2022 CA du 8 Janvier<br>&#8211; <a href=\"http:\/\/hebergement.universite-paris-saclay.fr\/UHDE\/wp-content\/uploads\/2021\/01\/CR_CA080121.pdf\">Infos des \u00e9lus<\/a><br>&#8211; <a href=\"http:\/\/hebergement.universite-paris-saclay.fr\/UHDE\/wp-content\/uploads\/2021\/01\/PRES_CA_21_01_08.pdf\">Diapos<\/a> pr\u00e9sent\u00e9es en s\u00e9ance<br>&#8211; <a href=\"http:\/\/hebergement.universite-paris-saclay.fr\/UHDE\/wp-content\/uploads\/2021\/01\/I-2_PAPUPS.pdf\">Projet Annuel de Performance<\/a><\/p>\n\n\n\n<p>\u2022 CA du 9 F\u00e9vrier<br>&#8211; <a href=\"http:\/\/hebergement.universite-paris-saclay.fr\/UHDE\/wp-content\/uploads\/2021\/01\/III-2_SPSI.pdf\">Pr\u00e9sentation du Sch\u00e9ma Pluriannuel de la Strat\u00e9gie Immobili\u00e8re<\/a><br>&#8211;<a href=\"http:\/\/hebergement.universite-paris-saclay.fr\/UHDE\/wp-content\/uploads\/2021\/01\/III-2_2019-12-18_SPSI_UniversitC\u0327-PSud-COMUE-PS_V5.pdf\">Document du Sch\u00e9ma Pluriannuel de la Strat\u00e9gie Immobili\u00e8re<\/a> (117 pages!)<br>&#8211;<a href=\"http:\/\/hebergement.universite-paris-saclay.fr\/UHDE\/wp-content\/uploads\/2021\/01\/III-2_Note-SPSI.pdf\">R\u00e9sum\u00e9 du Sch\u00e9ma Pluriannuel de la Strat\u00e9gie Immobili\u00e8re<\/a> (2 pages&#8230;)<br>&#8211;<a rel=\"noreferrer noopener\" href=\"http:\/\/hebergement.universite-paris-saclay.fr\/UHDE\/wp-content\/uploads\/2021\/02\/CR_CA09022021.pdf\" target=\"_blank\">Notes des \u00e9lus<\/a><\/p>\n\n\n\n<p>\u2022 CA du 16 Mars<br>&#8211; <a rel=\"noreferrer noopener\" href=\"http:\/\/hebergement.universite-paris-saclay.fr\/UHDE\/wp-content\/uploads\/2021\/03\/OdJ_CA_20210316.pdf\" target=\"_blank\">Ordre du jour<\/a><br>&#8211; <a rel=\"noreferrer noopener\" href=\"http:\/\/hebergement.universite-paris-saclay.fr\/UHDE\/wp-content\/uploads\/2021\/03\/CR_CA_20210316.pdf\" target=\"_blank\">Notes des \u00e9lus<\/a><\/p>\n\n\n\n<p>\u2022 CA du 18 Mai<br>&#8211; <a rel=\"noreferrer noopener\" href=\"http:\/\/hebergement.universite-paris-saclay.fr\/UHDE\/wp-content\/uploads\/2021\/05\/CA-du-18-mai-21_ProjetOdJ_V5.pdf\" target=\"_blank\">Ordre du jour<\/a><br>&#8211; <a href=\"http:\/\/hebergement.universite-paris-saclay.fr\/UHDE\/wp-content\/uploads\/2021\/05\/CR_CA_20210518.pdf\">Notes des \u00e9lus<\/a><\/p>\n\n\n\n<p>\u2022 CA du 14 D\u00e9cembre<br>&#8211; <a href=\"http:\/\/hebergement.universite-paris-saclay.fr\/UHDE\/wp-content\/uploads\/2021\/12\/ODJ-CA-14-12-2021.pdf\" target=\"_blank\" rel=\"noreferrer noopener\">Ordre du jour<\/a><br><br><br><\/p>\n","protected":false},"excerpt":{"rendered":"<p>\u2022 CA du 8 Janvier&#8211; Infos des \u00e9lus&#8211; Diapos pr\u00e9sent\u00e9es en s\u00e9ance&#8211; Projet Annuel de Performance \u2022 CA du 9 F\u00e9vrier&#8211; Pr\u00e9sentation du Sch\u00e9ma Pluriannuel de la Strat\u00e9gie Immobili\u00e8re&#8211;Document du Sch\u00e9ma Pluriannuel de la Strat\u00e9gie Immobili\u00e8re (117 pages!)&#8211;R\u00e9sum\u00e9 du Sch\u00e9ma Pluriannuel de la Strat\u00e9gie Immobili\u00e8re (2 pages&#8230;)&#8211;Notes des \u00e9lus \u2022 CA du 16 Mars&#8211; Ordre &hellip; <\/p>\n<p class=\"link-more\"><a href=\"https:\/\/hebergement.universite-paris-saclay.fr\/UHDE\/index.php\/conseil-dadministration-annee-2021\/\" class=\"more-link\">Continuer la lecture<span class=\"screen-reader-text\"> de &laquo;&nbsp;Conseil d&rsquo;Administration (ann\u00e9e 2021)&nbsp;&raquo;<\/span><\/a><\/p>\n","protected":false},"author":1,"featured_media":0,"parent":0,"menu_order":0,"comment_status":"closed","ping_status":"closed","template":"","meta":{"footnotes":""},"class_list":["post-291","page","type-page","status-publish","hentry"],"_links":{"self":[{"href":"https:\/\/hebergement.universite-paris-saclay.fr\/UHDE\/index.php\/wp-json\/wp\/v2\/pages\/291","targetHints":{"allow":["GET"]}}],"collection":[{"href":"https:\/\/hebergement.universite-paris-saclay.fr\/UHDE\/index.php\/wp-json\/wp\/v2\/pages"}],"about":[{"href":"https:\/\/hebergement.universite-paris-saclay.fr\/UHDE\/index.php\/wp-json\/wp\/v2\/types\/page"}],"author":[{"embeddable":true,"href":"https:\/\/hebergement.universite-paris-saclay.fr\/UHDE\/index.php\/wp-json\/wp\/v2\/users\/1"}],"replies":[{"embeddable":true,"href":"https:\/\/hebergement.universite-paris-saclay.fr\/UHDE\/index.php\/wp-json\/wp\/v2\/comments?post=291"}],"version-history":[{"count":1,"href":"https:\/\/hebergement.universite-paris-saclay.fr\/UHDE\/index.php\/wp-json\/wp\/v2\/pages\/291\/revisions"}],"predecessor-version":[{"id":292,"href":"https:\/\/hebergement.universite-paris-saclay.fr\/UHDE\/index.php\/wp-json\/wp\/v2\/pages\/291\/revisions\/292"}],"wp:attachment":[{"href":"https:\/\/hebergement.universite-paris-saclay.fr\/UHDE\/index.php\/wp-json\/wp\/v2\/media?parent=291"}],"curies":[{"name":"wp","href":"https:\/\/api.w.org\/{rel}","templated":true}]}}