{"id":370,"date":"2023-01-17T16:38:28","date_gmt":"2023-01-17T15:38:28","guid":{"rendered":"http:\/\/hebergement.universite-paris-saclay.fr\/UHDE\/?page_id=370"},"modified":"2023-06-19T17:29:50","modified_gmt":"2023-06-19T15:29:50","slug":"commission-de-la-recherche-3","status":"publish","type":"page","link":"https:\/\/hebergement.universite-paris-saclay.fr\/UHDE\/index.php\/commission-de-la-recherche-3\/","title":{"rendered":"Commission de la Recherche"},"content":{"rendered":"\n<p> \u2022 CAC du 23 Janvier 2023<br>&#8211; <a href=\"http:\/\/hebergement.universite-paris-saclay.fr\/UHDE\/wp-content\/uploads\/2023\/01\/CAC_Convocation-du-23-janvier-2023_VF.pdf\">Ordre du jour<\/a><br>&#8211; <a href=\"http:\/\/hebergement.universite-paris-saclay.fr\/UHDE\/wp-content\/uploads\/2023\/01\/CAC_23_01_2022.pdf\">Notes<\/a> des \u00e9lus<\/p>\n\n\n\n<p>\u2022 CAC du 6 Mars 2023<br>&#8211; <a href=\"http:\/\/hebergement.universite-paris-saclay.fr\/UHDE\/wp-content\/uploads\/2023\/03\/009_CAC_Convocation-du-6-mars-2023_V2.pdf\">Ordre du jour<\/a><br>&#8211; <a href=\"http:\/\/hebergement.universite-paris-saclay.fr\/UHDE\/wp-content\/uploads\/2023\/03\/Motions_retraites.pdf\">Motions vot\u00e9es contre la r\u00e9forme des retraites<\/a><br>&#8211; <a href=\"http:\/\/hebergement.universite-paris-saclay.fr\/UHDE\/wp-content\/uploads\/2023\/03\/CAC_Univ_Saclay_23_03_06.pdf\">Diaporama montr\u00e9 en s\u00e9ance<\/a><br>&#8211; <a href=\"http:\/\/hebergement.universite-paris-saclay.fr\/UHDE\/wp-content\/uploads\/2023\/03\/CR_CAC_06_03_2023_final.pdf\">Notes des \u00e9lus<\/a><\/p>\n\n\n\n<p><\/p>\n\n\n\n<p>\u2022 CAC du 3 Avril 2023<br>&#8211; <a href=\"http:\/\/hebergement.universite-paris-saclay.fr\/UHDE\/wp-content\/uploads\/2023\/03\/OdJ_CAC_030423.pdf\">Ordre du jour<\/a><\/p>\n\n\n\n<p>\u2022 CAC du 29 Juin 2023<br>&#8211; <a href=\"http:\/\/hebergement.universite-paris-saclay.fr\/UHDE\/wp-content\/uploads\/2023\/06\/CAC_290623OdJ_Votes.pdf\">Ordre du jour<\/a> (points mis au vote)<\/p>\n","protected":false},"excerpt":{"rendered":"<p>\u2022 CAC du 23 Janvier 2023&#8211; Ordre du jour&#8211; Notes des \u00e9lus \u2022 CAC du 6 Mars 2023&#8211; Ordre du jour&#8211; Motions vot\u00e9es contre la r\u00e9forme des retraites&#8211; Diaporama montr\u00e9 en s\u00e9ance&#8211; Notes des \u00e9lus \u2022 CAC du 3 Avril 2023&#8211; Ordre du jour \u2022 CAC du 29 Juin 2023&#8211; Ordre du jour (points mis &hellip; <\/p>\n<p class=\"link-more\"><a href=\"https:\/\/hebergement.universite-paris-saclay.fr\/UHDE\/index.php\/commission-de-la-recherche-3\/\" class=\"more-link\">Continuer la lecture<span class=\"screen-reader-text\"> de &laquo;&nbsp;Commission de la Recherche&nbsp;&raquo;<\/span><\/a><\/p>\n","protected":false},"author":1,"featured_media":0,"parent":0,"menu_order":0,"comment_status":"closed","ping_status":"closed","template":"","meta":{"footnotes":""},"class_list":["post-370","page","type-page","status-publish","hentry"],"_links":{"self":[{"href":"https:\/\/hebergement.universite-paris-saclay.fr\/UHDE\/index.php\/wp-json\/wp\/v2\/pages\/370","targetHints":{"allow":["GET"]}}],"collection":[{"href":"https:\/\/hebergement.universite-paris-saclay.fr\/UHDE\/index.php\/wp-json\/wp\/v2\/pages"}],"about":[{"href":"https:\/\/hebergement.universite-paris-saclay.fr\/UHDE\/index.php\/wp-json\/wp\/v2\/types\/page"}],"author":[{"embeddable":true,"href":"https:\/\/hebergement.universite-paris-saclay.fr\/UHDE\/index.php\/wp-json\/wp\/v2\/users\/1"}],"replies":[{"embeddable":true,"href":"https:\/\/hebergement.universite-paris-saclay.fr\/UHDE\/index.php\/wp-json\/wp\/v2\/comments?post=370"}],"version-history":[{"count":10,"href":"https:\/\/hebergement.universite-paris-saclay.fr\/UHDE\/index.php\/wp-json\/wp\/v2\/pages\/370\/revisions"}],"predecessor-version":[{"id":435,"href":"https:\/\/hebergement.universite-paris-saclay.fr\/UHDE\/index.php\/wp-json\/wp\/v2\/pages\/370\/revisions\/435"}],"wp:attachment":[{"href":"https:\/\/hebergement.universite-paris-saclay.fr\/UHDE\/index.php\/wp-json\/wp\/v2\/media?parent=370"}],"curies":[{"name":"wp","href":"https:\/\/api.w.org\/{rel}","templated":true}]}}