{"id":369,"date":"2023-10-07T11:37:44","date_gmt":"2023-10-07T10:37:44","guid":{"rendered":"http:\/\/hebergement.universite-paris-saclay.fr\/biomis_d\/?page_id=369"},"modified":"2025-02-12T09:04:02","modified_gmt":"2025-02-12T08:04:02","slug":"melanie-pietri","status":"publish","type":"page","link":"https:\/\/hebergement.universite-paris-saclay.fr\/biomis_d\/?page_id=369","title":{"rendered":"M\u00e9lanie Pietri"},"content":{"rendered":"\n<div class=\"wp-block-image\"><figure class=\"aligncenter size-large is-resized\"><img loading=\"lazy\" src=\"https:\/\/hebergement.universite-paris-saclay.fr\/biomis_d\/wp-content\/uploads\/2023\/10\/Melanie_Pietri.jpg\" alt=\"\" class=\"wp-image-379\" width=\"289\" height=\"289\" srcset=\"https:\/\/hebergement.universite-paris-saclay.fr\/biomis_d\/wp-content\/uploads\/2023\/10\/Melanie_Pietri.jpg 750w, https:\/\/hebergement.universite-paris-saclay.fr\/biomis_d\/wp-content\/uploads\/2023\/10\/Melanie_Pietri-300x300.jpg 300w, https:\/\/hebergement.universite-paris-saclay.fr\/biomis_d\/wp-content\/uploads\/2023\/10\/Melanie_Pietri-150x150.jpg 150w\" sizes=\"(max-width: 289px) 100vw, 289px\" \/><\/figure><\/div>\n\n\n\n<p>Ph.D student (2023 &#8211; 2026)<\/p>\n\n\n\n<p><strong>Laboratories: <\/strong>Lumi\u00e8re, Mati\u00e8re et Interfaces (LuMIn) &amp; Laboratoire des M\u00e9thodes Formelles (LMF) at ENS Paris-Saclay (Room 3&#215;26)<\/p>\n\n\n\n<p><strong>Topic: <\/strong>Multi-scale predictive modelling of microalgae behavior in co-culture with bacteria &#8211; from microfluidic systems to photobioreactor<\/p>\n\n\n\n<p><strong>Doctoral school: <\/strong>Electrical, Optical, Bio-physics and engineering<\/p>\n\n\n\n<p><strong>Contact: <\/strong><\/p>\n\n\n\n<ul><li>Email: <a href=\"mailto:melanie.pietri@ens-paris-saclay.fr\">melanie.pietri@ens-paris-saclay.fr<\/a><\/li><li>LinkdIn: <a href=\"https:\/\/www.linkedin.com\/in\/m\u00e9lanie-pietri-608431152\/\">https:\/\/www.linkedin.com\/in\/m\u00e9lanie-pietri-608431152\/<\/a><\/li><\/ul>\n\n\n\n<p><strong>Main research theme<\/strong><\/p>\n\n\n\n<p>Applied mathematics and signal processing to biological data in the field of bioenergy and biomedical engineering. <\/p>\n\n\n\n<p><em>Some projects: <\/em><\/p>\n\n\n\n<div class=\"wp-block-file\"><a href=\"https:\/\/hebergement.universite-paris-saclay.fr\/biomis_d\/wp-content\/uploads\/2024\/04\/MT180_finale_Melanie.mp4\">MT180 Finale Universit\u00e9 Paris-Saclay<\/a><a href=\"https:\/\/hebergement.universite-paris-saclay.fr\/biomis_d\/wp-content\/uploads\/2024\/04\/MT180_finale_Melanie.mp4\" class=\"wp-block-file__button\" download>T\u00e9l\u00e9charger<\/a><\/div>\n\n\n\n<ul><li>Wolf, J., Chapman, R., Deepika, C., Pietri, M., Bensalem, S., Hankamer, B. (2024). High-Throughput Screening to Accelerate Microalgae-Based Phycochemical&nbsp;Production. In: Abomohra, A., Ende, S. (eds) Value-added Products from Algae. Springer, Cham. <a href=\"https:\/\/doi.org\/10.1007\/978-3-031-42026-9_10\">https:\/\/doi.org\/10.1007\/978-3-031-42026-9_10<\/a><\/li><\/ul>\n\n\n\n<ul><li>Study of the sensitivity of microalgae to electroporation &#8211; Audience reward at Multidisciplinary Junior Congress 2023 organised by Graduate School MRES in University Paris-Saclay: <a href=\"https:\/\/www.youtube.com\/watch?v=Uv0WJGiwXo8\">https:\/\/www.youtube.com\/watch?v=Uv0WJGiwXo8<\/a>  <\/li><\/ul>\n\n\n\n<ul><li>Cell tracking by image processing and machine learning &#8211; 20\/06\/2022 (educational paper): <a href=\"https:\/\/eduscol.education.fr\/sti\/si-ens-paris-saclay\/ressources_pedagogiques\/suivi-cellulaire-par-traitement-dimages-et-apprentissage#description\">https:\/\/eduscol.education.fr\/sti\/si-ens-paris-saclay\/ressources_pedagogiques\/suivi-cellulaire-par-traitement-dimages-et-apprentissage#description<\/a> <\/li><\/ul>\n\n\n\n<p><strong>Posters <\/strong><\/p>\n\n\n\n<ul><li>SPT &#8211; CRN 2024 &#8211; An SPT workshop on reaction networks <\/li><\/ul>\n\n\n\n<figure class=\"wp-block-image size-large\"><img loading=\"lazy\" width=\"724\" height=\"1024\" src=\"https:\/\/hebergement.universite-paris-saclay.fr\/biomis_d\/wp-content\/uploads\/2024\/06\/Poster_SPT_CRN_vf-3-724x1024.png\" alt=\"\" class=\"wp-image-428\" srcset=\"https:\/\/hebergement.universite-paris-saclay.fr\/biomis_d\/wp-content\/uploads\/2024\/06\/Poster_SPT_CRN_vf-3-724x1024.png 724w, https:\/\/hebergement.universite-paris-saclay.fr\/biomis_d\/wp-content\/uploads\/2024\/06\/Poster_SPT_CRN_vf-3-212x300.png 212w, https:\/\/hebergement.universite-paris-saclay.fr\/biomis_d\/wp-content\/uploads\/2024\/06\/Poster_SPT_CRN_vf-3-768x1086.png 768w, https:\/\/hebergement.universite-paris-saclay.fr\/biomis_d\/wp-content\/uploads\/2024\/06\/Poster_SPT_CRN_vf-3-1087x1536.png 1087w, https:\/\/hebergement.universite-paris-saclay.fr\/biomis_d\/wp-content\/uploads\/2024\/06\/Poster_SPT_CRN_vf-3-1449x2048.png 1449w, https:\/\/hebergement.universite-paris-saclay.fr\/biomis_d\/wp-content\/uploads\/2024\/06\/Poster_SPT_CRN_vf-3-1200x1696.png 1200w, https:\/\/hebergement.universite-paris-saclay.fr\/biomis_d\/wp-content\/uploads\/2024\/06\/Poster_SPT_CRN_vf-3-1980x2799.png 1980w\" sizes=\"(max-width: 724px) 100vw, 724px\" \/><\/figure>\n\n\n\n<ul id=\"block-09eb98f5-85e6-48ca-bb86-a26ee5cb9a71\"><li>M2 internship poster &#8211; presented at open door of Nikola Tesla department and ENS Paris-Saclay lab presentation<\/li><\/ul>\n\n\n\n<figure class=\"wp-block-image size-large\"><img loading=\"lazy\" width=\"724\" height=\"1024\" src=\"https:\/\/hebergement.universite-paris-saclay.fr\/biomis_d\/wp-content\/uploads\/2025\/02\/Poster_M2_Internship-724x1024.png\" alt=\"\" class=\"wp-image-466\" srcset=\"https:\/\/hebergement.universite-paris-saclay.fr\/biomis_d\/wp-content\/uploads\/2025\/02\/Poster_M2_Internship-724x1024.png 724w, https:\/\/hebergement.universite-paris-saclay.fr\/biomis_d\/wp-content\/uploads\/2025\/02\/Poster_M2_Internship-212x300.png 212w, https:\/\/hebergement.universite-paris-saclay.fr\/biomis_d\/wp-content\/uploads\/2025\/02\/Poster_M2_Internship-768x1086.png 768w, https:\/\/hebergement.universite-paris-saclay.fr\/biomis_d\/wp-content\/uploads\/2025\/02\/Poster_M2_Internship-1087x1536.png 1087w, https:\/\/hebergement.universite-paris-saclay.fr\/biomis_d\/wp-content\/uploads\/2025\/02\/Poster_M2_Internship-1200x1696.png 1200w, https:\/\/hebergement.universite-paris-saclay.fr\/biomis_d\/wp-content\/uploads\/2025\/02\/Poster_M2_Internship.png 1265w\" sizes=\"(max-width: 724px) 100vw, 724px\" \/><\/figure>\n\n\n\n<p>M1 internship poster &#8211; presented at open door of Nikola Tesla department and ENS Paris-Saclay lab presentation<\/p>\n\n\n\n<figure class=\"wp-block-image size-large\"><img loading=\"lazy\" width=\"724\" height=\"1024\" src=\"https:\/\/hebergement.universite-paris-saclay.fr\/biomis_d\/wp-content\/uploads\/2025\/02\/poster_stage_M1-724x1024.png\" alt=\"\" class=\"wp-image-469\" srcset=\"https:\/\/hebergement.universite-paris-saclay.fr\/biomis_d\/wp-content\/uploads\/2025\/02\/poster_stage_M1-724x1024.png 724w, https:\/\/hebergement.universite-paris-saclay.fr\/biomis_d\/wp-content\/uploads\/2025\/02\/poster_stage_M1-212x300.png 212w, https:\/\/hebergement.universite-paris-saclay.fr\/biomis_d\/wp-content\/uploads\/2025\/02\/poster_stage_M1-768x1086.png 768w, https:\/\/hebergement.universite-paris-saclay.fr\/biomis_d\/wp-content\/uploads\/2025\/02\/poster_stage_M1-1087x1536.png 1087w, https:\/\/hebergement.universite-paris-saclay.fr\/biomis_d\/wp-content\/uploads\/2025\/02\/poster_stage_M1-1449x2048.png 1449w, https:\/\/hebergement.universite-paris-saclay.fr\/biomis_d\/wp-content\/uploads\/2025\/02\/poster_stage_M1-1200x1696.png 1200w, https:\/\/hebergement.universite-paris-saclay.fr\/biomis_d\/wp-content\/uploads\/2025\/02\/poster_stage_M1-1980x2799.png 1980w\" sizes=\"(max-width: 724px) 100vw, 724px\" \/><\/figure>\n\n\n\n<p><strong>Academic background<\/strong><\/p>\n\n\n\n<p>Academic background at ENS Paris-Saclay<\/p>\n\n\n\n<ul><li>2022 \/ 2023: M2 MVA (Mathematics, Vision, Learning)<\/li><li>2021 \/ 2022: M2 FeSup PSEE (Higher education training in physics of electrical and electronic energy systems)<\/li><li>2020 \/ 2021: M1 D2PFO (Fundamental physics double degree)<\/li><li>2020 \/ 2021: M1 E3A (Electronics, Electrotechnics, Electrical energy and control)<\/li><li>2019 \/ 2020: L3 SAPHIRE (Applied sciences in physics and engineering for research and teaching)<\/li><\/ul>\n\n\n\n<ul><li>2017 \/ 2019: CPGE PSI (Physics and Engineering Sciences)<\/li><li>2016 \/ 2017: CPGE MPSI (Mathematics, Physique and Engineering Sciences)<\/li><\/ul>\n\n\n\n<p><strong>Professional background<\/strong> <\/p>\n\n\n\n<p>September 2023 &#8211; Now : Teacher at University Paris-Saclay in probability and statistics in L2 Life science (Biology course)<\/p>\n\n\n\n<p>April 2023 &#8211; August 2023: Research intern at University of Ljubljana (Slovenia), National Institute of Biology (Slovenia) and LuMIn (France) on the topic &#8220;Identifying the genetic determinants of chemical toxicity in micro alga Chlamydomonas reinhardtii thanks to statistical analysis &#8211; gaussian mixture model estimation&#8221;<\/p>\n\n\n\n<p>September 2022 &#8211; April 2022: Oral interrogator in CPGE MPSI in Mathematics and PSI in Physics<\/p>\n\n\n\n<p>November 2021 &#8211; June 2022: Engineer intern at emka TECHNOLOGIES on the topic: &#8220;Study of a system for non-invasive telemetry&#8221;<\/p>\n\n\n\n<p>May 2021 &#8211; July 2021: Research intern at Lule\u00e5 University (Sweden), University of Freiburg (Germany) and LuMIn (France) on the topic &#8220;Simulation and experimental study of living cell migration exposed to an electric field in a microfluidic system&#8221;<\/p>\n\n\n\n<p>September 2020 &#8211; June 2021: Oral interrogator in CPGE MPSI in Mathematics<\/p>\n","protected":false},"excerpt":{"rendered":"<p>Ph.D student (2023 &#8211; 2026) Laboratories: Lumi\u00e8re, Mati\u00e8re et Interfaces (LuMIn) &amp; Laboratoire des M\u00e9thodes Formelles (LMF) at ENS Paris-Saclay (Room 3&#215;26) Topic: Multi-scale predictive modelling of microalgae behavior in co-culture with bacteria &#8211; from microfluidic systems to photobioreactor Doctoral school: Electrical, Optical, Bio-physics and engineering Contact: Email: melanie.pietri@ens-paris-saclay.fr LinkdIn: https:\/\/www.linkedin.com\/in\/m\u00e9lanie-pietri-608431152\/ Main research theme Applied [&hellip;]<\/p>\n","protected":false},"author":8,"featured_media":0,"parent":0,"menu_order":0,"comment_status":"closed","ping_status":"closed","template":"","meta":{"_expiration-date-status":"","_expiration-date":1696667553,"_expiration-date-type":"draft","_expiration-date-categories":[],"_expiration-date-options":[]},"_links":{"self":[{"href":"https:\/\/hebergement.universite-paris-saclay.fr\/biomis_d\/index.php?rest_route=\/wp\/v2\/pages\/369"}],"collection":[{"href":"https:\/\/hebergement.universite-paris-saclay.fr\/biomis_d\/index.php?rest_route=\/wp\/v2\/pages"}],"about":[{"href":"https:\/\/hebergement.universite-paris-saclay.fr\/biomis_d\/index.php?rest_route=\/wp\/v2\/types\/page"}],"author":[{"embeddable":true,"href":"https:\/\/hebergement.universite-paris-saclay.fr\/biomis_d\/index.php?rest_route=\/wp\/v2\/users\/8"}],"replies":[{"embeddable":true,"href":"https:\/\/hebergement.universite-paris-saclay.fr\/biomis_d\/index.php?rest_route=%2Fwp%2Fv2%2Fcomments&post=369"}],"version-history":[{"count":16,"href":"https:\/\/hebergement.universite-paris-saclay.fr\/biomis_d\/index.php?rest_route=\/wp\/v2\/pages\/369\/revisions"}],"predecessor-version":[{"id":468,"href":"https:\/\/hebergement.universite-paris-saclay.fr\/biomis_d\/index.php?rest_route=\/wp\/v2\/pages\/369\/revisions\/468"}],"wp:attachment":[{"href":"https:\/\/hebergement.universite-paris-saclay.fr\/biomis_d\/index.php?rest_route=%2Fwp%2Fv2%2Fmedia&parent=369"}],"curies":[{"name":"wp","href":"https:\/\/api.w.org\/{rel}","templated":true}]}}