{"id":2,"date":"2012-04-16T17:42:38","date_gmt":"2012-04-16T17:42:38","guid":{"rendered":"http:\/\/hebergement.u-psud.fr\/brigaud\/?page_id=2"},"modified":"2023-08-19T14:29:49","modified_gmt":"2023-08-19T14:29:49","slug":"page-d-exemple","status":"publish","type":"page","link":"https:\/\/hebergement.universite-paris-saclay.fr\/brigaud\/recherche\/page-d-exemple\/","title":{"rendered":"Th\u00e9matiques"},"content":{"rendered":"\n<ul class=\"spip wp-block-list\">\n<li>G\u00e9ochronologie U-Pb sur calcite<\/li>\n\n\n\n<li>S\u00e9dimentologie, p\u00e9trographie et Architecture stratigraphique<\/li>\n\n\n\n<li>Diagen\u00e8se, Interactions fluides\/roches et min\u00e9ralisations associ\u00e9es (fluorine, Pb-Zn&#8230;)<\/li>\n\n\n\n<li>Relation stratigraphie s\u00e9quentielle\/diagen\u00e8se<\/li>\n\n\n\n<li>H\u00e9t\u00e9rog\u00e9n\u00e9it\u00e9 p\u00e9trophysique (porosit\u00e9, Vitesse onde p, RMN&#8230;)<\/li>\n\n\n\n<li>Changement d\u2019\u00e9chelle (<em>Upscaling<\/em>) et mod\u00e9lisation 3D des r\u00e9servoirs<\/li>\n<\/ul>\n\n\n\n<p><\/p>\n\n\n\n<p>Mes recherches au laboratoire G\u00e9osciences Paris-Saclay (GEOPS, UMR 8148 CNRS\/UPS) visent \u00e0 relier les processus diag\u00e9n\u00e9tiques avec les faci\u00e8s s\u00e9dimentaires et les g\u00e9om\u00e9tries stratigraphiques afin d\u2019\u00e9laborer des mod\u00e8les conceptuels permettant la pr\u00e9diction des propri\u00e9t\u00e9s r\u00e9servoirs des roches ou des concentrations min\u00e9rales.<\/p>\n\n\n\n<p class=\"has-light-green-cyan-background-color has-background\">Ces recherches s\u2019appuient sur une d\u00e9marche d\u2019analyse d\u2019objets naturels par la g\u00e9ologie de terrain, de subsurface jusqu\u2019\u00e0 la micro-caract\u00e9risation p\u00e9trographique ou g\u00e9ochimique. Je travaille notamment sur la caract\u00e9risation, l\u2019origine et la pr\u00e9diction spatio-temporelle du processus de chloritisation des gr\u00e8s. J&rsquo;ai particip\u00e9 activement au d\u00e9veloppement de la g\u00e9ochronologie <em>in situ<\/em> U-Pb des carbonates \u00e0 l&rsquo;Universit\u00e9 Paris-Saclay, par des techniques d\u2019ablation laser coupl\u00e9e \u00e0 la spectrom\u00e9trie de masse afin de dater les processus diag\u00e9n\u00e9tiques. Ce d\u00e9veloppement analytique permet de dater, directement sur lames minces, la cristallisation des calcites, ce qui ouvre des perspectives nouvelles pour dater certaines s\u00e9ries carbonat\u00e9es d\u00e9pourvues de marqueurs biostratigraphiques ou de dater l&rsquo;\u00e2ge de la diagen\u00e8se.&nbsp; Deux publications significatives, en 1er auteur, publi\u00e9es dans <a href=\"https:\/\/doi.org\/10.1130\/G47358.1\" target=\"_blank\" rel=\"noreferrer noopener\"><em><strong>Geology<\/strong><\/em><\/a> (2020) et <a href=\"https:\/\/doi.org\/10.1111\/sed.12795\" target=\"_blank\" rel=\"noreferrer noopener\"><em><strong>Sedimentology<\/strong><\/em><\/a> (2021), pr\u00e9sentent des exemples d&rsquo;application en s\u00e9dimentologie et diagen\u00e8se. J\u2019ai encadr\u00e9 3 th\u00e8ses sur cette th\u00e9matique (<a href=\"https:\/\/www.theses.fr\/2022UPASJ026\" target=\"_blank\" rel=\"noreferrer noopener\">Deloume-Carpentras<\/a>, 2022, <a href=\"https:\/\/www.theses.fr\/fr\/2022UPASJ019\" target=\"_blank\" rel=\"noreferrer noopener\">Lenoir<\/a>, 2022 et <a href=\"https:\/\/www.theses.fr\/2023UPASJ014\" target=\"_blank\" rel=\"noreferrer noopener\">Moreau<\/a>, 2023). Je d\u00e9veloppe \u00e9galement une recherche novatrice pour mieux pr\u00e9dire les transferts de chaleur dans les bassins s\u00e9dimentaires et optimiser l\u2019utilisation des r\u00e9servoirs g\u00e9othermiques. Dans le cadre du projet UPGEO financ\u00e9 par l\u2019Agence Nationale de Recherche (ANR : <a href=\"https:\/\/anr.fr\/Projet-ANR-19-CE05-0032\">https:\/\/anr.fr\/Projet-ANR-19-CE05-0032<\/a>), je coordonne une \u00e9quipe multidisciplinaire rassemblant s\u00e9dimentologues, hydrog\u00e9ologues, g\u00e9ophysiciens et math\u00e9maticiens venant de huit institutions dont <a href=\"http:\/\/geops.geol.u-psud.fr\/\">GEOPS<\/a>, le Laboratoire de Math\u00e9matiques d\u2019Orsay &#8211; <a href=\"https:\/\/www.math.u-psud.fr\/\">LMO<\/a>, Laboratoire des Sciences du Climat et de l\u2019Environnement &#8211; <a href=\"https:\/\/www.lsce.ipsl.fr\/\">LSCE<\/a>, l\u2019Institut Camille Jordan &#8211; <a href=\"http:\/\/math.univ-lyon1.fr\/\">ICJ<\/a>, (puis la F\u00e9d\u00e9ration de Math\u00e9matiques de CentraleSup\u00e9lec &#8211; <a href=\"https:\/\/fd-math.pages.centralesupelec.fr\/\">FdM<\/a>), G\u00e9oressources et Environnement &#8211; <a href=\"http:\/\/geoenv.ensegid.fr\/\">G&amp;E<\/a> (<a href=\"https:\/\/www.epoc.u-bordeaux.fr\/\">EPOC<\/a> depuis 2022),&nbsp; l\u2019<a href=\"http:\/\/www.ifpenergiesnouvelles.fr\/\">IFPEN<\/a>, le <a href=\"http:\/\/www.brgm.fr\/\">BRGM<\/a> et <a href=\"http:\/\/www.geoproduction.fr\/fr\">GPC-IP<\/a>. Les m\u00e9thodologies au c\u0153ur de ce projet ANR, men\u00e9 en collaboration avec mes coll\u00e8gues math\u00e9maticiens, permettront d\u2019am\u00e9liorer, dans les mod\u00e8les g\u00e9ologiques, le saut d\u2019\u00e9chelle entre les analyses ponctuelles en laboratoire, et leur repr\u00e9sentation aux \u00e9chelles du r\u00e9servoir et du bassin. Les premiers r\u00e9sultats de ce projet ont permis de mettre au point une m\u00e9thodologie pour reconstruire des d&rsquo;affleurements num\u00e9riques afin de capturer les h\u00e9t\u00e9rog\u00e9n\u00e9it\u00e9s s\u00e9dimentaires \u00e0 des \u00e9chelles allant du d\u00e9cim\u00e8tre au kilom\u00e8tre (<a href=\"https:\/\/doi.org\/10.1016\/j.marpetgeo.2020.104772\" target=\"_blank\" rel=\"noreferrer noopener\">Thomas et al., 2021<\/a>). Je suis membre de l&rsquo;Institut universitaire de France (iuf), promotion 2023. Mon projet aura comme objectif de reconstituer et simuler les flux de chaleur dans les bassins s\u00e9dimentaires par une approche multidisciplinaire couplant g\u00e9ologie, math\u00e9matiques ou encore biologie. Il s\u2019agira de reconstruire les transferts pass\u00e9s, en \u00e9tudiant les processus diag\u00e9n\u00e9tiques, puis de pr\u00e9dire les circulations futures, tout en travaillant, dans la lign\u00e9e d&rsquo;UPGEO, sur une meilleure int\u00e9gration du saut d\u2019\u00e9chelle en g\u00e9osciences. J\u2019ai encadr\u00e9 (ou encadre actuellement) quatre doctorants sur cette th\u00e9matique (<a href=\"https:\/\/www.theses.fr\/fr\/2022UPASJ017\" target=\"_blank\" rel=\"noreferrer noopener\">Thomas<\/a>, 2022, <a href=\"https:\/\/www.theses.fr\/fr\/s254131\" target=\"_blank\" rel=\"noreferrer noopener\">Mas<\/a>, 2023, <a href=\"https:\/\/www.theses.fr\/fr\/s229489\" target=\"_blank\" rel=\"noreferrer noopener\">Catinat<\/a>, 2023, <a href=\"https:\/\/www.theses.fr\/fr\/s306745\" target=\"_blank\" rel=\"noreferrer noopener\">Essou<\/a>, 2024).<\/p>\n\n\n\n<p>  <\/p>\n\n\n<div class=\"wp-block-image\">\n<figure class=\"aligncenter\"><a href=\"http:\/\/hebergement.u-psud.fr\/brigaud\/wp-admin\/uploads\/DSCN79121.jpg\"><img loading=\"lazy\" decoding=\"async\" width=\"1000\" height=\"563\" src=\"http:\/\/hebergement.u-psud.fr\/brigaud\/wp-admin\/uploads\/DSCN79121.jpg\" alt=\"DSCN7912\" class=\"wp-image-1785\" srcset=\"https:\/\/hebergement.universite-paris-saclay.fr\/brigaud\/wp-admin\/uploads\/DSCN79121.jpg 1000w, https:\/\/hebergement.universite-paris-saclay.fr\/brigaud\/wp-admin\/uploads\/DSCN79121-300x169.jpg 300w, https:\/\/hebergement.universite-paris-saclay.fr\/brigaud\/wp-admin\/uploads\/DSCN79121-900x507.jpg 900w\" sizes=\"auto, (max-width: 1000px) 100vw, 1000px\" \/><\/a><\/figure>\n<\/div>\n\n\n<p><em>M\u00e9thodes<\/em>&nbsp;: sur le terrain avec l\u2019analyse des faci\u00e8s et l\u2019analyse stratigraphique, en microscopie avec l\u2019analyse p\u00e9trographique \u00e0 l\u2019aide de microscopes photonique, \u00e0 cathodoluminescence ou \u00e9lectronique, en laboratoire avec l\u2019analyse des roches ou s\u00e9diments par diffraction des rayons X ou par spectrom\u00e9trie (isotopie oxyg\u00e8ne ou carbone, \u00e9l\u00e9ments traces, datation U\/Pb).<\/p>\n\n\n\n<p>La finalit\u00e9 de cette recherche est de mieux appr\u00e9hender tous les processus diag\u00e9n\u00e9tiques, et de mieux comprendre la nature et la chronologie des pal\u00e9o-fluides \u00e0 l\u2019origine des min\u00e9ralisations dans les bassins. La connaissance de ces processus diag\u00e9n\u00e9tiques est essentielle<\/p>\n\n\n\n<p>1. pour comprendre l\u2019h\u00e9t\u00e9rog\u00e9n\u00e9it\u00e9 des r\u00e9servoirs dans les bassins,<\/p>\n\n\n\n<p>2. et pour optimiser l\u2019utilisation des bassins s\u00e9dimentaires dans l\u2019optique de notre transition \u00e9nerg\u00e9tique (ressources min\u00e9rales strat\u00e9giques, stockage de gaz, stockage de d\u00e9chets radioactifs, g\u00e9othermie).<\/p>\n\n\n\n<p>Cette activit\u00e9 de recherches dans le domaine de la s\u00e9dimentologie et de la diagen\u00e8se des bassins s\u2019int\u00e8gre dans des probl\u00e9matiques socio-\u00e9conomiques importantes, comme (1) la caract\u00e9risation de r\u00e9servoirs g\u00e9ologiques (Australie, Mer du Nord et Qatar avec Engie, en France avec Lundin Petroleum et Vermilion Energy), (2) la caract\u00e9risation des r\u00e9serves fran\u00e7aises en \u00e9l\u00e9ments critiques (F en particulier avec le Brgm), ou encore (3) la caract\u00e9risation fine de l\u2019h\u00e9t\u00e9rog\u00e9n\u00e9it\u00e9 de la s\u00e9rie Jurassique sous le site de Bure dans le cadre du projet Cig\u00e9o (<a href=\"https:\/\/www.andra.fr\/cigeo\">Centre Industriel de stockage g\u00e9ologique<\/a>, avec l\u2019Andra). La finalit\u00e9 applicable de ces recherches m\u2019am\u00e8ne \u00e0 d\u00e9velopper des partenariats de recherche avec des organismes publics ou des entreprises. Ces collaborations permettent \u00e9galement \u00e0 certains \u00e9tudiants du d\u00e9partement des Sciences de la Terre, \u00e0 travers de stages, d\u2019appr\u00e9hender au plus pr\u00e8s les enjeux socio-\u00e9conomiques en Sciences de la Terre.<\/p>\n\n\n\n<p>Mots clefs: S\u00e9dimentologie, P\u00e9trographie, Bassin, Diagen\u00e8se, Stratigraphie, R\u00e9servoir<\/p>\n","protected":false},"excerpt":{"rendered":"<p>Mes recherches au laboratoire G\u00e9osciences Paris-Saclay (GEOPS, UMR 8148 CNRS\/UPS) visent \u00e0 relier les processus diag\u00e9n\u00e9tiques avec les faci\u00e8s s\u00e9dimentaires et les g\u00e9om\u00e9tries stratigraphiques afin d\u2019\u00e9laborer des mod\u00e8les conceptuels permettant la pr\u00e9diction des propri\u00e9t\u00e9s r\u00e9servoirs des roches ou des concentrations min\u00e9rales. Ces recherches s\u2019appuient sur une d\u00e9marche d\u2019analyse d\u2019objets naturels par la g\u00e9ologie de terrain, [&hellip;]<\/p>\n","protected":false},"author":1,"featured_media":0,"parent":114,"menu_order":1,"comment_status":"closed","ping_status":"closed","template":"","meta":{"ngg_post_thumbnail":0,"footnotes":""},"class_list":["post-2","page","type-page","status-publish","hentry","post-preview"],"yoast_head":"<!-- This site is optimized with the Yoast SEO plugin v26.7 - https:\/\/yoast.com\/wordpress\/plugins\/seo\/ -->\n<title>Th\u00e9matiques - benjamin brigaud<\/title>\n<meta name=\"robots\" content=\"index, follow, max-snippet:-1, max-image-preview:large, max-video-preview:-1\" \/>\n<link rel=\"canonical\" href=\"https:\/\/hebergement.universite-paris-saclay.fr\/brigaud\/recherche\/page-d-exemple\/\" \/>\n<meta property=\"og:locale\" content=\"fr_FR\" \/>\n<meta property=\"og:type\" content=\"article\" \/>\n<meta property=\"og:title\" content=\"Th\u00e9matiques - benjamin brigaud\" \/>\n<meta property=\"og:description\" content=\"Mes recherches au laboratoire G\u00e9osciences Paris-Saclay (GEOPS, UMR 8148 CNRS\/UPS) visent \u00e0 relier les processus diag\u00e9n\u00e9tiques avec les faci\u00e8s s\u00e9dimentaires et les g\u00e9om\u00e9tries stratigraphiques afin d\u2019\u00e9laborer des mod\u00e8les conceptuels permettant la pr\u00e9diction des propri\u00e9t\u00e9s r\u00e9servoirs des roches ou des concentrations min\u00e9rales. Ces recherches s\u2019appuient sur une d\u00e9marche d\u2019analyse d\u2019objets naturels par la g\u00e9ologie de terrain, [&hellip;]\" \/>\n<meta property=\"og:url\" content=\"https:\/\/hebergement.universite-paris-saclay.fr\/brigaud\/recherche\/page-d-exemple\/\" \/>\n<meta property=\"og:site_name\" content=\"benjamin brigaud\" \/>\n<meta property=\"article:modified_time\" content=\"2023-08-19T14:29:49+00:00\" \/>\n<meta property=\"og:image\" content=\"http:\/\/hebergement.u-psud.fr\/brigaud\/wp-admin\/uploads\/DSCN79121.jpg\" \/>\n<meta name=\"twitter:card\" content=\"summary_large_image\" \/>\n<meta name=\"twitter:label1\" content=\"Dur\u00e9e de lecture estim\u00e9e\" \/>\n\t<meta name=\"twitter:data1\" content=\"5 minutes\" \/>\n<script type=\"application\/ld+json\" class=\"yoast-schema-graph\">{\"@context\":\"https:\/\/schema.org\",\"@graph\":[{\"@type\":\"WebPage\",\"@id\":\"https:\/\/hebergement.universite-paris-saclay.fr\/brigaud\/recherche\/page-d-exemple\/\",\"url\":\"https:\/\/hebergement.universite-paris-saclay.fr\/brigaud\/recherche\/page-d-exemple\/\",\"name\":\"Th\u00e9matiques - benjamin brigaud\",\"isPartOf\":{\"@id\":\"https:\/\/hebergement.universite-paris-saclay.fr\/brigaud\/#website\"},\"primaryImageOfPage\":{\"@id\":\"https:\/\/hebergement.universite-paris-saclay.fr\/brigaud\/recherche\/page-d-exemple\/#primaryimage\"},\"image\":{\"@id\":\"https:\/\/hebergement.universite-paris-saclay.fr\/brigaud\/recherche\/page-d-exemple\/#primaryimage\"},\"thumbnailUrl\":\"http:\/\/hebergement.u-psud.fr\/brigaud\/wp-admin\/uploads\/DSCN79121.jpg\",\"datePublished\":\"2012-04-16T17:42:38+00:00\",\"dateModified\":\"2023-08-19T14:29:49+00:00\",\"breadcrumb\":{\"@id\":\"https:\/\/hebergement.universite-paris-saclay.fr\/brigaud\/recherche\/page-d-exemple\/#breadcrumb\"},\"inLanguage\":\"fr-FR\",\"potentialAction\":[{\"@type\":\"ReadAction\",\"target\":[\"https:\/\/hebergement.universite-paris-saclay.fr\/brigaud\/recherche\/page-d-exemple\/\"]}]},{\"@type\":\"ImageObject\",\"inLanguage\":\"fr-FR\",\"@id\":\"https:\/\/hebergement.universite-paris-saclay.fr\/brigaud\/recherche\/page-d-exemple\/#primaryimage\",\"url\":\"http:\/\/hebergement.u-psud.fr\/brigaud\/wp-admin\/uploads\/DSCN79121.jpg\",\"contentUrl\":\"http:\/\/hebergement.u-psud.fr\/brigaud\/wp-admin\/uploads\/DSCN79121.jpg\"},{\"@type\":\"BreadcrumbList\",\"@id\":\"https:\/\/hebergement.universite-paris-saclay.fr\/brigaud\/recherche\/page-d-exemple\/#breadcrumb\",\"itemListElement\":[{\"@type\":\"ListItem\",\"position\":1,\"name\":\"Accueil\",\"item\":\"https:\/\/hebergement.universite-paris-saclay.fr\/brigaud\/\"},{\"@type\":\"ListItem\",\"position\":2,\"name\":\"Recherche\",\"item\":\"https:\/\/hebergement.universite-paris-saclay.fr\/brigaud\/recherche\/\"},{\"@type\":\"ListItem\",\"position\":3,\"name\":\"Th\u00e9matiques\"}]},{\"@type\":\"WebSite\",\"@id\":\"https:\/\/hebergement.universite-paris-saclay.fr\/brigaud\/#website\",\"url\":\"https:\/\/hebergement.universite-paris-saclay.fr\/brigaud\/\",\"name\":\"benjamin brigaud\",\"description\":\"s\u00e9dimentologue\",\"publisher\":{\"@id\":\"https:\/\/hebergement.universite-paris-saclay.fr\/brigaud\/#organization\"},\"potentialAction\":[{\"@type\":\"SearchAction\",\"target\":{\"@type\":\"EntryPoint\",\"urlTemplate\":\"https:\/\/hebergement.universite-paris-saclay.fr\/brigaud\/?s={search_term_string}\"},\"query-input\":{\"@type\":\"PropertyValueSpecification\",\"valueRequired\":true,\"valueName\":\"search_term_string\"}}],\"inLanguage\":\"fr-FR\"},{\"@type\":\"Organization\",\"@id\":\"https:\/\/hebergement.universite-paris-saclay.fr\/brigaud\/#organization\",\"name\":\"Universit\u00e9 Paris-Saclay\",\"url\":\"https:\/\/hebergement.universite-paris-saclay.fr\/brigaud\/\",\"logo\":{\"@type\":\"ImageObject\",\"inLanguage\":\"fr-FR\",\"@id\":\"https:\/\/hebergement.universite-paris-saclay.fr\/brigaud\/#\/schema\/logo\/image\/\",\"url\":\"http:\/\/hebergement.universite-paris-saclay.fr\/brigaud\/wp-admin\/uploads\/UPSACLAY-2020.png\",\"contentUrl\":\"http:\/\/hebergement.universite-paris-saclay.fr\/brigaud\/wp-admin\/uploads\/UPSACLAY-2020.png\",\"width\":178,\"height\":80,\"caption\":\"Universit\u00e9 Paris-Saclay\"},\"image\":{\"@id\":\"https:\/\/hebergement.universite-paris-saclay.fr\/brigaud\/#\/schema\/logo\/image\/\"}}]}<\/script>\n<!-- \/ Yoast SEO plugin. -->","yoast_head_json":{"title":"Th\u00e9matiques - benjamin brigaud","robots":{"index":"index","follow":"follow","max-snippet":"max-snippet:-1","max-image-preview":"max-image-preview:large","max-video-preview":"max-video-preview:-1"},"canonical":"https:\/\/hebergement.universite-paris-saclay.fr\/brigaud\/recherche\/page-d-exemple\/","og_locale":"fr_FR","og_type":"article","og_title":"Th\u00e9matiques - benjamin brigaud","og_description":"Mes recherches au laboratoire G\u00e9osciences Paris-Saclay (GEOPS, UMR 8148 CNRS\/UPS) visent \u00e0 relier les processus diag\u00e9n\u00e9tiques avec les faci\u00e8s s\u00e9dimentaires et les g\u00e9om\u00e9tries stratigraphiques afin d\u2019\u00e9laborer des mod\u00e8les conceptuels permettant la pr\u00e9diction des propri\u00e9t\u00e9s r\u00e9servoirs des roches ou des concentrations min\u00e9rales. Ces recherches s\u2019appuient sur une d\u00e9marche d\u2019analyse d\u2019objets naturels par la g\u00e9ologie de terrain, [&hellip;]","og_url":"https:\/\/hebergement.universite-paris-saclay.fr\/brigaud\/recherche\/page-d-exemple\/","og_site_name":"benjamin brigaud","article_modified_time":"2023-08-19T14:29:49+00:00","og_image":[{"url":"http:\/\/hebergement.u-psud.fr\/brigaud\/wp-admin\/uploads\/DSCN79121.jpg","type":"","width":"","height":""}],"twitter_card":"summary_large_image","twitter_misc":{"Dur\u00e9e de lecture estim\u00e9e":"5 minutes"},"schema":{"@context":"https:\/\/schema.org","@graph":[{"@type":"WebPage","@id":"https:\/\/hebergement.universite-paris-saclay.fr\/brigaud\/recherche\/page-d-exemple\/","url":"https:\/\/hebergement.universite-paris-saclay.fr\/brigaud\/recherche\/page-d-exemple\/","name":"Th\u00e9matiques - benjamin brigaud","isPartOf":{"@id":"https:\/\/hebergement.universite-paris-saclay.fr\/brigaud\/#website"},"primaryImageOfPage":{"@id":"https:\/\/hebergement.universite-paris-saclay.fr\/brigaud\/recherche\/page-d-exemple\/#primaryimage"},"image":{"@id":"https:\/\/hebergement.universite-paris-saclay.fr\/brigaud\/recherche\/page-d-exemple\/#primaryimage"},"thumbnailUrl":"http:\/\/hebergement.u-psud.fr\/brigaud\/wp-admin\/uploads\/DSCN79121.jpg","datePublished":"2012-04-16T17:42:38+00:00","dateModified":"2023-08-19T14:29:49+00:00","breadcrumb":{"@id":"https:\/\/hebergement.universite-paris-saclay.fr\/brigaud\/recherche\/page-d-exemple\/#breadcrumb"},"inLanguage":"fr-FR","potentialAction":[{"@type":"ReadAction","target":["https:\/\/hebergement.universite-paris-saclay.fr\/brigaud\/recherche\/page-d-exemple\/"]}]},{"@type":"ImageObject","inLanguage":"fr-FR","@id":"https:\/\/hebergement.universite-paris-saclay.fr\/brigaud\/recherche\/page-d-exemple\/#primaryimage","url":"http:\/\/hebergement.u-psud.fr\/brigaud\/wp-admin\/uploads\/DSCN79121.jpg","contentUrl":"http:\/\/hebergement.u-psud.fr\/brigaud\/wp-admin\/uploads\/DSCN79121.jpg"},{"@type":"BreadcrumbList","@id":"https:\/\/hebergement.universite-paris-saclay.fr\/brigaud\/recherche\/page-d-exemple\/#breadcrumb","itemListElement":[{"@type":"ListItem","position":1,"name":"Accueil","item":"https:\/\/hebergement.universite-paris-saclay.fr\/brigaud\/"},{"@type":"ListItem","position":2,"name":"Recherche","item":"https:\/\/hebergement.universite-paris-saclay.fr\/brigaud\/recherche\/"},{"@type":"ListItem","position":3,"name":"Th\u00e9matiques"}]},{"@type":"WebSite","@id":"https:\/\/hebergement.universite-paris-saclay.fr\/brigaud\/#website","url":"https:\/\/hebergement.universite-paris-saclay.fr\/brigaud\/","name":"benjamin brigaud","description":"s\u00e9dimentologue","publisher":{"@id":"https:\/\/hebergement.universite-paris-saclay.fr\/brigaud\/#organization"},"potentialAction":[{"@type":"SearchAction","target":{"@type":"EntryPoint","urlTemplate":"https:\/\/hebergement.universite-paris-saclay.fr\/brigaud\/?s={search_term_string}"},"query-input":{"@type":"PropertyValueSpecification","valueRequired":true,"valueName":"search_term_string"}}],"inLanguage":"fr-FR"},{"@type":"Organization","@id":"https:\/\/hebergement.universite-paris-saclay.fr\/brigaud\/#organization","name":"Universit\u00e9 Paris-Saclay","url":"https:\/\/hebergement.universite-paris-saclay.fr\/brigaud\/","logo":{"@type":"ImageObject","inLanguage":"fr-FR","@id":"https:\/\/hebergement.universite-paris-saclay.fr\/brigaud\/#\/schema\/logo\/image\/","url":"http:\/\/hebergement.universite-paris-saclay.fr\/brigaud\/wp-admin\/uploads\/UPSACLAY-2020.png","contentUrl":"http:\/\/hebergement.universite-paris-saclay.fr\/brigaud\/wp-admin\/uploads\/UPSACLAY-2020.png","width":178,"height":80,"caption":"Universit\u00e9 Paris-Saclay"},"image":{"@id":"https:\/\/hebergement.universite-paris-saclay.fr\/brigaud\/#\/schema\/logo\/image\/"}}]}},"_links":{"self":[{"href":"https:\/\/hebergement.universite-paris-saclay.fr\/brigaud\/wp-json\/wp\/v2\/pages\/2","targetHints":{"allow":["GET"]}}],"collection":[{"href":"https:\/\/hebergement.universite-paris-saclay.fr\/brigaud\/wp-json\/wp\/v2\/pages"}],"about":[{"href":"https:\/\/hebergement.universite-paris-saclay.fr\/brigaud\/wp-json\/wp\/v2\/types\/page"}],"author":[{"embeddable":true,"href":"https:\/\/hebergement.universite-paris-saclay.fr\/brigaud\/wp-json\/wp\/v2\/users\/1"}],"replies":[{"embeddable":true,"href":"https:\/\/hebergement.universite-paris-saclay.fr\/brigaud\/wp-json\/wp\/v2\/comments?post=2"}],"version-history":[{"count":24,"href":"https:\/\/hebergement.universite-paris-saclay.fr\/brigaud\/wp-json\/wp\/v2\/pages\/2\/revisions"}],"predecessor-version":[{"id":3246,"href":"https:\/\/hebergement.universite-paris-saclay.fr\/brigaud\/wp-json\/wp\/v2\/pages\/2\/revisions\/3246"}],"up":[{"embeddable":true,"href":"https:\/\/hebergement.universite-paris-saclay.fr\/brigaud\/wp-json\/wp\/v2\/pages\/114"}],"wp:attachment":[{"href":"https:\/\/hebergement.universite-paris-saclay.fr\/brigaud\/wp-json\/wp\/v2\/media?parent=2"}],"curies":[{"name":"wp","href":"https:\/\/api.w.org\/{rel}","templated":true}]}}