{"id":29,"date":"2012-04-16T21:52:08","date_gmt":"2012-04-16T21:52:08","guid":{"rendered":"http:\/\/hebergement.u-psud.fr\/brigaud\/?page_id=29"},"modified":"2021-12-22T00:19:08","modified_gmt":"2021-12-22T00:19:08","slug":"enseignements","status":"publish","type":"page","link":"https:\/\/hebergement.universite-paris-saclay.fr\/brigaud\/enseignements\/","title":{"rendered":"Enseignements"},"content":{"rendered":"\n<p>Disciplines enseign\u00e9es actuellement&nbsp;:<\/p>\n\n\n\n<p>Licence 1<sup>\u00e8re<\/sup> ann\u00e9e Biologie Chimie Sciences de la Terre (BCST) et Physique Chimie Sciences de la Terre (PCST)<\/p>\n\n\n\n<ul class=\"wp-block-list\"><li>Diversit\u00e9 des roches s\u00e9dimentaires (Unit\u00e9 d\u2019Enseignement \u00ab&nbsp;Min\u00e9raux et Roches&nbsp;\u00bb, CM et TP)<\/li><\/ul>\n\n\n\n<p><a href=\"http:\/\/hebergement.universite-paris-saclay.fr\/brigaud\/enseignements\/licence-3-2\/licence-3\/\">Licence 3<sup>\u00e8me<\/sup> ann\u00e9e Sciences de la Terre<\/a> et et Licence pro M\u00e9tiers du BTP<\/p>\n\n\n\n<ul class=\"wp-block-list\"><li>S\u00e9dimentologie, diagen\u00e8se des roches carbonat\u00e9es et d\u00e9tritiques, structures s\u00e9dimentaires et initiation \u00e0 la stratigraphie s\u00e9quentielle (Unit\u00e9 d\u2019Enseignement \u00ab&nbsp;P\u00e9trographie s\u00e9dimentaire&nbsp;\u00bb, Responsable de l\u2019Unit\u00e9)<\/li><li>\u00ab&nbsp;Stage multidisciplinaire en G\u00e9osciences&nbsp;\u00bb (stage de terrain, Responsable du stage)<\/li><li>\u00ab&nbsp;Projet en G\u00e9osciences&nbsp;\u00bb (responsable de l\u2019Unit\u00e9 Projet)<\/li><\/ul>\n\n\n\n<p>Master 2<sup>\u00e8me<\/sup> ann\u00e9e Sciences de la Terre, Plan\u00e8tes, Environnement (STePE)<\/p>\n\n\n\n<ul class=\"wp-block-list\"><li>\u00ab&nbsp;Projet \u2013 Etude de cas&nbsp;\u00bb, finalit\u00e9 Bassin s\u00e9dimentaire pour la transition \u00e9nerg\u00e9tique (Responsable de l\u2019Unit\u00e9)<\/li><\/ul>\n","protected":false},"excerpt":{"rendered":"<p>Disciplines enseign\u00e9es actuellement&nbsp;: Licence 1\u00e8re ann\u00e9e Biologie Chimie Sciences de la Terre (BCST) et Physique Chimie Sciences de la Terre (PCST) Diversit\u00e9 des roches s\u00e9dimentaires (Unit\u00e9 d\u2019Enseignement \u00ab&nbsp;Min\u00e9raux et Roches&nbsp;\u00bb, CM et TP) Licence 3\u00e8me ann\u00e9e Sciences de la Terre et et Licence pro M\u00e9tiers du BTP S\u00e9dimentologie, diagen\u00e8se des roches carbonat\u00e9es et d\u00e9tritiques, structures [&hellip;]<\/p>\n","protected":false},"author":1,"featured_media":0,"parent":0,"menu_order":5,"comment_status":"closed","ping_status":"closed","template":"","meta":{"ngg_post_thumbnail":0,"footnotes":""},"class_list":["post-29","page","type-page","status-publish","hentry","post-preview"],"yoast_head":"<!-- This site is optimized with the Yoast SEO plugin v26.7 - https:\/\/yoast.com\/wordpress\/plugins\/seo\/ -->\n<title>Enseignements - benjamin brigaud<\/title>\n<meta name=\"robots\" content=\"index, follow, max-snippet:-1, max-image-preview:large, max-video-preview:-1\" \/>\n<link rel=\"canonical\" href=\"https:\/\/hebergement.universite-paris-saclay.fr\/brigaud\/enseignements\/\" \/>\n<meta property=\"og:locale\" content=\"fr_FR\" \/>\n<meta property=\"og:type\" content=\"article\" \/>\n<meta property=\"og:title\" content=\"Enseignements - benjamin brigaud\" \/>\n<meta property=\"og:description\" content=\"Disciplines enseign\u00e9es actuellement&nbsp;: Licence 1\u00e8re ann\u00e9e Biologie Chimie Sciences de la Terre (BCST) et Physique Chimie Sciences de la Terre (PCST) Diversit\u00e9 des roches s\u00e9dimentaires (Unit\u00e9 d\u2019Enseignement \u00ab&nbsp;Min\u00e9raux et Roches&nbsp;\u00bb, CM et TP) Licence 3\u00e8me ann\u00e9e Sciences de la Terre et et Licence pro M\u00e9tiers du BTP S\u00e9dimentologie, diagen\u00e8se des roches carbonat\u00e9es et d\u00e9tritiques, structures [&hellip;]\" \/>\n<meta property=\"og:url\" content=\"https:\/\/hebergement.universite-paris-saclay.fr\/brigaud\/enseignements\/\" \/>\n<meta property=\"og:site_name\" content=\"benjamin brigaud\" \/>\n<meta property=\"article:modified_time\" content=\"2021-12-22T00:19:08+00:00\" \/>\n<meta name=\"twitter:card\" content=\"summary_large_image\" \/>\n<meta name=\"twitter:label1\" content=\"Dur\u00e9e de lecture estim\u00e9e\" \/>\n\t<meta name=\"twitter:data1\" content=\"1 minute\" \/>\n<script type=\"application\/ld+json\" class=\"yoast-schema-graph\">{\"@context\":\"https:\/\/schema.org\",\"@graph\":[{\"@type\":\"WebPage\",\"@id\":\"https:\/\/hebergement.universite-paris-saclay.fr\/brigaud\/enseignements\/\",\"url\":\"https:\/\/hebergement.universite-paris-saclay.fr\/brigaud\/enseignements\/\",\"name\":\"Enseignements - benjamin brigaud\",\"isPartOf\":{\"@id\":\"https:\/\/hebergement.universite-paris-saclay.fr\/brigaud\/#website\"},\"datePublished\":\"2012-04-16T21:52:08+00:00\",\"dateModified\":\"2021-12-22T00:19:08+00:00\",\"breadcrumb\":{\"@id\":\"https:\/\/hebergement.universite-paris-saclay.fr\/brigaud\/enseignements\/#breadcrumb\"},\"inLanguage\":\"fr-FR\",\"potentialAction\":[{\"@type\":\"ReadAction\",\"target\":[\"https:\/\/hebergement.universite-paris-saclay.fr\/brigaud\/enseignements\/\"]}]},{\"@type\":\"BreadcrumbList\",\"@id\":\"https:\/\/hebergement.universite-paris-saclay.fr\/brigaud\/enseignements\/#breadcrumb\",\"itemListElement\":[{\"@type\":\"ListItem\",\"position\":1,\"name\":\"Accueil\",\"item\":\"https:\/\/hebergement.universite-paris-saclay.fr\/brigaud\/\"},{\"@type\":\"ListItem\",\"position\":2,\"name\":\"Enseignements\"}]},{\"@type\":\"WebSite\",\"@id\":\"https:\/\/hebergement.universite-paris-saclay.fr\/brigaud\/#website\",\"url\":\"https:\/\/hebergement.universite-paris-saclay.fr\/brigaud\/\",\"name\":\"benjamin brigaud\",\"description\":\"s\u00e9dimentologue\",\"publisher\":{\"@id\":\"https:\/\/hebergement.universite-paris-saclay.fr\/brigaud\/#organization\"},\"potentialAction\":[{\"@type\":\"SearchAction\",\"target\":{\"@type\":\"EntryPoint\",\"urlTemplate\":\"https:\/\/hebergement.universite-paris-saclay.fr\/brigaud\/?s={search_term_string}\"},\"query-input\":{\"@type\":\"PropertyValueSpecification\",\"valueRequired\":true,\"valueName\":\"search_term_string\"}}],\"inLanguage\":\"fr-FR\"},{\"@type\":\"Organization\",\"@id\":\"https:\/\/hebergement.universite-paris-saclay.fr\/brigaud\/#organization\",\"name\":\"Universit\u00e9 Paris-Saclay\",\"url\":\"https:\/\/hebergement.universite-paris-saclay.fr\/brigaud\/\",\"logo\":{\"@type\":\"ImageObject\",\"inLanguage\":\"fr-FR\",\"@id\":\"https:\/\/hebergement.universite-paris-saclay.fr\/brigaud\/#\/schema\/logo\/image\/\",\"url\":\"http:\/\/hebergement.universite-paris-saclay.fr\/brigaud\/wp-admin\/uploads\/UPSACLAY-2020.png\",\"contentUrl\":\"http:\/\/hebergement.universite-paris-saclay.fr\/brigaud\/wp-admin\/uploads\/UPSACLAY-2020.png\",\"width\":178,\"height\":80,\"caption\":\"Universit\u00e9 Paris-Saclay\"},\"image\":{\"@id\":\"https:\/\/hebergement.universite-paris-saclay.fr\/brigaud\/#\/schema\/logo\/image\/\"}}]}<\/script>\n<!-- \/ Yoast SEO plugin. -->","yoast_head_json":{"title":"Enseignements - benjamin brigaud","robots":{"index":"index","follow":"follow","max-snippet":"max-snippet:-1","max-image-preview":"max-image-preview:large","max-video-preview":"max-video-preview:-1"},"canonical":"https:\/\/hebergement.universite-paris-saclay.fr\/brigaud\/enseignements\/","og_locale":"fr_FR","og_type":"article","og_title":"Enseignements - benjamin brigaud","og_description":"Disciplines enseign\u00e9es actuellement&nbsp;: Licence 1\u00e8re ann\u00e9e Biologie Chimie Sciences de la Terre (BCST) et Physique Chimie Sciences de la Terre (PCST) Diversit\u00e9 des roches s\u00e9dimentaires (Unit\u00e9 d\u2019Enseignement \u00ab&nbsp;Min\u00e9raux et Roches&nbsp;\u00bb, CM et TP) Licence 3\u00e8me ann\u00e9e Sciences de la Terre et et Licence pro M\u00e9tiers du BTP S\u00e9dimentologie, diagen\u00e8se des roches carbonat\u00e9es et d\u00e9tritiques, structures [&hellip;]","og_url":"https:\/\/hebergement.universite-paris-saclay.fr\/brigaud\/enseignements\/","og_site_name":"benjamin brigaud","article_modified_time":"2021-12-22T00:19:08+00:00","twitter_card":"summary_large_image","twitter_misc":{"Dur\u00e9e de lecture estim\u00e9e":"1 minute"},"schema":{"@context":"https:\/\/schema.org","@graph":[{"@type":"WebPage","@id":"https:\/\/hebergement.universite-paris-saclay.fr\/brigaud\/enseignements\/","url":"https:\/\/hebergement.universite-paris-saclay.fr\/brigaud\/enseignements\/","name":"Enseignements - benjamin brigaud","isPartOf":{"@id":"https:\/\/hebergement.universite-paris-saclay.fr\/brigaud\/#website"},"datePublished":"2012-04-16T21:52:08+00:00","dateModified":"2021-12-22T00:19:08+00:00","breadcrumb":{"@id":"https:\/\/hebergement.universite-paris-saclay.fr\/brigaud\/enseignements\/#breadcrumb"},"inLanguage":"fr-FR","potentialAction":[{"@type":"ReadAction","target":["https:\/\/hebergement.universite-paris-saclay.fr\/brigaud\/enseignements\/"]}]},{"@type":"BreadcrumbList","@id":"https:\/\/hebergement.universite-paris-saclay.fr\/brigaud\/enseignements\/#breadcrumb","itemListElement":[{"@type":"ListItem","position":1,"name":"Accueil","item":"https:\/\/hebergement.universite-paris-saclay.fr\/brigaud\/"},{"@type":"ListItem","position":2,"name":"Enseignements"}]},{"@type":"WebSite","@id":"https:\/\/hebergement.universite-paris-saclay.fr\/brigaud\/#website","url":"https:\/\/hebergement.universite-paris-saclay.fr\/brigaud\/","name":"benjamin brigaud","description":"s\u00e9dimentologue","publisher":{"@id":"https:\/\/hebergement.universite-paris-saclay.fr\/brigaud\/#organization"},"potentialAction":[{"@type":"SearchAction","target":{"@type":"EntryPoint","urlTemplate":"https:\/\/hebergement.universite-paris-saclay.fr\/brigaud\/?s={search_term_string}"},"query-input":{"@type":"PropertyValueSpecification","valueRequired":true,"valueName":"search_term_string"}}],"inLanguage":"fr-FR"},{"@type":"Organization","@id":"https:\/\/hebergement.universite-paris-saclay.fr\/brigaud\/#organization","name":"Universit\u00e9 Paris-Saclay","url":"https:\/\/hebergement.universite-paris-saclay.fr\/brigaud\/","logo":{"@type":"ImageObject","inLanguage":"fr-FR","@id":"https:\/\/hebergement.universite-paris-saclay.fr\/brigaud\/#\/schema\/logo\/image\/","url":"http:\/\/hebergement.universite-paris-saclay.fr\/brigaud\/wp-admin\/uploads\/UPSACLAY-2020.png","contentUrl":"http:\/\/hebergement.universite-paris-saclay.fr\/brigaud\/wp-admin\/uploads\/UPSACLAY-2020.png","width":178,"height":80,"caption":"Universit\u00e9 Paris-Saclay"},"image":{"@id":"https:\/\/hebergement.universite-paris-saclay.fr\/brigaud\/#\/schema\/logo\/image\/"}}]}},"_links":{"self":[{"href":"https:\/\/hebergement.universite-paris-saclay.fr\/brigaud\/wp-json\/wp\/v2\/pages\/29","targetHints":{"allow":["GET"]}}],"collection":[{"href":"https:\/\/hebergement.universite-paris-saclay.fr\/brigaud\/wp-json\/wp\/v2\/pages"}],"about":[{"href":"https:\/\/hebergement.universite-paris-saclay.fr\/brigaud\/wp-json\/wp\/v2\/types\/page"}],"author":[{"embeddable":true,"href":"https:\/\/hebergement.universite-paris-saclay.fr\/brigaud\/wp-json\/wp\/v2\/users\/1"}],"replies":[{"embeddable":true,"href":"https:\/\/hebergement.universite-paris-saclay.fr\/brigaud\/wp-json\/wp\/v2\/comments?post=29"}],"version-history":[{"count":14,"href":"https:\/\/hebergement.universite-paris-saclay.fr\/brigaud\/wp-json\/wp\/v2\/pages\/29\/revisions"}],"predecessor-version":[{"id":2986,"href":"https:\/\/hebergement.universite-paris-saclay.fr\/brigaud\/wp-json\/wp\/v2\/pages\/29\/revisions\/2986"}],"wp:attachment":[{"href":"https:\/\/hebergement.universite-paris-saclay.fr\/brigaud\/wp-json\/wp\/v2\/media?parent=29"}],"curies":[{"name":"wp","href":"https:\/\/api.w.org\/{rel}","templated":true}]}}