{"id":3198,"date":"2023-08-19T10:04:37","date_gmt":"2023-08-19T10:04:37","guid":{"rendered":"http:\/\/hebergement.universite-paris-saclay.fr\/brigaud\/?page_id=3198"},"modified":"2025-04-30T10:28:15","modified_gmt":"2025-04-30T10:28:15","slug":"media-generalistes","status":"publish","type":"page","link":"https:\/\/hebergement.universite-paris-saclay.fr\/brigaud\/media\/media-generalistes\/","title":{"rendered":"M\u00e9dia g\u00e9n\u00e9ralistes"},"content":{"rendered":"\n<p>Brigaud, B., 2023<strong>.<\/strong> <a href=\"https:\/\/theconversation.com\/la-geothermie-enjeu-majeur-pour-la-neutralite-carbone-des-zones-urbaines-207994\" target=\"_blank\" rel=\"noreferrer noopener\">La g\u00e9othermie, enjeu majeur pour la neutralit\u00e9 carbone des zones urbaines<\/a>, The Conversation. <a href=\"https:\/\/hal.science\/hal-04180476v1\" target=\"_blank\" rel=\"noreferrer noopener\">\u27e8hal-04180476\u27e9<\/a><\/p>\n\n\n\n<p>Article republi\u00e9 sur <a href=\"https:\/\/www.20minutes.fr\/planete\/rechauffement-climatique\/4048361-20230809-transition-energetique-pourquoi-geothermie-enjeu-majeur-neutralite-carbone-zones-urbaines\" target=\"_blank\" rel=\"noreferrer noopener\">20 minutes<\/a>, <a href=\"https:\/\/www.transitionsenergies.com\/geothermie-enjeu-majeur-neutralite-carbone-zones-urbaines\/\" target=\"_blank\" rel=\"noreferrer noopener\">Transitions &amp; Energies<\/a> et <a href=\"https:\/\/www.goodplanet.info\/2023\/08\/29\/la-geothermie-enjeu-majeur-pour-la-neutralite-carbone-des-zones-urbaines\/\" target=\"_blank\" rel=\"noreferrer noopener\">GoodPlanetmag\u2019<\/a><\/p>\n\n\n\n<h3 class=\"wp-block-heading\">Interviews<\/h3>\n\n\n\n<p><strong>2024<\/strong><\/p>\n\n\n\n<p>Interview dans l&rsquo;Opinion pour l\u2019article \u00ab&nbsp;G\u00e9othermie&nbsp;: un nouvel \u00e2ge d\u2019or pour les mines de charbon&nbsp;?&nbsp;\u00bb <a href=\"https:\/\/www.lopinion.fr\/economie\/geothermie-un-nouvel-age-dor-pour-les-vieilles-mines-de-charbon\">L<\/a><a href=\"https:\/\/www.lopinion.fr\/economie\/geothermie-un-nouvel-age-dor-pour-les-vieilles-mines-de-charbon\" target=\"_blank\" rel=\"noreferrer noopener\">ien<\/a><\/p>\n\n\n\n<p>Interview dans l&rsquo;Opinion pour l\u2019article \u00ab&nbsp;G\u00e9othermie d\u2019extr\u00eame profondeur : le r\u00eave fou d\u2019une \u00e9nergie propre et illimit\u00e9e&nbsp;\u00bb <a href=\"https:\/\/www.lopinion.fr\/economie\/geothermie-dextreme-profondeur-le-reve-fou-dune-energie-propre-et-illimitee\">Lien<\/a><\/p>\n\n\n\n<p>Interview pour la revue Sciences&amp;Vie pour un dossier sur la \u00ab&nbsp;Chaleur renouvelable&nbsp;: La grande oubli\u00e9e de la transition \u00e9nerg\u00e9tique&nbsp;\u00bb, num\u00e9ro aout 2024, pp. 94-99 <a href=\"https:\/\/www.science-et-vie.com\/article-magazine\/la-grande-oubliee-de-la-transition-energetique\" target=\"_blank\" rel=\"noreferrer noopener\">Lien<\/a><\/p>\n\n\n\n<p><strong>2023<\/strong><\/p>\n\n\n\n<p>Interview dans l&rsquo;Opinion pour l&rsquo;article \u00ab La g\u00e9othermie ou l\u2019\u00e9norme potentiel \u00e9nerg\u00e9tique de la chaleur sous nos pieds \u00bb <a href=\"https:\/\/www.lopinion.fr\/economie\/la-geothermie-ou-lenorme-potentiel-energetique-de-la-chaleur-sous-nos-pieds\">Lien<\/a> <\/p>\n\n\n\n<p>Interview dans Futura \u00ab Des calories inexploit\u00e9es \u00bb<\/p>\n\n\n\n<p><\/p>\n","protected":false},"excerpt":{"rendered":"<p>Brigaud, B., 2023. La g\u00e9othermie, enjeu majeur pour la neutralit\u00e9 carbone des zones urbaines, The Conversation. \u27e8hal-04180476\u27e9 Article republi\u00e9 sur 20 minutes, Transitions &amp; Energies et GoodPlanetmag\u2019 Interviews 2024 Interview dans l&rsquo;Opinion pour l\u2019article \u00ab&nbsp;G\u00e9othermie&nbsp;: un nouvel \u00e2ge d\u2019or pour les mines de charbon&nbsp;?&nbsp;\u00bb Lien Interview dans l&rsquo;Opinion pour l\u2019article \u00ab&nbsp;G\u00e9othermie d\u2019extr\u00eame profondeur : le [&hellip;]<\/p>\n","protected":false},"author":1,"featured_media":0,"parent":214,"menu_order":1,"comment_status":"closed","ping_status":"closed","template":"","meta":{"ngg_post_thumbnail":0,"footnotes":""},"class_list":["post-3198","page","type-page","status-publish","hentry","post-preview"],"yoast_head":"<!-- This site is optimized with the Yoast SEO plugin v26.7 - https:\/\/yoast.com\/wordpress\/plugins\/seo\/ -->\n<title>M\u00e9dia g\u00e9n\u00e9ralistes - benjamin brigaud<\/title>\n<meta name=\"robots\" content=\"index, follow, max-snippet:-1, max-image-preview:large, max-video-preview:-1\" \/>\n<link rel=\"canonical\" href=\"https:\/\/hebergement.universite-paris-saclay.fr\/brigaud\/media\/media-generalistes\/\" \/>\n<meta property=\"og:locale\" content=\"fr_FR\" \/>\n<meta property=\"og:type\" content=\"article\" \/>\n<meta property=\"og:title\" content=\"M\u00e9dia g\u00e9n\u00e9ralistes - benjamin brigaud\" \/>\n<meta property=\"og:description\" content=\"Brigaud, B., 2023. La g\u00e9othermie, enjeu majeur pour la neutralit\u00e9 carbone des zones urbaines, The Conversation. \u27e8hal-04180476\u27e9 Article republi\u00e9 sur 20 minutes, Transitions &amp; Energies et GoodPlanetmag\u2019 Interviews 2024 Interview dans l&rsquo;Opinion pour l\u2019article \u00ab&nbsp;G\u00e9othermie&nbsp;: un nouvel \u00e2ge d\u2019or pour les mines de charbon&nbsp;?&nbsp;\u00bb Lien Interview dans l&rsquo;Opinion pour l\u2019article \u00ab&nbsp;G\u00e9othermie d\u2019extr\u00eame profondeur : le [&hellip;]\" \/>\n<meta property=\"og:url\" content=\"https:\/\/hebergement.universite-paris-saclay.fr\/brigaud\/media\/media-generalistes\/\" \/>\n<meta property=\"og:site_name\" content=\"benjamin brigaud\" \/>\n<meta property=\"article:modified_time\" content=\"2025-04-30T10:28:15+00:00\" \/>\n<meta name=\"twitter:card\" content=\"summary_large_image\" \/>\n<meta name=\"twitter:label1\" content=\"Dur\u00e9e de lecture estim\u00e9e\" \/>\n\t<meta name=\"twitter:data1\" content=\"1 minute\" \/>\n<script type=\"application\/ld+json\" class=\"yoast-schema-graph\">{\"@context\":\"https:\/\/schema.org\",\"@graph\":[{\"@type\":\"WebPage\",\"@id\":\"https:\/\/hebergement.universite-paris-saclay.fr\/brigaud\/media\/media-generalistes\/\",\"url\":\"https:\/\/hebergement.universite-paris-saclay.fr\/brigaud\/media\/media-generalistes\/\",\"name\":\"M\u00e9dia g\u00e9n\u00e9ralistes - benjamin brigaud\",\"isPartOf\":{\"@id\":\"https:\/\/hebergement.universite-paris-saclay.fr\/brigaud\/#website\"},\"datePublished\":\"2023-08-19T10:04:37+00:00\",\"dateModified\":\"2025-04-30T10:28:15+00:00\",\"breadcrumb\":{\"@id\":\"https:\/\/hebergement.universite-paris-saclay.fr\/brigaud\/media\/media-generalistes\/#breadcrumb\"},\"inLanguage\":\"fr-FR\",\"potentialAction\":[{\"@type\":\"ReadAction\",\"target\":[\"https:\/\/hebergement.universite-paris-saclay.fr\/brigaud\/media\/media-generalistes\/\"]}]},{\"@type\":\"BreadcrumbList\",\"@id\":\"https:\/\/hebergement.universite-paris-saclay.fr\/brigaud\/media\/media-generalistes\/#breadcrumb\",\"itemListElement\":[{\"@type\":\"ListItem\",\"position\":1,\"name\":\"Accueil\",\"item\":\"https:\/\/hebergement.universite-paris-saclay.fr\/brigaud\/\"},{\"@type\":\"ListItem\",\"position\":2,\"name\":\"M\u00e9dia\",\"item\":\"http:\/\/hebergement.universite-paris-saclay.fr\/brigaud\/media\/\"},{\"@type\":\"ListItem\",\"position\":3,\"name\":\"M\u00e9dia g\u00e9n\u00e9ralistes\"}]},{\"@type\":\"WebSite\",\"@id\":\"https:\/\/hebergement.universite-paris-saclay.fr\/brigaud\/#website\",\"url\":\"https:\/\/hebergement.universite-paris-saclay.fr\/brigaud\/\",\"name\":\"benjamin brigaud\",\"description\":\"s\u00e9dimentologue\",\"publisher\":{\"@id\":\"https:\/\/hebergement.universite-paris-saclay.fr\/brigaud\/#organization\"},\"potentialAction\":[{\"@type\":\"SearchAction\",\"target\":{\"@type\":\"EntryPoint\",\"urlTemplate\":\"https:\/\/hebergement.universite-paris-saclay.fr\/brigaud\/?s={search_term_string}\"},\"query-input\":{\"@type\":\"PropertyValueSpecification\",\"valueRequired\":true,\"valueName\":\"search_term_string\"}}],\"inLanguage\":\"fr-FR\"},{\"@type\":\"Organization\",\"@id\":\"https:\/\/hebergement.universite-paris-saclay.fr\/brigaud\/#organization\",\"name\":\"Universit\u00e9 Paris-Saclay\",\"url\":\"https:\/\/hebergement.universite-paris-saclay.fr\/brigaud\/\",\"logo\":{\"@type\":\"ImageObject\",\"inLanguage\":\"fr-FR\",\"@id\":\"https:\/\/hebergement.universite-paris-saclay.fr\/brigaud\/#\/schema\/logo\/image\/\",\"url\":\"http:\/\/hebergement.universite-paris-saclay.fr\/brigaud\/wp-admin\/uploads\/UPSACLAY-2020.png\",\"contentUrl\":\"http:\/\/hebergement.universite-paris-saclay.fr\/brigaud\/wp-admin\/uploads\/UPSACLAY-2020.png\",\"width\":178,\"height\":80,\"caption\":\"Universit\u00e9 Paris-Saclay\"},\"image\":{\"@id\":\"https:\/\/hebergement.universite-paris-saclay.fr\/brigaud\/#\/schema\/logo\/image\/\"}}]}<\/script>\n<!-- \/ Yoast SEO plugin. -->","yoast_head_json":{"title":"M\u00e9dia g\u00e9n\u00e9ralistes - benjamin brigaud","robots":{"index":"index","follow":"follow","max-snippet":"max-snippet:-1","max-image-preview":"max-image-preview:large","max-video-preview":"max-video-preview:-1"},"canonical":"https:\/\/hebergement.universite-paris-saclay.fr\/brigaud\/media\/media-generalistes\/","og_locale":"fr_FR","og_type":"article","og_title":"M\u00e9dia g\u00e9n\u00e9ralistes - benjamin brigaud","og_description":"Brigaud, B., 2023. La g\u00e9othermie, enjeu majeur pour la neutralit\u00e9 carbone des zones urbaines, The Conversation. \u27e8hal-04180476\u27e9 Article republi\u00e9 sur 20 minutes, Transitions &amp; Energies et GoodPlanetmag\u2019 Interviews 2024 Interview dans l&rsquo;Opinion pour l\u2019article \u00ab&nbsp;G\u00e9othermie&nbsp;: un nouvel \u00e2ge d\u2019or pour les mines de charbon&nbsp;?&nbsp;\u00bb Lien Interview dans l&rsquo;Opinion pour l\u2019article \u00ab&nbsp;G\u00e9othermie d\u2019extr\u00eame profondeur : le [&hellip;]","og_url":"https:\/\/hebergement.universite-paris-saclay.fr\/brigaud\/media\/media-generalistes\/","og_site_name":"benjamin brigaud","article_modified_time":"2025-04-30T10:28:15+00:00","twitter_card":"summary_large_image","twitter_misc":{"Dur\u00e9e de lecture estim\u00e9e":"1 minute"},"schema":{"@context":"https:\/\/schema.org","@graph":[{"@type":"WebPage","@id":"https:\/\/hebergement.universite-paris-saclay.fr\/brigaud\/media\/media-generalistes\/","url":"https:\/\/hebergement.universite-paris-saclay.fr\/brigaud\/media\/media-generalistes\/","name":"M\u00e9dia g\u00e9n\u00e9ralistes - benjamin brigaud","isPartOf":{"@id":"https:\/\/hebergement.universite-paris-saclay.fr\/brigaud\/#website"},"datePublished":"2023-08-19T10:04:37+00:00","dateModified":"2025-04-30T10:28:15+00:00","breadcrumb":{"@id":"https:\/\/hebergement.universite-paris-saclay.fr\/brigaud\/media\/media-generalistes\/#breadcrumb"},"inLanguage":"fr-FR","potentialAction":[{"@type":"ReadAction","target":["https:\/\/hebergement.universite-paris-saclay.fr\/brigaud\/media\/media-generalistes\/"]}]},{"@type":"BreadcrumbList","@id":"https:\/\/hebergement.universite-paris-saclay.fr\/brigaud\/media\/media-generalistes\/#breadcrumb","itemListElement":[{"@type":"ListItem","position":1,"name":"Accueil","item":"https:\/\/hebergement.universite-paris-saclay.fr\/brigaud\/"},{"@type":"ListItem","position":2,"name":"M\u00e9dia","item":"http:\/\/hebergement.universite-paris-saclay.fr\/brigaud\/media\/"},{"@type":"ListItem","position":3,"name":"M\u00e9dia g\u00e9n\u00e9ralistes"}]},{"@type":"WebSite","@id":"https:\/\/hebergement.universite-paris-saclay.fr\/brigaud\/#website","url":"https:\/\/hebergement.universite-paris-saclay.fr\/brigaud\/","name":"benjamin brigaud","description":"s\u00e9dimentologue","publisher":{"@id":"https:\/\/hebergement.universite-paris-saclay.fr\/brigaud\/#organization"},"potentialAction":[{"@type":"SearchAction","target":{"@type":"EntryPoint","urlTemplate":"https:\/\/hebergement.universite-paris-saclay.fr\/brigaud\/?s={search_term_string}"},"query-input":{"@type":"PropertyValueSpecification","valueRequired":true,"valueName":"search_term_string"}}],"inLanguage":"fr-FR"},{"@type":"Organization","@id":"https:\/\/hebergement.universite-paris-saclay.fr\/brigaud\/#organization","name":"Universit\u00e9 Paris-Saclay","url":"https:\/\/hebergement.universite-paris-saclay.fr\/brigaud\/","logo":{"@type":"ImageObject","inLanguage":"fr-FR","@id":"https:\/\/hebergement.universite-paris-saclay.fr\/brigaud\/#\/schema\/logo\/image\/","url":"http:\/\/hebergement.universite-paris-saclay.fr\/brigaud\/wp-admin\/uploads\/UPSACLAY-2020.png","contentUrl":"http:\/\/hebergement.universite-paris-saclay.fr\/brigaud\/wp-admin\/uploads\/UPSACLAY-2020.png","width":178,"height":80,"caption":"Universit\u00e9 Paris-Saclay"},"image":{"@id":"https:\/\/hebergement.universite-paris-saclay.fr\/brigaud\/#\/schema\/logo\/image\/"}}]}},"_links":{"self":[{"href":"https:\/\/hebergement.universite-paris-saclay.fr\/brigaud\/wp-json\/wp\/v2\/pages\/3198","targetHints":{"allow":["GET"]}}],"collection":[{"href":"https:\/\/hebergement.universite-paris-saclay.fr\/brigaud\/wp-json\/wp\/v2\/pages"}],"about":[{"href":"https:\/\/hebergement.universite-paris-saclay.fr\/brigaud\/wp-json\/wp\/v2\/types\/page"}],"author":[{"embeddable":true,"href":"https:\/\/hebergement.universite-paris-saclay.fr\/brigaud\/wp-json\/wp\/v2\/users\/1"}],"replies":[{"embeddable":true,"href":"https:\/\/hebergement.universite-paris-saclay.fr\/brigaud\/wp-json\/wp\/v2\/comments?post=3198"}],"version-history":[{"count":9,"href":"https:\/\/hebergement.universite-paris-saclay.fr\/brigaud\/wp-json\/wp\/v2\/pages\/3198\/revisions"}],"predecessor-version":[{"id":3400,"href":"https:\/\/hebergement.universite-paris-saclay.fr\/brigaud\/wp-json\/wp\/v2\/pages\/3198\/revisions\/3400"}],"up":[{"embeddable":true,"href":"https:\/\/hebergement.universite-paris-saclay.fr\/brigaud\/wp-json\/wp\/v2\/pages\/214"}],"wp:attachment":[{"href":"https:\/\/hebergement.universite-paris-saclay.fr\/brigaud\/wp-json\/wp\/v2\/media?parent=3198"}],"curies":[{"name":"wp","href":"https:\/\/api.w.org\/{rel}","templated":true}]}}