{"id":833,"date":"2014-01-07T22:14:41","date_gmt":"2014-01-07T22:14:41","guid":{"rendered":"http:\/\/hebergement.u-psud.fr\/brigaud\/?page_id=833"},"modified":"2025-04-30T10:37:47","modified_gmt":"2025-04-30T10:37:47","slug":"ouvragechapitre-douvrage","status":"publish","type":"page","link":"https:\/\/hebergement.universite-paris-saclay.fr\/brigaud\/publications\/ouvragechapitre-douvrage\/","title":{"rendered":"Ouvrages collectifs"},"content":{"rendered":"<div class=\"wp-block-image\">\n<figure class=\"alignleft size-full is-resized\"><img loading=\"lazy\" decoding=\"async\" width=\"600\" height=\"847\" src=\"http:\/\/hebergement.universite-paris-saclay.fr\/brigaud\/wp-admin\/uploads\/9782100740017-001-T.jpeg\" alt=\"\" class=\"wp-image-2012\" style=\"width:85px;height:undefinedpx\" srcset=\"https:\/\/hebergement.universite-paris-saclay.fr\/brigaud\/wp-admin\/uploads\/9782100740017-001-T.jpeg 600w, https:\/\/hebergement.universite-paris-saclay.fr\/brigaud\/wp-admin\/uploads\/9782100740017-001-T-213x300.jpeg 213w\" sizes=\"auto, (max-width: 600px) 100vw, 600px\" \/><\/figure>\n<\/div>\n\n\n<p>Deconinck, J. F., <strong>Brigaud, B<\/strong>., Pellenard, P., 2016. P\u00e9trographie et environnements s\u00e9dimentaires. <a aria-label=\"Dunod, Collection Sciences Sup (s\u2019ouvre dans un nouvel onglet)\" href=\"https:\/\/www.dunod.com\/sciences-techniques\/petrographie-et-environnements-sedimentaires-cours-et-exercices-corriges-0\" target=\"_blank\" rel=\"noreferrer noopener\">Dunod, Collection Sciences Sup<\/a>, 384 pages<\/p>\n\n\n\n<p><\/p>\n\n\n\n<p><\/p>\n\n\n\n<p><\/p>\n\n\n\n<p><\/p>\n\n\n\n<hr class=\"wp-block-separator has-alpha-channel-opacity\"\/>\n\n\n<div class=\"wp-block-image\">\n<figure class=\"alignleft size-full is-resized\"><img loading=\"lazy\" decoding=\"async\" width=\"153\" height=\"219\" src=\"http:\/\/hebergement.universite-paris-saclay.fr\/brigaud\/wp-admin\/uploads\/atlas_reptile2.jpg\" alt=\"\" class=\"wp-image-1009\" style=\"width:85px;height:undefinedpx\"\/><\/figure>\n<\/div>\n\n\n<p>Gand, G., Bourillot, R., <strong>Brigaud, B<\/strong>., Steyer, J-S, Peyrouse, J-B. 2012. <a href=\"http:\/\/hebergement.u-psud.fr\/brigaud\/wp-admin\/uploads\/Gand-et-al-2014-Reptiles-BourgogneBHS12.pdf\" target=\"_blank\" rel=\"noopener noreferrer\">Les Reptiles et Synapsides fossiles de Bourgogne<\/a>. in Sirugue, D et Varanguin, N. ed.&nbsp; Atlas des Reptiles de Bourgogne. <em>Rev. sci. Bourgogne-Nature<\/em> \u2013 Hors-s\u00e9rie 12, 33-97<\/p>\n\n\n\n<p><\/p>\n\n\n\n<p><\/p>\n\n\n\n<hr class=\"wp-block-separator has-alpha-channel-opacity\"\/>\n\n\n<div class=\"wp-block-image\">\n<figure class=\"alignleft size-full is-resized\"><img loading=\"lazy\" decoding=\"async\" width=\"150\" height=\"219\" src=\"http:\/\/hebergement.universite-paris-saclay.fr\/brigaud\/wp-admin\/uploads\/amphibien_BNHS11.jpg\" alt=\"\" class=\"wp-image-1008\" style=\"width:85px;height:undefinedpx\"\/><\/figure>\n<\/div>\n\n\n<p><\/p>\n\n\n\n<p><\/p>\n\n\n\n<p>Gand, G., Bourillot, R., <strong>Brigaud, B<\/strong>., Steyer, J-S, Peyrouse, J-B. 2012. <a href=\"http:\/\/hebergement.u-psud.fr\/brigaud\/wp-admin\/uploads\/Gand-et-al-2013-Amphibiens-BNHS11.pdf\" target=\"_blank\" rel=\"noopener noreferrer\">Les Amphibiens fossiles de Bourgogne (Temnospondyles et Lissamphibiens)<\/a>. in Sirugue, D. ed., Atlas des amphibiens de Bourgogne. <em>Rev. sci. Bourgogne-Nature<\/em> \u2013 Hors-s\u00e9rie 11, 47-69<\/p>\n\n\n\n<hr class=\"wp-block-separator has-alpha-channel-opacity\"\/>\n\n\n<div class=\"wp-block-image\">\n<figure class=\"alignleft size-large is-resized\"><img loading=\"lazy\" decoding=\"async\" width=\"740\" height=\"1024\" src=\"http:\/\/hebergement.universite-paris-saclay.fr\/brigaud\/wp-admin\/uploads\/img252-740x1024.jpg\" alt=\"\" class=\"wp-image-447\" style=\"width:85px;height:undefinedpx\" srcset=\"https:\/\/hebergement.universite-paris-saclay.fr\/brigaud\/wp-admin\/uploads\/img252-740x1024.jpg 740w, https:\/\/hebergement.universite-paris-saclay.fr\/brigaud\/wp-admin\/uploads\/img252-216x300.jpg 216w\" sizes=\"auto, (max-width: 740px) 100vw, 740px\" \/><\/figure>\n<\/div>\n\n\n<p><strong>Brigaud, B.<\/strong>, Vincent, B., Landrein, P., 2011. S\u00e9dimentologie, stratigraphie et diagen\u00e8se des carbonates du Jurassique de l\u2019Est du Bassin de Paris: Influences sur le syst\u00e8me hydrologique du secteur de Meuse\/Haute-Marne (Laboratoire Andra), 13\u00e8me Congr\u00e8s Fran\u00e7ais de S\u00e9dimentologie, Dijon 2011, Livret d\u2019excursion, Pub. ASF, n\u00b069, 81 p.<\/p>\n\n\n\n<hr class=\"wp-block-separator has-alpha-channel-opacity\"\/>\n\n\n<div class=\"wp-block-image\">\n<figure class=\"alignleft size-full is-resized\"><img loading=\"lazy\" decoding=\"async\" width=\"525\" height=\"751\" src=\"http:\/\/hebergement.universite-paris-saclay.fr\/brigaud\/wp-admin\/uploads\/cover_JAGBP.jpg\" alt=\"\" class=\"wp-image-78\" style=\"width:85px;height:undefinedpx\" srcset=\"https:\/\/hebergement.universite-paris-saclay.fr\/brigaud\/wp-admin\/uploads\/cover_JAGBP.jpg 525w, https:\/\/hebergement.universite-paris-saclay.fr\/brigaud\/wp-admin\/uploads\/cover_JAGBP-209x300.jpg 209w\" sizes=\"auto, (max-width: 525px) 100vw, 525px\" \/><\/figure>\n<\/div>\n\n\n<p>Thierry, J., <strong>Brigaud, B.<\/strong>, Carpentier, C., Pellenard, P. 2008. L&rsquo;environnement s\u00e9dimentaire du laboratoire Andra du site de Bure (Meuse \/ Haute-Marne). Journ\u00e9es d&rsquo;Automne. Livret d\u2019excursion. Association des G\u00e9ologues du Bassin de Paris. 48 p.<\/p>\n","protected":false},"excerpt":{"rendered":"<p>Deconinck, J. F., Brigaud, B., Pellenard, P., 2016. P\u00e9trographie et environnements s\u00e9dimentaires. Dunod, Collection Sciences Sup, 384 pages Gand, G., Bourillot, R., Brigaud, B., Steyer, J-S, Peyrouse, J-B. 2012. Les Reptiles et Synapsides fossiles de Bourgogne. in Sirugue, D et Varanguin, N. ed.&nbsp; Atlas des Reptiles de Bourgogne. Rev. sci. Bourgogne-Nature \u2013 Hors-s\u00e9rie 12, 33-97 [&hellip;]<\/p>\n","protected":false},"author":1,"featured_media":0,"parent":18,"menu_order":3,"comment_status":"closed","ping_status":"closed","template":"","meta":{"ngg_post_thumbnail":0,"footnotes":""},"class_list":["post-833","page","type-page","status-publish","hentry","post-preview"],"yoast_head":"<!-- This site is optimized with the Yoast SEO plugin v26.7 - https:\/\/yoast.com\/wordpress\/plugins\/seo\/ -->\n<title>Ouvrages collectifs - benjamin brigaud<\/title>\n<meta name=\"robots\" content=\"index, follow, max-snippet:-1, max-image-preview:large, max-video-preview:-1\" \/>\n<link rel=\"canonical\" href=\"https:\/\/hebergement.universite-paris-saclay.fr\/brigaud\/publications\/ouvragechapitre-douvrage\/\" \/>\n<meta property=\"og:locale\" content=\"fr_FR\" \/>\n<meta property=\"og:type\" content=\"article\" \/>\n<meta property=\"og:title\" content=\"Ouvrages collectifs - benjamin brigaud\" \/>\n<meta property=\"og:description\" content=\"Deconinck, J. F., Brigaud, B., Pellenard, P., 2016. P\u00e9trographie et environnements s\u00e9dimentaires. Dunod, Collection Sciences Sup, 384 pages Gand, G., Bourillot, R., Brigaud, B., Steyer, J-S, Peyrouse, J-B. 2012. Les Reptiles et Synapsides fossiles de Bourgogne. in Sirugue, D et Varanguin, N. ed.&nbsp; Atlas des Reptiles de Bourgogne. Rev. sci. Bourgogne-Nature \u2013 Hors-s\u00e9rie 12, 33-97 [&hellip;]\" \/>\n<meta property=\"og:url\" content=\"https:\/\/hebergement.universite-paris-saclay.fr\/brigaud\/publications\/ouvragechapitre-douvrage\/\" \/>\n<meta property=\"og:site_name\" content=\"benjamin brigaud\" \/>\n<meta property=\"article:modified_time\" content=\"2025-04-30T10:37:47+00:00\" \/>\n<meta property=\"og:image\" content=\"http:\/\/hebergement.universite-paris-saclay.fr\/brigaud\/wp-admin\/uploads\/9782100740017-001-T.jpeg\" \/>\n<meta name=\"twitter:card\" content=\"summary_large_image\" \/>\n<meta name=\"twitter:label1\" content=\"Dur\u00e9e de lecture estim\u00e9e\" \/>\n\t<meta name=\"twitter:data1\" content=\"2 minutes\" \/>\n<script type=\"application\/ld+json\" class=\"yoast-schema-graph\">{\"@context\":\"https:\/\/schema.org\",\"@graph\":[{\"@type\":\"WebPage\",\"@id\":\"https:\/\/hebergement.universite-paris-saclay.fr\/brigaud\/publications\/ouvragechapitre-douvrage\/\",\"url\":\"https:\/\/hebergement.universite-paris-saclay.fr\/brigaud\/publications\/ouvragechapitre-douvrage\/\",\"name\":\"Ouvrages collectifs - benjamin brigaud\",\"isPartOf\":{\"@id\":\"https:\/\/hebergement.universite-paris-saclay.fr\/brigaud\/#website\"},\"primaryImageOfPage\":{\"@id\":\"https:\/\/hebergement.universite-paris-saclay.fr\/brigaud\/publications\/ouvragechapitre-douvrage\/#primaryimage\"},\"image\":{\"@id\":\"https:\/\/hebergement.universite-paris-saclay.fr\/brigaud\/publications\/ouvragechapitre-douvrage\/#primaryimage\"},\"thumbnailUrl\":\"http:\/\/hebergement.universite-paris-saclay.fr\/brigaud\/wp-admin\/uploads\/9782100740017-001-T.jpeg\",\"datePublished\":\"2014-01-07T22:14:41+00:00\",\"dateModified\":\"2025-04-30T10:37:47+00:00\",\"breadcrumb\":{\"@id\":\"https:\/\/hebergement.universite-paris-saclay.fr\/brigaud\/publications\/ouvragechapitre-douvrage\/#breadcrumb\"},\"inLanguage\":\"fr-FR\",\"potentialAction\":[{\"@type\":\"ReadAction\",\"target\":[\"https:\/\/hebergement.universite-paris-saclay.fr\/brigaud\/publications\/ouvragechapitre-douvrage\/\"]}]},{\"@type\":\"ImageObject\",\"inLanguage\":\"fr-FR\",\"@id\":\"https:\/\/hebergement.universite-paris-saclay.fr\/brigaud\/publications\/ouvragechapitre-douvrage\/#primaryimage\",\"url\":\"https:\/\/hebergement.universite-paris-saclay.fr\/brigaud\/wp-admin\/uploads\/9782100740017-001-T.jpeg\",\"contentUrl\":\"https:\/\/hebergement.universite-paris-saclay.fr\/brigaud\/wp-admin\/uploads\/9782100740017-001-T.jpeg\",\"width\":600,\"height\":847},{\"@type\":\"BreadcrumbList\",\"@id\":\"https:\/\/hebergement.universite-paris-saclay.fr\/brigaud\/publications\/ouvragechapitre-douvrage\/#breadcrumb\",\"itemListElement\":[{\"@type\":\"ListItem\",\"position\":1,\"name\":\"Accueil\",\"item\":\"https:\/\/hebergement.universite-paris-saclay.fr\/brigaud\/\"},{\"@type\":\"ListItem\",\"position\":2,\"name\":\"Publications\",\"item\":\"https:\/\/hebergement.universite-paris-saclay.fr\/brigaud\/publications\/\"},{\"@type\":\"ListItem\",\"position\":3,\"name\":\"Ouvrages collectifs\"}]},{\"@type\":\"WebSite\",\"@id\":\"https:\/\/hebergement.universite-paris-saclay.fr\/brigaud\/#website\",\"url\":\"https:\/\/hebergement.universite-paris-saclay.fr\/brigaud\/\",\"name\":\"benjamin brigaud\",\"description\":\"s\u00e9dimentologue\",\"publisher\":{\"@id\":\"https:\/\/hebergement.universite-paris-saclay.fr\/brigaud\/#organization\"},\"potentialAction\":[{\"@type\":\"SearchAction\",\"target\":{\"@type\":\"EntryPoint\",\"urlTemplate\":\"https:\/\/hebergement.universite-paris-saclay.fr\/brigaud\/?s={search_term_string}\"},\"query-input\":{\"@type\":\"PropertyValueSpecification\",\"valueRequired\":true,\"valueName\":\"search_term_string\"}}],\"inLanguage\":\"fr-FR\"},{\"@type\":\"Organization\",\"@id\":\"https:\/\/hebergement.universite-paris-saclay.fr\/brigaud\/#organization\",\"name\":\"Universit\u00e9 Paris-Saclay\",\"url\":\"https:\/\/hebergement.universite-paris-saclay.fr\/brigaud\/\",\"logo\":{\"@type\":\"ImageObject\",\"inLanguage\":\"fr-FR\",\"@id\":\"https:\/\/hebergement.universite-paris-saclay.fr\/brigaud\/#\/schema\/logo\/image\/\",\"url\":\"http:\/\/hebergement.universite-paris-saclay.fr\/brigaud\/wp-admin\/uploads\/UPSACLAY-2020.png\",\"contentUrl\":\"http:\/\/hebergement.universite-paris-saclay.fr\/brigaud\/wp-admin\/uploads\/UPSACLAY-2020.png\",\"width\":178,\"height\":80,\"caption\":\"Universit\u00e9 Paris-Saclay\"},\"image\":{\"@id\":\"https:\/\/hebergement.universite-paris-saclay.fr\/brigaud\/#\/schema\/logo\/image\/\"}}]}<\/script>\n<!-- \/ Yoast SEO plugin. -->","yoast_head_json":{"title":"Ouvrages collectifs - benjamin brigaud","robots":{"index":"index","follow":"follow","max-snippet":"max-snippet:-1","max-image-preview":"max-image-preview:large","max-video-preview":"max-video-preview:-1"},"canonical":"https:\/\/hebergement.universite-paris-saclay.fr\/brigaud\/publications\/ouvragechapitre-douvrage\/","og_locale":"fr_FR","og_type":"article","og_title":"Ouvrages collectifs - benjamin brigaud","og_description":"Deconinck, J. F., Brigaud, B., Pellenard, P., 2016. P\u00e9trographie et environnements s\u00e9dimentaires. Dunod, Collection Sciences Sup, 384 pages Gand, G., Bourillot, R., Brigaud, B., Steyer, J-S, Peyrouse, J-B. 2012. Les Reptiles et Synapsides fossiles de Bourgogne. in Sirugue, D et Varanguin, N. ed.&nbsp; Atlas des Reptiles de Bourgogne. Rev. sci. Bourgogne-Nature \u2013 Hors-s\u00e9rie 12, 33-97 [&hellip;]","og_url":"https:\/\/hebergement.universite-paris-saclay.fr\/brigaud\/publications\/ouvragechapitre-douvrage\/","og_site_name":"benjamin brigaud","article_modified_time":"2025-04-30T10:37:47+00:00","og_image":[{"url":"http:\/\/hebergement.universite-paris-saclay.fr\/brigaud\/wp-admin\/uploads\/9782100740017-001-T.jpeg","type":"","width":"","height":""}],"twitter_card":"summary_large_image","twitter_misc":{"Dur\u00e9e de lecture estim\u00e9e":"2 minutes"},"schema":{"@context":"https:\/\/schema.org","@graph":[{"@type":"WebPage","@id":"https:\/\/hebergement.universite-paris-saclay.fr\/brigaud\/publications\/ouvragechapitre-douvrage\/","url":"https:\/\/hebergement.universite-paris-saclay.fr\/brigaud\/publications\/ouvragechapitre-douvrage\/","name":"Ouvrages collectifs - benjamin brigaud","isPartOf":{"@id":"https:\/\/hebergement.universite-paris-saclay.fr\/brigaud\/#website"},"primaryImageOfPage":{"@id":"https:\/\/hebergement.universite-paris-saclay.fr\/brigaud\/publications\/ouvragechapitre-douvrage\/#primaryimage"},"image":{"@id":"https:\/\/hebergement.universite-paris-saclay.fr\/brigaud\/publications\/ouvragechapitre-douvrage\/#primaryimage"},"thumbnailUrl":"http:\/\/hebergement.universite-paris-saclay.fr\/brigaud\/wp-admin\/uploads\/9782100740017-001-T.jpeg","datePublished":"2014-01-07T22:14:41+00:00","dateModified":"2025-04-30T10:37:47+00:00","breadcrumb":{"@id":"https:\/\/hebergement.universite-paris-saclay.fr\/brigaud\/publications\/ouvragechapitre-douvrage\/#breadcrumb"},"inLanguage":"fr-FR","potentialAction":[{"@type":"ReadAction","target":["https:\/\/hebergement.universite-paris-saclay.fr\/brigaud\/publications\/ouvragechapitre-douvrage\/"]}]},{"@type":"ImageObject","inLanguage":"fr-FR","@id":"https:\/\/hebergement.universite-paris-saclay.fr\/brigaud\/publications\/ouvragechapitre-douvrage\/#primaryimage","url":"https:\/\/hebergement.universite-paris-saclay.fr\/brigaud\/wp-admin\/uploads\/9782100740017-001-T.jpeg","contentUrl":"https:\/\/hebergement.universite-paris-saclay.fr\/brigaud\/wp-admin\/uploads\/9782100740017-001-T.jpeg","width":600,"height":847},{"@type":"BreadcrumbList","@id":"https:\/\/hebergement.universite-paris-saclay.fr\/brigaud\/publications\/ouvragechapitre-douvrage\/#breadcrumb","itemListElement":[{"@type":"ListItem","position":1,"name":"Accueil","item":"https:\/\/hebergement.universite-paris-saclay.fr\/brigaud\/"},{"@type":"ListItem","position":2,"name":"Publications","item":"https:\/\/hebergement.universite-paris-saclay.fr\/brigaud\/publications\/"},{"@type":"ListItem","position":3,"name":"Ouvrages collectifs"}]},{"@type":"WebSite","@id":"https:\/\/hebergement.universite-paris-saclay.fr\/brigaud\/#website","url":"https:\/\/hebergement.universite-paris-saclay.fr\/brigaud\/","name":"benjamin brigaud","description":"s\u00e9dimentologue","publisher":{"@id":"https:\/\/hebergement.universite-paris-saclay.fr\/brigaud\/#organization"},"potentialAction":[{"@type":"SearchAction","target":{"@type":"EntryPoint","urlTemplate":"https:\/\/hebergement.universite-paris-saclay.fr\/brigaud\/?s={search_term_string}"},"query-input":{"@type":"PropertyValueSpecification","valueRequired":true,"valueName":"search_term_string"}}],"inLanguage":"fr-FR"},{"@type":"Organization","@id":"https:\/\/hebergement.universite-paris-saclay.fr\/brigaud\/#organization","name":"Universit\u00e9 Paris-Saclay","url":"https:\/\/hebergement.universite-paris-saclay.fr\/brigaud\/","logo":{"@type":"ImageObject","inLanguage":"fr-FR","@id":"https:\/\/hebergement.universite-paris-saclay.fr\/brigaud\/#\/schema\/logo\/image\/","url":"http:\/\/hebergement.universite-paris-saclay.fr\/brigaud\/wp-admin\/uploads\/UPSACLAY-2020.png","contentUrl":"http:\/\/hebergement.universite-paris-saclay.fr\/brigaud\/wp-admin\/uploads\/UPSACLAY-2020.png","width":178,"height":80,"caption":"Universit\u00e9 Paris-Saclay"},"image":{"@id":"https:\/\/hebergement.universite-paris-saclay.fr\/brigaud\/#\/schema\/logo\/image\/"}}]}},"_links":{"self":[{"href":"https:\/\/hebergement.universite-paris-saclay.fr\/brigaud\/wp-json\/wp\/v2\/pages\/833","targetHints":{"allow":["GET"]}}],"collection":[{"href":"https:\/\/hebergement.universite-paris-saclay.fr\/brigaud\/wp-json\/wp\/v2\/pages"}],"about":[{"href":"https:\/\/hebergement.universite-paris-saclay.fr\/brigaud\/wp-json\/wp\/v2\/types\/page"}],"author":[{"embeddable":true,"href":"https:\/\/hebergement.universite-paris-saclay.fr\/brigaud\/wp-json\/wp\/v2\/users\/1"}],"replies":[{"embeddable":true,"href":"https:\/\/hebergement.universite-paris-saclay.fr\/brigaud\/wp-json\/wp\/v2\/comments?post=833"}],"version-history":[{"count":21,"href":"https:\/\/hebergement.universite-paris-saclay.fr\/brigaud\/wp-json\/wp\/v2\/pages\/833\/revisions"}],"predecessor-version":[{"id":3408,"href":"https:\/\/hebergement.universite-paris-saclay.fr\/brigaud\/wp-json\/wp\/v2\/pages\/833\/revisions\/3408"}],"up":[{"embeddable":true,"href":"https:\/\/hebergement.universite-paris-saclay.fr\/brigaud\/wp-json\/wp\/v2\/pages\/18"}],"wp:attachment":[{"href":"https:\/\/hebergement.universite-paris-saclay.fr\/brigaud\/wp-json\/wp\/v2\/media?parent=833"}],"curies":[{"name":"wp","href":"https:\/\/api.w.org\/{rel}","templated":true}]}}