{"id":458,"date":"2022-01-14T15:31:30","date_gmt":"2022-01-14T14:31:30","guid":{"rendered":"http:\/\/hebergement.universite-paris-saclay.fr\/fsu-psud\/?page_id=458"},"modified":"2022-12-13T14:23:50","modified_gmt":"2022-12-13T13:23:50","slug":"publipostages-2022","status":"publish","type":"page","link":"https:\/\/hebergement.universite-paris-saclay.fr\/fsu-psud\/publipostages-2022\/","title":{"rendered":"Publipostages 2022"},"content":{"rendered":"\n<p><a href=\"https:\/\/hebergement.universite-paris-saclay.fr\/fsu-psud\/2022\/01\/14\/non-aux-chaires-de-professeur-junior-a-paris-saclay\/\">Non aux \u00ab\u00a0Chaires de Professeur Junior\u00a0\u00bb \u00e0 Paris-Saclay<\/a><\/p>\n\n\n\n<p><a href=\"https:\/\/hebergement.universite-paris-saclay.fr\/fsu-psud\/2022\/01\/26\/462\/\">Jeudi 27 janvier pour nos salaires, nos emplois, contre la pr\u00e9carit\u00e9 !<\/a><\/p>\n\n\n\n<p><a href=\"https:\/\/hebergement.universite-paris-saclay.fr\/fsu-psud\/2022\/02\/11\/contingent-cnu-de-promotions-face-a-la-mobilisation-le-ministere-recule\/\">Contingent CNU de promotions : face \u00e0 la mobilisation le minist\u00e8re recule<\/a><\/p>\n\n\n\n<p><a href=\"https:\/\/hebergement.universite-paris-saclay.fr\/fsu-psud\/2022\/02\/25\/non-a-la-guerre-en-ukraine-retrait-des-troupes-russes-et-solidarite-avec-les-peuples-victimes-des-politiques-guerrieres\/\">NON \u00e0 la guerre en Ukraine. Retrait des troupes russes et solidarit\u00e9 avec les peuples victimes des politiques guerri\u00e8res<\/a><\/p>\n\n\n\n<p><a href=\"https:\/\/hebergement.universite-paris-saclay.fr\/fsu-psud\/2022\/03\/08\/ensemble-en-greve-feministe-le-8-mars\/\">Ensemble, en gr\u00e8ve f\u00e9ministe le 8 Mars<\/a><\/p>\n\n\n\n<p><a href=\"https:\/\/hebergement.universite-paris-saclay.fr\/fsu-psud\/2022\/03\/08\/formation-dun-collectif-de-travailleurs-et-travailleuses-precaires-a-luniversite-paris-saclay\/\">Formation d&rsquo;un collectif de travailleurs et travailleuses pr\u00e9caires \u00e0 l&rsquo;universit\u00e9 Paris-Saclay<\/a><\/p>\n\n\n\n<p><a href=\"https:\/\/hebergement.universite-paris-saclay.fr\/fsu-psud\/2022\/04\/15\/reunion-debat-solidarite-avec-lukraine\/\">R\u00e9union d\u00e9bat &#8211; Solidarit\u00e9 avec l&rsquo;Ukraine<\/a><\/p>\n\n\n\n<p><a href=\"https:\/\/hebergement.universite-paris-saclay.fr\/fsu-psud\/2022\/04\/15\/non-a-lextreme-droite-pour-la-justice-et-legalite-appel-unitaire-aux-rassemblements-du-16-avril\/\">\u00ab Non \u00bb \u00e0 l&rsquo;extr\u00eame droite, pour la justice et l&rsquo;\u00e9galit\u00e9 ! &#8211; Appel unitaire aux rassemblements du 16 avril<\/a><\/p>\n\n\n\n<p><a href=\"https:\/\/hebergement.universite-paris-saclay.fr\/fsu-psud\/2022\/04\/25\/mardi-26-avril-10h-inspectons-la-scene-du-crime-sur-le-plateau-de-saclay\/\">Mardi 26 avril 10h, inspectons la Sc\u00e8ne du Crime sur le plateau de Saclay<\/a><\/p>\n\n\n\n<p><a href=\"https:\/\/hebergement.universite-paris-saclay.fr\/fsu-psud\/2022\/05\/04\/1er-mai-non-a-5-annees-supplementaires-de-regressions\/\">1er mai: Non \u00e0 5 ann\u00e9es suppl\u00e9mentaires de r\u00e9gressions !<\/a><\/p>\n\n\n\n<p><a href=\"https:\/\/hebergement.universite-paris-saclay.fr\/fsu-psud\/2022\/05\/19\/impacts-de-la-reforme-du-lycee-sur-la-formation-en-maths-et-en-sciences\">Impacts de la r\u00e9forme du lyc\u00e9e sur la formation en maths et en sciences<\/a><\/p>\n\n\n\n<p><a href=\"https:\/\/hebergement.universite-paris-saclay.fr\/fsu-psud\/2022\/05\/24\/message-de-la-part-du-nouveau-collectif-de-travailleur%c2%b7ses-precaires-colldoc\/\">Message de la part du nouveau collectif de travailleur\u00b7ses pr\u00e9caires (CollDoc)<\/a><\/p>\n\n\n\n<p><a href=\"https:\/\/hebergement.universite-paris-saclay.fr\/fsu-psud\/2022\/05\/24\/532\/\">Visite minist\u00e9rielle le 16 Mai<\/a><\/p>\n\n\n\n<p><a href=\"https:\/\/hebergement.universite-paris-saclay.fr\/fsu-psud\/2022\/05\/24\/ce-que-cache-le-ripec\/\">Ce que cache le RIPEC<\/a><\/p>\n\n\n\n<p><a href=\"https:\/\/hebergement.universite-paris-saclay.fr\/fsu-psud\/2022\/06\/03\/alerte-sur-limpact-de-la-reforme-du-lycee-sur-la-formation-en-mathematique\/\">Alerte sur l&rsquo;impact de la r\u00e9forme du lyc\u00e9e sur la formation en math\u00e9matique<\/a><\/p>\n\n\n\n<p><a href=\"https:\/\/hebergement.universite-paris-saclay.fr\/fsu-psud\/2022\/06\/03\/ripec-mardi-31-mai-a-la-ccec\/\">RIPEC  mardi 31 Mai \u00e0 la CCEC<\/a><\/p>\n\n\n\n<p><a href=\"https:\/\/hebergement.universite-paris-saclay.fr\/fsu-psud\/2022\/06\/03\/habemus-ministram\/\">Habemus ministram!<\/a><\/p>\n\n\n\n<p><a href=\"https:\/\/hebergement.universite-paris-saclay.fr\/fsu-psud\/2022\/06\/21\/ripec-3-au-coeur-de-lusine-a-gaz\/\">RIPEC 3 : au c\u0153ur de l&rsquo;usine \u00e0 gaz<\/a><\/p>\n\n\n\n<p><a href=\"https:\/\/hebergement.universite-paris-saclay.fr\/fsu-psud\/2022\/09\/11\/colldoc-se-mobilise-pour-obtenir-lexoneration-des-frais-dinscription-pour-les-doctorant%c2%b7es-et-sassurer-de-la-mensualisation-des-vacations\">CollDoc se mobilise pour obtenir l\u2019exon\u00e9ration des frais d\u2019inscription pour les doctorant\u00b7es et s\u2019assurer de la mensualisation des vacations !<\/a><\/p>\n\n\n\n<p><a href=\"https:\/\/hebergement.universite-paris-saclay.fr\/fsu-psud\/2022\/09\/13\/paris-saclay-prete-a-accueillir-les-etudiants-pas-vraiment\/\">Paris Saclay pr\u00eate \u00e0 accueillir les \u00e9tudiants ? Pas vraiment&#8230;<\/a><\/p>\n\n\n\n<p><a href=\"https:\/\/hebergement.universite-paris-saclay.fr\/fsu-psud\/2022\/09\/26\/le-29-septembre-en-greve-pour-nos-salaires\">Le 29 septembre, en gr\u00e8ve pour nos salaires !<\/a><\/p>\n\n\n\n<p><a href=\"https:\/\/hebergement.universite-paris-saclay.fr\/fsu-psud\/2022\/10\/10\/soiree-organisee-par-les-bifurcateurs-de-lagro\/\">Soir\u00e9e organis\u00e9e par les bifurcateurs de l&rsquo;Agro<\/a><\/p>\n\n\n\n<p><a href=\"https:\/\/hebergement.universite-paris-saclay.fr\/fsu-psud\/2022\/10\/17\/le-18-octobre-pour-les-salaires-est-la-defense-du-droit-de-greve\/\">Le 18 octobre pour les salaires est la d\u00e9fense du droit de gr\u00e8ve<\/a><\/p>\n\n\n\n<p><a href=\"https:\/\/hebergement.universite-paris-saclay.fr\/fsu-psud\/2022\/10\/20\/assemblee-generale\/\">Assembl\u00e9e G\u00e9n\u00e9rale le 20 Octobre<\/a><\/p>\n\n\n\n<p><a href=\"https:\/\/hebergement.universite-paris-saclay.fr\/fsu-psud\/2022\/11\/07\/strategie-et-reorganisation-de-luniversite-prendre-le-temps-de-la-reflexion\/\">Strat\u00e9gie et r\u00e9organisation de l&rsquo;universit\u00e9 &#8211; Prendre le temps de la r\u00e9flexion<\/a><\/p>\n\n\n\n<p><a href=\"https:\/\/hebergement.universite-paris-saclay.fr\/fsu-psud\/2022\/11\/07\/chaires-de-professeurs-junior\/\">Chaires de Professeurs Junior<\/a><\/p>\n\n\n\n<p><a href=\"https:\/\/hebergement.universite-paris-saclay.fr\/fsu-psud\/2022\/11\/10\/colldoc-organise-une-reunion-dinformation-et-de-discussion-pour-les-doctorant%c2%b7es-et-autres-travailleuses-precaires-de-luniversite-17-11-a-17h\">CollDoc organise une r\u00e9union d&rsquo;information et de discussion pour les doctorant\u00b7es et autres travailleuses pr\u00e9caires de l&rsquo;universit\u00e9 : 17\/11 \u00e0 17h<\/a><\/p>\n\n\n\n<p><a href=\"https:\/\/hebergement.universite-paris-saclay.fr\/fsu-psud\/2022\/11\/25\/elections-professionnelles-du-1er-au-8-decembre-votez-fsu-pour-les-salaires-et-les-conditions-de-travail\/\">\u00c9lections professionnelles du 1er au 8 d\u00e9cembre : votez FSU pour les salaires et les conditions de travail<\/a><\/p>\n\n\n\n<p><a href=\"http:\/\/allons-nous-continuer-la-recherche-scientifique-alexandre-grothendieck-1972\">Allons-nous continuer la reche<\/a><a href=\"https:\/\/hebergement.universite-paris-saclay.fr\/fsu-psud\/2022\/11\/25\/allons-nous-continuer-la-recherche-scientifique-alexandre-grothendieck-1972\/\">rche scientifique&nbsp;? (Alexandre Grothendieck , 1972)<\/a><\/p>\n\n\n\n<p><a href=\"https:\/\/hebergement.universite-paris-saclay.fr\/fsu-psud\/2022\/11\/25\/elections-professionnelles-du-1er-au-8-decembre-votez-fsu-contre-la-precarite-et-le-travail-gratuit\/\">\u00c9lections professionnelles du 1er&nbsp;au 8 d\u00e9cembre&nbsp;: votez FSU&nbsp;contre la pr\u00e9carit\u00e9 et le travail gratuit<\/a><\/p>\n\n\n\n<p><a href=\"https:\/\/hebergement.universite-paris-saclay.fr\/fsu-psud\/2022\/12\/05\/elections-professionnelles-profession-de-foi-fsu\/\">\u00c9lections professionnelles : profession de foi FSU<\/a><\/p>\n\n\n\n<p><a href=\"https:\/\/hebergement.universite-paris-saclay.fr\/fsu-psud\/2022\/12\/06\/demande-de-reclassement-des-ec-demande-a-deposer-avant-le-10-decembre\">Demande de reclassement des EC \u2013 Demande \u00e0 d\u00e9poser avant le 10 d\u00e9cembre<\/a><\/p>\n\n\n\n<p><a href=\"https:\/\/hebergement.universite-paris-saclay.fr\/fsu-psud\/2022\/12\/13\/merci-pour-votre-confiance\/\">\u00c9lections professionnelles : merci pour votre confiance<\/a><\/p>\n\n\n\n<p><a href=\"https:\/\/hebergement.universite-paris-saclay.fr\/fsu-psud\/2022\/12\/13\/surveillances-et-corrections-de-copies-stop-aux-abus\/\">Surveillances et corrections de copies &#8211; Stop aux abus !<\/a><\/p>\n","protected":false},"excerpt":{"rendered":"<p>Non aux \u00ab\u00a0Chaires de Professeur Junior\u00a0\u00bb \u00e0 Paris-Saclay Jeudi 27 janvier pour nos salaires, nos emplois, contre la pr\u00e9carit\u00e9 ! Contingent CNU de promotions : face \u00e0 la mobilisation le minist\u00e8re recule NON \u00e0 la guerre en Ukraine. Retrait des troupes russes et solidarit\u00e9 avec les peuples victimes des politiques guerri\u00e8res Ensemble, en gr\u00e8ve f\u00e9ministe &hellip; <\/p>\n<p class=\"link-more\"><a href=\"https:\/\/hebergement.universite-paris-saclay.fr\/fsu-psud\/publipostages-2022\/\" class=\"more-link\">Continuer la lecture<span class=\"screen-reader-text\"> de &laquo;&nbsp;Publipostages 2022&nbsp;&raquo;<\/span><\/a><\/p>\n","protected":false},"author":2,"featured_media":0,"parent":0,"menu_order":0,"comment_status":"closed","ping_status":"closed","template":"","meta":{"footnotes":""},"class_list":["post-458","page","type-page","status-publish","hentry"],"_links":{"self":[{"href":"https:\/\/hebergement.universite-paris-saclay.fr\/fsu-psud\/wp-json\/wp\/v2\/pages\/458","targetHints":{"allow":["GET"]}}],"collection":[{"href":"https:\/\/hebergement.universite-paris-saclay.fr\/fsu-psud\/wp-json\/wp\/v2\/pages"}],"about":[{"href":"https:\/\/hebergement.universite-paris-saclay.fr\/fsu-psud\/wp-json\/wp\/v2\/types\/page"}],"author":[{"embeddable":true,"href":"https:\/\/hebergement.universite-paris-saclay.fr\/fsu-psud\/wp-json\/wp\/v2\/users\/2"}],"replies":[{"embeddable":true,"href":"https:\/\/hebergement.universite-paris-saclay.fr\/fsu-psud\/wp-json\/wp\/v2\/comments?post=458"}],"version-history":[{"count":37,"href":"https:\/\/hebergement.universite-paris-saclay.fr\/fsu-psud\/wp-json\/wp\/v2\/pages\/458\/revisions"}],"predecessor-version":[{"id":655,"href":"https:\/\/hebergement.universite-paris-saclay.fr\/fsu-psud\/wp-json\/wp\/v2\/pages\/458\/revisions\/655"}],"wp:attachment":[{"href":"https:\/\/hebergement.universite-paris-saclay.fr\/fsu-psud\/wp-json\/wp\/v2\/media?parent=458"}],"curies":[{"name":"wp","href":"https:\/\/api.w.org\/{rel}","templated":true}]}}