{"id":8,"date":"2020-08-18T17:20:33","date_gmt":"2020-08-18T15:20:33","guid":{"rendered":"http:\/\/hebergement.universite-paris-saclay.fr\/fsu-psud\/?page_id=8"},"modified":"2021-02-18T12:00:54","modified_gmt":"2021-02-18T11:00:54","slug":"accueil","status":"publish","type":"page","link":"https:\/\/hebergement.universite-paris-saclay.fr\/fsu-psud\/","title":{"rendered":"La FSU \u00e0 l&rsquo;universit\u00e9 Paris-Saclay"},"content":{"rendered":"\n<figure class=\"wp-block-image size-large\"><img loading=\"lazy\" decoding=\"async\" width=\"1024\" height=\"533\" src=\"https:\/\/hebergement.universite-paris-saclay.fr\/fsu-psud\/wp-content\/uploads\/2021\/01\/logos-tous-carre-1024x533.png\" alt=\"\" class=\"wp-image-69\" srcset=\"https:\/\/hebergement.universite-paris-saclay.fr\/fsu-psud\/wp-content\/uploads\/2021\/01\/logos-tous-carre-1024x533.png 1024w, https:\/\/hebergement.universite-paris-saclay.fr\/fsu-psud\/wp-content\/uploads\/2021\/01\/logos-tous-carre-300x156.png 300w, https:\/\/hebergement.universite-paris-saclay.fr\/fsu-psud\/wp-content\/uploads\/2021\/01\/logos-tous-carre-768x400.png 768w, https:\/\/hebergement.universite-paris-saclay.fr\/fsu-psud\/wp-content\/uploads\/2021\/01\/logos-tous-carre-1536x800.png 1536w, https:\/\/hebergement.universite-paris-saclay.fr\/fsu-psud\/wp-content\/uploads\/2021\/01\/logos-tous-carre.png 1940w\" sizes=\"auto, (max-width: 706px) 89vw, (max-width: 767px) 82vw, 740px\" \/><\/figure>\n\n\n\n<p>Avec 160 000 adh\u00e9rents, La <a rel=\"noreferrer noopener\" href=\"http:\/\/fsu.fr\" data-type=\"URL\" data-id=\"fsu.fr\" target=\"_blank\">F\u00e9d\u00e9ration Syndicale Unitaire<\/a> est en France la deuxi\u00e8me organisation syndicale de la fonction publique d\u2019\u00c9tat. C\u2019est \u00e9galement la premi\u00e8re organisation syndicale de l\u2019enseignement. Cr\u00e9\u00e9e en 1993 apr\u00e8s l\u2019\u00e9clatement de la F\u00e9d\u00e9ration de l\u2019Education nationale (FEN), son fonctionnement associe les syndicats nationaux, les sections d\u00e9partementales et les tendances.<\/p>\n\n\n\n<p>Les syndicats de la FSU pr\u00e9sents \u00e0 l&rsquo;universit\u00e9 Paris-Saclay sont le <a href=\"http:\/\/www.snesup.fr\" data-type=\"URL\" data-id=\"www.snesup.fr\">SNESup<\/a> (enseignant-chercheur.se.s), le <a href=\"http:\/\/www.sncs.fr\" data-type=\"URL\" data-id=\"www.sncs.fr\">SNCS<\/a> (chercheur.se.s et IT des EPST), le SNASUB (personnels de soutien \u00e0 l&rsquo;enseignement et \u00e0 la recherche) et le <a href=\"http:\/\/www.snepfsu.net\" data-type=\"URL\" data-id=\"www.snepfsu.net\">SNEP<\/a> (enseignant.e.s d&rsquo;EPS). <\/p>\n\n\n\n<p><\/p>\n","protected":false},"excerpt":{"rendered":"<p>Avec 160 000 adh\u00e9rents, La F\u00e9d\u00e9ration Syndicale Unitaire est en France la deuxi\u00e8me organisation syndicale de la fonction publique d\u2019\u00c9tat. C\u2019est \u00e9galement la premi\u00e8re organisation syndicale de l\u2019enseignement. Cr\u00e9\u00e9e en 1993 apr\u00e8s l\u2019\u00e9clatement de la F\u00e9d\u00e9ration de l\u2019Education nationale (FEN), son fonctionnement associe les syndicats nationaux, les sections d\u00e9partementales et les tendances. Les syndicats de &hellip; <\/p>\n<p class=\"link-more\"><a href=\"https:\/\/hebergement.universite-paris-saclay.fr\/fsu-psud\/\" class=\"more-link\">Continuer la lecture<span class=\"screen-reader-text\"> de &laquo;&nbsp;La FSU \u00e0 l&rsquo;universit\u00e9 Paris-Saclay&nbsp;&raquo;<\/span><\/a><\/p>\n","protected":false},"author":2,"featured_media":0,"parent":0,"menu_order":0,"comment_status":"closed","ping_status":"closed","template":"","meta":{"footnotes":""},"class_list":["post-8","page","type-page","status-publish","hentry"],"_links":{"self":[{"href":"https:\/\/hebergement.universite-paris-saclay.fr\/fsu-psud\/wp-json\/wp\/v2\/pages\/8","targetHints":{"allow":["GET"]}}],"collection":[{"href":"https:\/\/hebergement.universite-paris-saclay.fr\/fsu-psud\/wp-json\/wp\/v2\/pages"}],"about":[{"href":"https:\/\/hebergement.universite-paris-saclay.fr\/fsu-psud\/wp-json\/wp\/v2\/types\/page"}],"author":[{"embeddable":true,"href":"https:\/\/hebergement.universite-paris-saclay.fr\/fsu-psud\/wp-json\/wp\/v2\/users\/2"}],"replies":[{"embeddable":true,"href":"https:\/\/hebergement.universite-paris-saclay.fr\/fsu-psud\/wp-json\/wp\/v2\/comments?post=8"}],"version-history":[{"count":14,"href":"https:\/\/hebergement.universite-paris-saclay.fr\/fsu-psud\/wp-json\/wp\/v2\/pages\/8\/revisions"}],"predecessor-version":[{"id":259,"href":"https:\/\/hebergement.universite-paris-saclay.fr\/fsu-psud\/wp-json\/wp\/v2\/pages\/8\/revisions\/259"}],"wp:attachment":[{"href":"https:\/\/hebergement.universite-paris-saclay.fr\/fsu-psud\/wp-json\/wp\/v2\/media?parent=8"}],"curies":[{"name":"wp","href":"https:\/\/api.w.org\/{rel}","templated":true}]}}