{"id":2059,"date":"2015-06-15T13:13:05","date_gmt":"2015-06-15T12:13:05","guid":{"rendered":"http:\/\/hebergement.u-psud.fr\/l3papp\/?page_id=2059"},"modified":"2025-09-19T14:20:43","modified_gmt":"2025-09-19T13:20:43","slug":"informations-pratiques-session-2","status":"publish","type":"page","link":"https:\/\/hebergement.universite-paris-saclay.fr\/l3papp\/?page_id=2059","title":{"rendered":"Plannings, documents et liens utiles"},"content":{"rendered":"\n<h4 class=\"wp-block-heading\"><em>Emplois du temps &nbsp;<\/em><\/h4>\n\n\n\n<p><a href=\"https:\/\/hebergement.universite-paris-saclay.fr\/l3papp\/wp-content\/uploads\/2025\/09\/L3_P_Semestre-5-2025-2026v19092025.pdf\">Planning 1er semestre 2025-2026 (v19\/09\/2025)<\/a> et i<a href=\"https:\/\/docs.google.com\/spreadsheets\/d\/1JZjfaa1DdD_aXRk6lNWQN6wyGapk3AmoGtifWgzerto\/edit?gid=1465165394#gid=1465165394\">ci<\/a> pour les L3-DD-PC.<\/p>\n\n\n\n<ul class=\"wp-block-list\">\n<li><a href=\"https:\/\/hebergement.universite-paris-saclay.fr\/l3papp\/wp-content\/uploads\/2025\/09\/LICENCE-PHYSIQUES_22092024.pdf\">Semaine du 22 au 26 septembre 2025<\/a><\/li>\n\n\n\n<li><a href=\"https:\/\/hebergement.universite-paris-saclay.fr\/l3papp\/wp-content\/uploads\/2025\/09\/LICENCE-PHYSIQUE_08092024.pdf\">Semaine du 8 au 12 septembre 2025<\/a><\/li>\n<\/ul>\n\n\n\n<p><strong>Planning 2eme semestre 2025-2026<\/strong>&nbsp;et <strong><span style=\"color: #339966;\">ici<\/span><\/strong> pour les DD-PC&nbsp; <\/p>\n\n\n\n<p>Jury 1ere session&nbsp; : fin mai 20226<br>Deuxi\u00e8me session : mi juin 2026<br>Jury final apr\u00e8s 2nde session : d\u00e9but juillet 2026<\/p>\n\n\n\n<hr class=\"wp-block-separator has-alpha-channel-opacity\"\/>\n\n\n\n<p><span style=\"color: #ff0000;\"><strong><a style=\"color: #ff0000;\" href=\"https:\/\/hebergement.universite-paris-saclay.fr\/l3papp\/wp-content\/uploads\/2019\/07\/Se-rendre-au-ba\u0302timent-hbar1.pdf\">Comment se rendre au b\u00e2timent 625<\/a><\/strong><\/span><\/p>\n\n\n\n<h4 class=\"wp-block-heading\">Amphi d&rsquo;accueil du 02\/09\/2025<\/h4>\n\n\n\n<p><a href=\"https:\/\/hebergement.universite-paris-saclay.fr\/l3papp\/wp-content\/uploads\/2025\/09\/Amphi-Accueil-2025-2026-1.pdf\">Amphi d&rsquo;accueil 2025<\/a>&nbsp;(les autres documents sont sur ecampus)<\/p>\n\n\n\n<h4 class=\"wp-block-heading\"><em>Activation du compte mail Paris-Saclay<\/em><\/h4>\n\n\n\n<p>Il faut aller sur cette page :&nbsp;<a href=\"https:\/\/adonis.universite-paris-saclay.fr\/activation\/\">https:\/\/adonis.universite-paris-saclay.fr\/activation\/<\/a> .<\/p>\n\n\n\n<h4 class=\"wp-block-heading\"><em>Modalit\u00e9s de contr\u00f4le des connaissances&nbsp;<\/em><\/h4>\n\n\n\n<p><a href=\"https:\/\/hebergement.universite-paris-saclay.fr\/l3papp\/wp-content\/uploads\/2025\/09\/MC2C-L3-Physique-2025-2026.pdf\">MC2C-L3 Physique 2025-2026<\/a> <span style=\"color: #ff0000;\">(coefficients des mati\u00e8res et \u00e9preuves)<\/span><br><a href=\"https:\/\/hebergement.universite-paris-saclay.fr\/l3papp\/wp-content\/uploads\/2025\/09\/Reglement-des-etudes-charte-examens-et-mcc-1er-cycle_25-26.pdf\">R\u00e8glement des \u00e9tudes, MCC, charte des examens &#8211; Premier cycle<\/a><\/p>\n\n\n\n<h4 class=\"wp-block-heading\">Retrait du dipl\u00f4me<\/h4>\n\n\n\n<p><a href=\"https:\/\/www.universite-paris-saclay.fr\/luniversite\/delivrance-et-retrait-des-diplomes\">https:\/\/www.universite-paris-saclay.fr\/luniversite\/delivrance-et-retrait-des-diplomes<\/a><\/p>\n\n\n\n<p><\/p>\n","protected":false},"excerpt":{"rendered":"<p>Emplois du temps &nbsp; Planning 1er semestre 2025-2026 (v19\/09\/2025) et ici pour les L3-DD-PC. Planning 2eme semestre 2025-2026&nbsp;et ici pour les DD-PC&nbsp; Jury 1ere session&nbsp; : fin mai 20226Deuxi\u00e8me session : mi juin 2026Jury final apr\u00e8s 2nde session : d\u00e9but juillet 2026 Comment se rendre au b\u00e2timent 625 Amphi d&rsquo;accueil du 02\/09\/2025 Amphi d&rsquo;accueil 2025&nbsp;(les &hellip; <a href=\"https:\/\/hebergement.universite-paris-saclay.fr\/l3papp\/?page_id=2059\" class=\"more-link\">Continuer la lecture de <span class=\"screen-reader-text\">Plannings, documents et liens utiles<\/span>  <span class=\"meta-nav\">&rarr;<\/span><\/a><\/p>\n","protected":false},"author":1,"featured_media":0,"parent":0,"menu_order":0,"comment_status":"closed","ping_status":"open","template":"","meta":{"footnotes":""},"class_list":["post-2059","page","type-page","status-publish","hentry"],"_links":{"self":[{"href":"https:\/\/hebergement.universite-paris-saclay.fr\/l3papp\/index.php?rest_route=\/wp\/v2\/pages\/2059","targetHints":{"allow":["GET"]}}],"collection":[{"href":"https:\/\/hebergement.universite-paris-saclay.fr\/l3papp\/index.php?rest_route=\/wp\/v2\/pages"}],"about":[{"href":"https:\/\/hebergement.universite-paris-saclay.fr\/l3papp\/index.php?rest_route=\/wp\/v2\/types\/page"}],"author":[{"embeddable":true,"href":"https:\/\/hebergement.universite-paris-saclay.fr\/l3papp\/index.php?rest_route=\/wp\/v2\/users\/1"}],"replies":[{"embeddable":true,"href":"https:\/\/hebergement.universite-paris-saclay.fr\/l3papp\/index.php?rest_route=%2Fwp%2Fv2%2Fcomments&post=2059"}],"version-history":[{"count":822,"href":"https:\/\/hebergement.universite-paris-saclay.fr\/l3papp\/index.php?rest_route=\/wp\/v2\/pages\/2059\/revisions"}],"predecessor-version":[{"id":7166,"href":"https:\/\/hebergement.universite-paris-saclay.fr\/l3papp\/index.php?rest_route=\/wp\/v2\/pages\/2059\/revisions\/7166"}],"wp:attachment":[{"href":"https:\/\/hebergement.universite-paris-saclay.fr\/l3papp\/index.php?rest_route=%2Fwp%2Fv2%2Fmedia&parent=2059"}],"curies":[{"name":"wp","href":"https:\/\/api.w.org\/{rel}","templated":true}]}}