{"id":228,"date":"2014-06-01T16:35:18","date_gmt":"2014-06-01T15:35:18","guid":{"rendered":"http:\/\/hebergement.u-psud.fr\/l3papp\/?page_id=228"},"modified":"2023-12-18T10:52:12","modified_gmt":"2023-12-18T09:52:12","slug":"mathematiques-pour-la-physique-ii","status":"publish","type":"page","link":"https:\/\/hebergement.universite-paris-saclay.fr\/l3papp\/?page_id=228","title":{"rendered":"M\u00e9thodes math\u00e9matiques pour la physique II"},"content":{"rendered":"<p style=\"text-align: justify;\"><em>UE obligatoire du S6 de 4 ECTS : 20 h de cours, 20 h de td. <\/em><\/p>\n<p><strong>Enseignants<\/strong><\/p>\n<p><em> Cours<\/em>\u00a0 \u00a0 \u00a0 \u00a0 \u00a0 \u00a0 \u00a0 \u00a0<a href=\"https:\/\/www.lpp.polytechnique.fr\/-Sebastien-Galtier-\">S\u00e9bastien Galtier<\/a><\/p>\n<p><em>TD Groupe A\u00a0 \u00a0 <\/em>Karim Noui<br \/><em>TD Groupe B\u00a0\u00a0<\/em>\u00a0 S\u00e9bastien Galtier<br \/><em>TD Groupe C<\/em>\u00a0 \u00a0 Arne Keller<\/p>\n<p><em>TD Groupe D<\/em> \u00a0 Pavel Kalouguine<br \/>Cours-TD DD-PC\u00a0 \u00a0 Gilles Abramovici<\/p>\n<p><strong>Programme\u00a0\u00a0<\/strong><\/p>\n<p><em>Fonctions d&rsquo;une variable complexe <\/em><br \/>D\u00e9rivation, int\u00e9gration, fonctions multivalu\u00e9es, transformations conformes, potentiel complexe en hydrodynamique.<\/p>\n<p><em> Transform\u00e9e de Fourier de fonction<\/em><\/p>\n<p><em>Distributions <\/em><br \/>Espaces D et D&rsquo;, distributions r\u00e9guli\u00e8res et singuli\u00e8res, op\u00e9rations sur les convolutions (d\u00e9rivation,convolution&#8230;), transform\u00e9e de Fourier.<\/p>\n<p><strong>Ouvrages conseill\u00e9s<\/strong><\/p>\n<p>Math\u00e9matiques pour la physique et les physiciens !<br \/>Walter Appel, H&amp;K \u00c9ditions<\/p>\n\n\n<p><\/p>\n","protected":false},"excerpt":{"rendered":"<p>UE obligatoire du S6 de 4 ECTS : 20 h de cours, 20 h de td. Enseignants Cours\u00a0 \u00a0 \u00a0 \u00a0 \u00a0 \u00a0 \u00a0 \u00a0S\u00e9bastien Galtier TD Groupe A\u00a0 \u00a0 Karim NouiTD Groupe B\u00a0\u00a0\u00a0 S\u00e9bastien GaltierTD Groupe C\u00a0 \u00a0 Arne Keller TD Groupe D \u00a0 Pavel KalouguineCours-TD DD-PC\u00a0 \u00a0 Gilles Abramovici Programme\u00a0\u00a0 Fonctions d&rsquo;une variable &hellip; <a href=\"https:\/\/hebergement.universite-paris-saclay.fr\/l3papp\/?page_id=228\" class=\"more-link\">Continuer la lecture de <span class=\"screen-reader-text\">M\u00e9thodes math\u00e9matiques pour la physique II<\/span>  <span class=\"meta-nav\">&rarr;<\/span><\/a><\/p>\n","protected":false},"author":1,"featured_media":0,"parent":0,"menu_order":0,"comment_status":"closed","ping_status":"open","template":"","meta":{"footnotes":""},"class_list":["post-228","page","type-page","status-publish","hentry"],"_links":{"self":[{"href":"https:\/\/hebergement.universite-paris-saclay.fr\/l3papp\/index.php?rest_route=\/wp\/v2\/pages\/228","targetHints":{"allow":["GET"]}}],"collection":[{"href":"https:\/\/hebergement.universite-paris-saclay.fr\/l3papp\/index.php?rest_route=\/wp\/v2\/pages"}],"about":[{"href":"https:\/\/hebergement.universite-paris-saclay.fr\/l3papp\/index.php?rest_route=\/wp\/v2\/types\/page"}],"author":[{"embeddable":true,"href":"https:\/\/hebergement.universite-paris-saclay.fr\/l3papp\/index.php?rest_route=\/wp\/v2\/users\/1"}],"replies":[{"embeddable":true,"href":"https:\/\/hebergement.universite-paris-saclay.fr\/l3papp\/index.php?rest_route=%2Fwp%2Fv2%2Fcomments&post=228"}],"version-history":[{"count":82,"href":"https:\/\/hebergement.universite-paris-saclay.fr\/l3papp\/index.php?rest_route=\/wp\/v2\/pages\/228\/revisions"}],"predecessor-version":[{"id":7022,"href":"https:\/\/hebergement.universite-paris-saclay.fr\/l3papp\/index.php?rest_route=\/wp\/v2\/pages\/228\/revisions\/7022"}],"wp:attachment":[{"href":"https:\/\/hebergement.universite-paris-saclay.fr\/l3papp\/index.php?rest_route=%2Fwp%2Fv2%2Fmedia&parent=228"}],"curies":[{"name":"wp","href":"https:\/\/api.w.org\/{rel}","templated":true}]}}