{"id":230,"date":"2014-06-01T16:35:50","date_gmt":"2014-06-01T15:35:50","guid":{"rendered":"http:\/\/hebergement.u-psud.fr\/l3papp\/?page_id=230"},"modified":"2022-10-26T20:16:30","modified_gmt":"2022-10-26T19:16:30","slug":"langues","status":"publish","type":"page","link":"https:\/\/hebergement.universite-paris-saclay.fr\/l3papp\/?page_id=230","title":{"rendered":"Langues (S5)"},"content":{"rendered":"<p style=\"text-align: justify;\"><em> Cette UE s&rsquo;adresse \u00e0 tout \u00e9tudiant souhaitant parfaire son niveau d&rsquo;anglais ou d\u00e9sireux d&rsquo;apprendre ou approfondir une autre langue.<br \/>\nLe travail se fera par groupes de niveau (3 niveaux minimum, y compris grands d\u00e9butants) qui sera d\u00e9termin\u00e9 par un test pr\u00e9alable. On travaillera les 5 comp\u00e9tences (lire, \u00e9crire, \u00e9couter, parler et interagir) en pr\u00eatant une attention toute particuli\u00e8re \u00e0 la compr\u00e9hension de l&rsquo;oral et l&rsquo;expression orale en interaction.<br \/>\nL&rsquo;objectif est d&rsquo;\u00eatre autonome dans des situations de la vie quotidienne et\/ou professionnelle. Les langues propos\u00e9es sont l&rsquo;anglais, l&rsquo;allemand, le chinois, l&rsquo;espagnol, l&rsquo;italien, le russe et le fran\u00e7ais en tant que langue \u00e9trang\u00e8re.<br \/>\nUE obligatoire du S5 de 2 ECTS : 24 h de cours\/tds. <\/em><\/p>\n<p style=\"text-align: justify;\">Consulter <a href=\"http:\/\/www.sciences.u-psud.fr\/fr\/formations\/le-service-des-langues.html\">le site du d\u00e9partement de Langues<\/a> pour tout d\u00e9tail.<\/p>\n<p style=\"text-align: justify;\">Un cr\u00e9neau sp\u00e9cifique dans l&#8217;emploi du temps est pr\u00e9vu pour l&rsquo;anglais majoritairement choisi.<br \/>\nLes cours des autres langues ont lieu en horaires d\u00e9cal\u00e9s (\u00e0 l&rsquo;heure du d\u00e9jeuner ou en fin de journ\u00e9e).<\/p>\n<p style=\"text-align: justify;\"><strong><span style=\"color: #339966;\">TEST DE NIVEAU EN ANGLAIS en ligne: \u00e0 effectuer avant le vendredi 15 septembre 16h (consignes <a href=\"http:\/\/hebergement.u-psud.fr\/l3papp\/wp-content\/uploads\/2017\/09\/Anglais-test-niveau.pdf\">ici<\/a>)<\/span><\/strong><\/p>\n","protected":false},"excerpt":{"rendered":"<p>Cette UE s&rsquo;adresse \u00e0 tout \u00e9tudiant souhaitant parfaire son niveau d&rsquo;anglais ou d\u00e9sireux d&rsquo;apprendre ou approfondir une autre langue. Le travail se fera par groupes de niveau (3 niveaux minimum, y compris grands d\u00e9butants) qui sera d\u00e9termin\u00e9 par un test pr\u00e9alable. On travaillera les 5 comp\u00e9tences (lire, \u00e9crire, \u00e9couter, parler et interagir) en pr\u00eatant une &hellip; <a href=\"https:\/\/hebergement.universite-paris-saclay.fr\/l3papp\/?page_id=230\" class=\"more-link\">Continuer la lecture de <span class=\"screen-reader-text\">Langues (S5)<\/span>  <span class=\"meta-nav\">&rarr;<\/span><\/a><\/p>\n","protected":false},"author":1,"featured_media":0,"parent":0,"menu_order":0,"comment_status":"closed","ping_status":"open","template":"","meta":{"footnotes":""},"class_list":["post-230","page","type-page","status-publish","hentry"],"_links":{"self":[{"href":"https:\/\/hebergement.universite-paris-saclay.fr\/l3papp\/index.php?rest_route=\/wp\/v2\/pages\/230","targetHints":{"allow":["GET"]}}],"collection":[{"href":"https:\/\/hebergement.universite-paris-saclay.fr\/l3papp\/index.php?rest_route=\/wp\/v2\/pages"}],"about":[{"href":"https:\/\/hebergement.universite-paris-saclay.fr\/l3papp\/index.php?rest_route=\/wp\/v2\/types\/page"}],"author":[{"embeddable":true,"href":"https:\/\/hebergement.universite-paris-saclay.fr\/l3papp\/index.php?rest_route=\/wp\/v2\/users\/1"}],"replies":[{"embeddable":true,"href":"https:\/\/hebergement.universite-paris-saclay.fr\/l3papp\/index.php?rest_route=%2Fwp%2Fv2%2Fcomments&post=230"}],"version-history":[{"count":13,"href":"https:\/\/hebergement.universite-paris-saclay.fr\/l3papp\/index.php?rest_route=\/wp\/v2\/pages\/230\/revisions"}],"predecessor-version":[{"id":6734,"href":"https:\/\/hebergement.universite-paris-saclay.fr\/l3papp\/index.php?rest_route=\/wp\/v2\/pages\/230\/revisions\/6734"}],"wp:attachment":[{"href":"https:\/\/hebergement.universite-paris-saclay.fr\/l3papp\/index.php?rest_route=%2Fwp%2Fv2%2Fmedia&parent=230"}],"curies":[{"name":"wp","href":"https:\/\/api.w.org\/{rel}","templated":true}]}}