{"id":307,"date":"2014-07-05T13:42:48","date_gmt":"2014-07-05T12:42:48","guid":{"rendered":"http:\/\/hebergement.u-psud.fr\/l3papp\/?page_id=307"},"modified":"2024-07-04T16:43:12","modified_gmt":"2024-07-04T15:43:12","slug":"admission-sur-titre-en-ecole-dingenieurs","status":"publish","type":"page","link":"https:\/\/hebergement.universite-paris-saclay.fr\/l3papp\/?page_id=307","title":{"rendered":"Ecoles d&rsquo;Ing\u00e9nieurs"},"content":{"rendered":"<p style=\"text-align: justify;\">L\u2019admission en 1\u00e8re ann\u00e9e est possible par la proc\u00e9dure d\u2019admission sur titre dans de nombreuses \u00e9coles d\u2019ing\u00e9nieurs de niveaux et d&rsquo;orientations tr\u00e8s vari\u00e9s. Pour la plupart des \u00e9coles,<strong> ces admissions sur titre sont r\u00e9serv\u00e9es aux \u00e9tudiants ayant effectu\u00e9 un cursus complet ou quasi-complet \u00e0 l&rsquo;Universit\u00e9<\/strong>. Selon les \u00e9coles et la demande des \u00e9tudiants, les admissions se font en formation initiale ou en alternance.<br \/>\nOn peut signaler en particulier plusieurs concours d&rsquo;admissions sur titre qui regroupent chacun plusieurs \u00e9coles :<\/p>\n<ul>\n<li><a href=\"http:\/\/www.geiuniv.com\/\">Concours GEI-Univ<\/a>, qui regroupent 14 \u00e9coles du concours Mines-Ponts et ParisTech (184 admis pour 331 places offertes et 529 inscrits en 2021-2022).<\/li>\n<li><a href=\"http:\/\/www.groupe-centrale.com\/concours-universitaire\/\">Le concours universitaire des Ecoles Centrale <\/a>pilot\u00e9 par CentraleSupelec (120 places offertes aux Licences-Bachelors en 2022-2023).<\/li>\n<li><a href=\"https:\/\/www.institutoptique.fr\/formations\/cycle-ingenieur\/rejoindre-supoptique\/recrutement-par-voie-universitaire\" target=\"_blank\" rel=\"noopener\">Voie universitaire pour SupOptique<\/a>.<\/li>\n<li><a href=\"https:\/\/www.polytechnique.edu\/admission-cycle-ingenieur\/candidats-francais\/voie-universitaire-univ-filiere-universitaire-francaise-fuf\">Voie universitaire Polytechnique<\/a>.<\/li>\n<li><a href=\"https:\/\/ens-paris-saclay.fr\/admission\/sur-concours\/concours-dadmission-en-2eme-annee\">2nd concours ENS Paris-Saclay<\/a>.<\/li>\n<\/ul>\n<p>Les \u00e9tudiants qui justifient de r\u00e9sultats suffisants au 1er semestre ont la possibilit\u00e9 de suivre au 2\u00e8me semestre une UE de pr\u00e9paration aux oraux.<\/p>\n<h4>Ecoles int\u00e9gr\u00e9es par d\u2019anciens \u00e9tudiants de L3 Physique et Applications \/ L3 Physique<\/h4>\n<ul>\n<li style=\"list-style-type: none;\">\n<ul>\n<li><strong><em>Ann\u00e9e 2010-2011<\/em><\/strong> : Centrale Lille (1), Centrale Lyon (1), Centrale Nantes (1), Ecole Polytechnique (1)<\/li>\n<li><strong><em>Ann\u00e9e 2011-2012<\/em><\/strong> : Centrale Marseille (1), Centrale Nantes (1), Arts et M\u00e9tiers (3), T\u00e9l\u00e9com Paris (1), Polytech Paris-Sud (1), Ecole Louis Lumi\u00e8re (1), Ecole Nationale de l&rsquo;Aviation Civile (1)<\/li>\n<li><strong><em>Ann\u00e9e 2012-2013<\/em><\/strong> : Centrale Nantes (1), Centrale Paris (2), Ecole Polytechnique (1), Ecole des Mines de Nantes (1), Ecole d&rsquo;Ing\u00e9nieurs de la Ville de Paris (1), Polytech Paris-Centre (1), Polytech Paris-Sud (1)<\/li>\n<li><strong><em>Ann\u00e9e 2013-2014<\/em><\/strong> : Centrale Lyon (2), Centrale Nantes (2), Centrale Marseille (1), Arts et M\u00e9tiers (3), T\u00e9l\u00e9com Paris (1), T\u00e9lecom Bretagne (1), Ecole Sp\u00e9ciale des Travaux Publics (1)<\/li>\n<li><strong><em>Ann\u00e9e 2014-2015<\/em><\/strong> : Centrale Lyon (1), Centrale Paris (2), Arts et M\u00e9tiers (1), Ecole Sup\u00e9rieure d&rsquo;Electricit\u00e9 (1), Ecole des Mines d&rsquo;Albi (1), Universit\u00e9 Technologique de Troyes (1)<\/li>\n<li><strong><em>Ann\u00e9e 2015-2016<\/em> <\/strong>: Centrale Lyon (2), Centrale Nantes (1), Centrale Lille (1), Centrale Paris (1), Telecom Bretagne (1), IOGS (4), Estaca (1), Arts et M\u00e9tiers (2)<\/li>\n<li><strong><em>Ann\u00e9e 2016-2017<\/em><\/strong> : Centrale Lyon (1), IMT (1),\u00a0Telecom ParisTech (1), IOGS (2), ENSEA (1), ENSTA (1), Arts et M\u00e9tiers (1), Ecole Sup\u00e9rieure d&rsquo;Electricit\u00e9 (1), Ecole Polytechnique (1)<\/li>\n<li><strong><em>Ann\u00e9e 2017-2018<\/em><\/strong> :\u00a0 Arts et M\u00e9tiers (3), Centrale Lille (3), Centrale Lyon (1),\u00a0 Centrale Marseille (1),\u00a0 Centrale Nantes (1), CentraleSupelec (2), EIVP (1), EPF (1), ESILV (1), IMT (2),\u00a0 IOGS (2),\u00a0 ISAT (1), Telecom ParisTech (1), T\u00e9l\u00e9com Physique Strasbourg (1)<\/li>\n<li><strong><em>Ann\u00e9e 2018-2019<\/em><\/strong> :\u00a0 Centrale Lille (1), Centrale Lyon (2),\u00a0 Centrale Marseille (1),\u00a0 CentraleSupelec (1), EPITA (1), INSA Strasbourg (1), IOGS (1)<\/li>\n<li><strong><em>Ann\u00e9e 2019-2020<\/em> <\/strong>:\u00a0 Arts et M\u00e9tiers (3), Centrale Lille (1), Centrale Nantes (1), CentraleSupelec (5), EPF Sceaux &#8211; alternance (1), ESTP (2),\u00a0 IOGS (2), Polytech Saclay (1), Telecom Paris (1)<\/li>\n<li><strong><em>Ann\u00e9e 2020-2021<\/em><\/strong> :\u00a0 Arts et M\u00e9tiers (1 en alternance), Centrale Lille (1), Centrale Marseille (1), IMT Atlantique (1),\u00a0 IOGS (1), INSA Lyon (1+1 en alternance), ISAE-SupM\u00e9ca (1), UTC Compi\u00e8gne (1)<\/li>\n<li><strong><em>Ann\u00e9e 2021-2022<\/em><\/strong> : CentraleSupelec (1),\u00a0 Centrale Lyon (1),\u00a0 Ecole des Ponts &amp; chauss\u00e9es (1), EIVP (1), ENSEEIHT (1), ESIGELEC (1), IMT Atlantique (2),\u00a0 ISAE-SupA\u00e9ro (1), INSA Rennes (1).<\/li>\n<li><strong><i><em>Ann\u00e9e 2<\/em>022-2023<\/i><\/strong><b> :<\/b> CentraleSupelec (2),\u00a0IMT Atlantique (2), ENSTA Paris (1),\u00a0 Arts et M\u00e9tiers Bordeaux (1), INSA Lyon (1), ENSIM Le Mans (1).<\/li>\n<\/ul>\n<\/li>\n<\/ul>\n","protected":false},"excerpt":{"rendered":"<p>L\u2019admission en 1\u00e8re ann\u00e9e est possible par la proc\u00e9dure d\u2019admission sur titre dans de nombreuses \u00e9coles d\u2019ing\u00e9nieurs de niveaux et d&rsquo;orientations tr\u00e8s vari\u00e9s. Pour la plupart des \u00e9coles, ces admissions sur titre sont r\u00e9serv\u00e9es aux \u00e9tudiants ayant effectu\u00e9 un cursus complet ou quasi-complet \u00e0 l&rsquo;Universit\u00e9. Selon les \u00e9coles et la demande des \u00e9tudiants, les admissions &hellip; <a href=\"https:\/\/hebergement.universite-paris-saclay.fr\/l3papp\/?page_id=307\" class=\"more-link\">Continuer la lecture de <span class=\"screen-reader-text\">Ecoles d&rsquo;Ing\u00e9nieurs<\/span>  <span class=\"meta-nav\">&rarr;<\/span><\/a><\/p>\n","protected":false},"author":1,"featured_media":0,"parent":0,"menu_order":0,"comment_status":"closed","ping_status":"open","template":"","meta":{"footnotes":""},"class_list":["post-307","page","type-page","status-publish","hentry"],"_links":{"self":[{"href":"https:\/\/hebergement.universite-paris-saclay.fr\/l3papp\/index.php?rest_route=\/wp\/v2\/pages\/307","targetHints":{"allow":["GET"]}}],"collection":[{"href":"https:\/\/hebergement.universite-paris-saclay.fr\/l3papp\/index.php?rest_route=\/wp\/v2\/pages"}],"about":[{"href":"https:\/\/hebergement.universite-paris-saclay.fr\/l3papp\/index.php?rest_route=\/wp\/v2\/types\/page"}],"author":[{"embeddable":true,"href":"https:\/\/hebergement.universite-paris-saclay.fr\/l3papp\/index.php?rest_route=\/wp\/v2\/users\/1"}],"replies":[{"embeddable":true,"href":"https:\/\/hebergement.universite-paris-saclay.fr\/l3papp\/index.php?rest_route=%2Fwp%2Fv2%2Fcomments&post=307"}],"version-history":[{"count":84,"href":"https:\/\/hebergement.universite-paris-saclay.fr\/l3papp\/index.php?rest_route=\/wp\/v2\/pages\/307\/revisions"}],"predecessor-version":[{"id":7065,"href":"https:\/\/hebergement.universite-paris-saclay.fr\/l3papp\/index.php?rest_route=\/wp\/v2\/pages\/307\/revisions\/7065"}],"wp:attachment":[{"href":"https:\/\/hebergement.universite-paris-saclay.fr\/l3papp\/index.php?rest_route=%2Fwp%2Fv2%2Fmedia&parent=307"}],"curies":[{"name":"wp","href":"https:\/\/api.w.org\/{rel}","templated":true}]}}