{"id":4665,"date":"2019-08-22T15:47:10","date_gmt":"2019-08-22T14:47:10","guid":{"rendered":"http:\/\/hebergement.u-psud.fr\/l3papp\/?page_id=4665"},"modified":"2019-08-22T15:53:36","modified_gmt":"2019-08-22T14:53:36","slug":"mecanique-quantique-avancee-vers-linteraction-lumiere-matiere-application-aux-lasers","status":"publish","type":"page","link":"https:\/\/hebergement.universite-paris-saclay.fr\/l3papp\/?page_id=4665","title":{"rendered":"M\u00e9canique quantique avanc\u00e9e : vers l&rsquo;interaction lumi\u00e8re\/mati\u00e8re, application aux lasers"},"content":{"rendered":"\n<p style=\"color:#ff0004\" class=\"has-text-color\"><em>Nouvelle UE, ouverture en 2019-2020\u00a0<\/em><\/p>\n\n\n\n<p><em>UE optionnelle du S6 de 5 ECTS \u00a0: 48 h de cours-TD.<\/em><br><br><\/p>\n\n\n\n<p><strong>Enseignants<\/strong><\/p>\n\n\n\n<p><em> Cours-TD<\/em> &nbsp;&nbsp;&nbsp;&nbsp;&nbsp;&nbsp;&nbsp;&nbsp;&nbsp;&nbsp; <a href=\"http:\/\/hebergement.u-psud.fr\/laserix\/contacts\/sophie-kazamias\/\">Sophie Kazamias<\/a><br>&nbsp;&nbsp;&nbsp;&nbsp;&nbsp;&nbsp;&nbsp;&nbsp;&nbsp;&nbsp;&nbsp;&nbsp;&nbsp;&nbsp;&nbsp;&nbsp;&nbsp;&nbsp;&nbsp;&nbsp;&nbsp;&nbsp;&nbsp;&nbsp;&nbsp;&nbsp;&nbsp;&nbsp;&nbsp;&nbsp; Jacques Robert<br><\/p>\n\n\n\n<p><strong>Programme<\/strong><\/p>\n\n\n\n<p>L\u2019objet de cette UE est d\u2019aller plus loin que le cours de m\u00e9canique quantique du premier semestre. Nous pourrons traiter la th\u00e9orie des perturbations : voir comment les syst\u00e8mes quantiques peuvent changer d\u2019\u00e9tat, comment les spins interagissent entre eux et avec les autres moments cin\u00e9tiques et enfin aborder la th\u00e9orie des perturbations d\u00e9pendante du temps qui permet de comprendre l\u2019interaction lumi\u00e8re\/mati\u00e8re.<br>Dans la deuxi\u00e8me partie du cours, nous reviendrons sur la notion de photon, comment elle est apparue historiquement, comment elle est li\u00e9e \u00e0 la th\u00e9orie du corps noir et quelles en sont les applications \u00e0 la vie quotidienne. Nous terminerons par une introduction \u00e0 la physique des lasers: de l\u2019aspect purement atomique aux aspects les plus concrets pour les applications industrielles et scientifiques.<\/p>\n\n\n\n<p><strong>Ouvrages conseill\u00e9s<\/strong><\/p>\n\n\n\n<p><strong>&nbsp;Documents<\/strong><\/p>\n\n\n\n<p><strong>Annales<\/strong><\/p>\n","protected":false},"excerpt":{"rendered":"<p>Nouvelle UE, ouverture en 2019-2020\u00a0 UE optionnelle du S6 de 5 ECTS \u00a0: 48 h de cours-TD. Enseignants Cours-TD &nbsp;&nbsp;&nbsp;&nbsp;&nbsp;&nbsp;&nbsp;&nbsp;&nbsp;&nbsp; Sophie Kazamias&nbsp;&nbsp;&nbsp;&nbsp;&nbsp;&nbsp;&nbsp;&nbsp;&nbsp;&nbsp;&nbsp;&nbsp;&nbsp;&nbsp;&nbsp;&nbsp;&nbsp;&nbsp;&nbsp;&nbsp;&nbsp;&nbsp;&nbsp;&nbsp;&nbsp;&nbsp;&nbsp;&nbsp;&nbsp;&nbsp; Jacques Robert Programme L\u2019objet de cette UE est d\u2019aller plus loin que le cours de m\u00e9canique quantique du premier semestre. Nous pourrons traiter la th\u00e9orie des perturbations : voir comment les syst\u00e8mes quantiques &hellip; <a href=\"https:\/\/hebergement.universite-paris-saclay.fr\/l3papp\/?page_id=4665\" class=\"more-link\">Continuer la lecture de <span class=\"screen-reader-text\">M\u00e9canique quantique avanc\u00e9e : vers l&rsquo;interaction lumi\u00e8re\/mati\u00e8re, application aux lasers<\/span>  <span class=\"meta-nav\">&rarr;<\/span><\/a><\/p>\n","protected":false},"author":1,"featured_media":0,"parent":0,"menu_order":0,"comment_status":"closed","ping_status":"closed","template":"","meta":{"footnotes":""},"class_list":["post-4665","page","type-page","status-publish","hentry"],"_links":{"self":[{"href":"https:\/\/hebergement.universite-paris-saclay.fr\/l3papp\/index.php?rest_route=\/wp\/v2\/pages\/4665","targetHints":{"allow":["GET"]}}],"collection":[{"href":"https:\/\/hebergement.universite-paris-saclay.fr\/l3papp\/index.php?rest_route=\/wp\/v2\/pages"}],"about":[{"href":"https:\/\/hebergement.universite-paris-saclay.fr\/l3papp\/index.php?rest_route=\/wp\/v2\/types\/page"}],"author":[{"embeddable":true,"href":"https:\/\/hebergement.universite-paris-saclay.fr\/l3papp\/index.php?rest_route=\/wp\/v2\/users\/1"}],"replies":[{"embeddable":true,"href":"https:\/\/hebergement.universite-paris-saclay.fr\/l3papp\/index.php?rest_route=%2Fwp%2Fv2%2Fcomments&post=4665"}],"version-history":[{"count":3,"href":"https:\/\/hebergement.universite-paris-saclay.fr\/l3papp\/index.php?rest_route=\/wp\/v2\/pages\/4665\/revisions"}],"predecessor-version":[{"id":4670,"href":"https:\/\/hebergement.universite-paris-saclay.fr\/l3papp\/index.php?rest_route=\/wp\/v2\/pages\/4665\/revisions\/4670"}],"wp:attachment":[{"href":"https:\/\/hebergement.universite-paris-saclay.fr\/l3papp\/index.php?rest_route=%2Fwp%2Fv2%2Fmedia&parent=4665"}],"curies":[{"name":"wp","href":"https:\/\/api.w.org\/{rel}","templated":true}]}}