{"id":671,"date":"2014-08-16T12:25:04","date_gmt":"2014-08-16T11:25:04","guid":{"rendered":"http:\/\/hebergement.u-psud.fr\/l3papp\/?page_id=671"},"modified":"2025-09-09T09:34:50","modified_gmt":"2025-09-09T08:34:50","slug":"stage-en-laboratoire-ou-en-entreprise","status":"publish","type":"page","link":"https:\/\/hebergement.universite-paris-saclay.fr\/l3papp\/?page_id=671","title":{"rendered":"Stage en laboratoire ou en entreprise"},"content":{"rendered":"<p><em><br \/>\nTravail exp\u00e9rimental, num\u00e9rique ou th\u00e9orique, r\u00e9alis\u00e9 dans un laboratoire ou une entreprise, en France ou \u00e0 l&rsquo;Etranger, portant sur un sujet quelconque de physique, d&rsquo;une dur\u00e9e d&rsquo;au moins 7 semaines.<br \/>\nUE optionnelle du S6 de 5 ECTS.<\/em><\/p>\n<p style=\"text-align: justify;\">Ce stage optionnel vient compl\u00e9ter les enseignements plus th\u00e9oriques dispens\u00e9s dans les autres UE. Il intervient en fin d&rsquo;ann\u00e9e, \u00e0 l&rsquo;issue des enseignements acad\u00e9miques, et dure 7 semaines minimum.<\/p>\n<p>Le sujet du stage doit porter sur un sujet comprenant de la Physique, et peut \u00eatre r\u00e9alis\u00e9 en en laboratoire universitaire ou en entreprise, en France comme \u00e0 l\u2019\u00e9tranger.<\/p>\n<p>Les \u00e9tudiants int\u00e9ress\u00e9s doivent se pr\u00e9occuper de trouver rapidement une \u00e9quipe dans un laboratoire ou dans une entreprise qui accepte de les accueillir pour les faire travailler sur un sujet de Physique donn\u00e9. Les stages propos\u00e9s pour l&rsquo;ann\u00e9e en cours ainsi que les \u00e9quipes ayant pris des stagiaires les ann\u00e9es pr\u00e9c\u00e9dentes sont disponibles au secr\u00e9tariat.<\/p>\n<p>Consulter les informations pratiques pour le stage sur le site ecampus.<\/p>\n<p><a href=\"https:\/\/www.enseignementsup-recherche.gouv.fr\/fr\/guide-des-stages-etudiants-informations-pratiques-46518\" target=\"_blank\" rel=\"noopener noreferrer\">Guide pratique des Stages<\/a> du Minist\u00e8re de l&rsquo;Enseignement Sup\u00e9rieur et de la Recherche<\/p>\n<p><a href=\"https:\/\/hebergement.universite-paris-saclay.fr\/l3papp\/wp-content\/uploads\/2022\/10\/liste-stage.pdf\" target=\"_blank\" rel=\"noopener noreferrer\">Liste Stages PAPP<\/a> (mise \u00e0 jour octobre 2022)<\/p>\n<p><strong>Enseignant responsable des stages<\/strong> \u00a0 :\u00a0 <a href=\"mailto:Alexandra.Fragola@universite-paris-saclay.fr\">Alexandra Fragola<\/a><\/p>\n","protected":false},"excerpt":{"rendered":"<p>Travail exp\u00e9rimental, num\u00e9rique ou th\u00e9orique, r\u00e9alis\u00e9 dans un laboratoire ou une entreprise, en France ou \u00e0 l&rsquo;Etranger, portant sur un sujet quelconque de physique, d&rsquo;une dur\u00e9e d&rsquo;au moins 7 semaines. UE optionnelle du S6 de 5 ECTS. Ce stage optionnel vient compl\u00e9ter les enseignements plus th\u00e9oriques dispens\u00e9s dans les autres UE. Il intervient en fin &hellip; <a href=\"https:\/\/hebergement.universite-paris-saclay.fr\/l3papp\/?page_id=671\" class=\"more-link\">Continuer la lecture de <span class=\"screen-reader-text\">Stage en laboratoire ou en entreprise<\/span>  <span class=\"meta-nav\">&rarr;<\/span><\/a><\/p>\n","protected":false},"author":1,"featured_media":0,"parent":0,"menu_order":0,"comment_status":"closed","ping_status":"open","template":"","meta":{"footnotes":""},"class_list":["post-671","page","type-page","status-publish","hentry"],"_links":{"self":[{"href":"https:\/\/hebergement.universite-paris-saclay.fr\/l3papp\/index.php?rest_route=\/wp\/v2\/pages\/671","targetHints":{"allow":["GET"]}}],"collection":[{"href":"https:\/\/hebergement.universite-paris-saclay.fr\/l3papp\/index.php?rest_route=\/wp\/v2\/pages"}],"about":[{"href":"https:\/\/hebergement.universite-paris-saclay.fr\/l3papp\/index.php?rest_route=\/wp\/v2\/types\/page"}],"author":[{"embeddable":true,"href":"https:\/\/hebergement.universite-paris-saclay.fr\/l3papp\/index.php?rest_route=\/wp\/v2\/users\/1"}],"replies":[{"embeddable":true,"href":"https:\/\/hebergement.universite-paris-saclay.fr\/l3papp\/index.php?rest_route=%2Fwp%2Fv2%2Fcomments&post=671"}],"version-history":[{"count":36,"href":"https:\/\/hebergement.universite-paris-saclay.fr\/l3papp\/index.php?rest_route=\/wp\/v2\/pages\/671\/revisions"}],"predecessor-version":[{"id":7140,"href":"https:\/\/hebergement.universite-paris-saclay.fr\/l3papp\/index.php?rest_route=\/wp\/v2\/pages\/671\/revisions\/7140"}],"wp:attachment":[{"href":"https:\/\/hebergement.universite-paris-saclay.fr\/l3papp\/index.php?rest_route=%2Fwp%2Fv2%2Fmedia&parent=671"}],"curies":[{"name":"wp","href":"https:\/\/api.w.org\/{rel}","templated":true}]}}