{"id":79,"date":"2014-04-27T13:55:52","date_gmt":"2014-04-27T12:55:52","guid":{"rendered":"http:\/\/hebergement.u-psud.fr\/l3papp\/?page_id=79"},"modified":"2026-01-13T19:34:40","modified_gmt":"2026-01-13T18:34:40","slug":"admissions-2014-2015","status":"publish","type":"page","link":"https:\/\/hebergement.universite-paris-saclay.fr\/l3papp\/?page_id=79","title":{"rendered":"Admissions"},"content":{"rendered":"<p><em>Attention \u00e0 ne pas nous confondre avec<\/em><a href=\"http:\/\/www.magistere-physique.universite-paris-saclay.fr\"><em> le Magist\u00e8re de Physique fondamentale<\/em><\/a><em>, fili\u00e8re totalement distincte.<\/em><\/p>\n<p style=\"text-align: justify;\">L\u2019inscription en L3 Physique (ex. Physique et Applications) est possible pour les \u00e9tudiants issus des formations suivantes ayant valid\u00e9 120 ECTS \u00a0:<\/p>\n<ul style=\"text-align: justify;\">\n<li>Etudiants des deux premi\u00e8res ann\u00e9es des Licences Mention Physique,<\/li>\n<li>Etudiants titulaires d\u2019un DUT Mesures Physiques \/ ayant valid\u00e9 une 2eme ann\u00e9e de BUT Mesures Physiques,<\/li>\n<li>El\u00e8ves \u00a0des Classes Pr\u00e9paratoires aux Grandes \u00c9coles.<\/li>\n<\/ul>\n<p style=\"text-align: justify;\">La proc\u00e9dure \u00e0 suivre pour une inscription ou une pr\u00e9-inscription est disponible en ligne sur\u00a0<a href=\"https:\/\/www.sciences.universite-paris-saclay.fr\/admission\/nous-contacter\/candidater-selon-le-niveau-de-la-formation\/inscription-2020-en-3eme-annee-de-licence-licence-double-diplome-licence-professionnelle\">le site de la scolarit\u00e9 de l&rsquo;Universit\u00e9<\/a> et d\u00e9pend de votre parcours d&rsquo;origine.<\/p>\n<p>Pour les ext\u00e9rieurs ou non-admissibles de droit (ex. CPGE, L2 DD-MP, autres universit\u00e9s&#8230;), il faudra passer par la plateforme <a href=\"https:\/\/ecandidat.universite-paris-saclay.fr\">Ecandidat<\/a>, et s\u00e9lectionner notre parcours : UFR Sciences \/ Licence LMD \/ L3 Physique. <em><strong>La proc\u00e9dure est d\u00e9mat\u00e9rialis\u00e9e, et ouverte du 01\/05\/2026 au 08\/07\/2026<\/strong>.<\/em> Pour les cas particuliers ou candidatures tardives, contactez un <a href=\"https:\/\/hebergement.universite-paris-saclay.fr\/l3papp\/?page_id=20\">responsable de la formation<\/a>. Pour les STS Cumulatifs, il faut suivre la proc\u00e9dure d\u00e9crite dans la convention avec votre lyc\u00e9e et \u00e9galement transmettre votre dossier aux responsables de formation pour conseil.<\/p>\n<p style=\"text-align: justify;\">Les admissions en L3 de Physique sont de droit pour tout \u00e9tudiant re\u00e7u au L2 de Physique d&rsquo;Orsay (P, PM). L&rsquo;inscription administrative se fait alors par la proc\u00e9dure <a href=\"https:\/\/apoweb.universite-paris-saclay.fr\/\" target=\"_blank\" rel=\"noopener noreferrer\">APOWEB<\/a>\u00a0vers d\u00e9but Juillet.<\/p>\n<p>Pour les ext\u00e9rieurs, la proc\u00e9dure d&rsquo;<strong>inscription administrative<\/strong> est d\u00e9crite sur<br \/>\n<a href=\"https:\/\/www.sciences.universite-paris-saclay.fr\/admission\/procedures-de-candidature-et-dinscription\">https:\/\/www.sciences.universite-paris-saclay.fr\/admission\/procedures-de-candidature-et-dinscription<\/a><br \/>\n<span style=\"font-size: revert;\">Vous devrez passer par la plateforme\u00a0<\/span><a style=\"font-size: revert;\" href=\"https:\/\/iaprimo.universite-paris-saclay.fr\/\"><span id=\"DWT576\" class=\"ZmSearchResult\">IAPRIMO<\/span><\/a><span style=\"font-size: revert;\">\u00a0pour votre premi\u00e8re inscription, apr\u00e8s paiement de la CVEC.<\/span><\/p>\n<p><strong>L&rsquo;inscription p\u00e9dagogique<\/strong> consiste \u00e0 indiquer ses pr\u00e9f\u00e9rences d&rsquo;options pour le premier semestre. Ceci est r\u00e9alis\u00e9 lors de l&rsquo;amphi d&rsquo;accueil.<\/p>\n<p>Indications sur le planning :<a href=\"https:\/\/hebergement.universite-paris-saclay.fr\/l3papp\/?page_id=2059\"> https:\/\/hebergement.universite-paris-saclay.fr\/l3papp\/?page_id=2059<\/a> .<\/p>\n<p style=\"text-align: justify;\"><!--La rentr\u00e9e du L3 aura lieu le lundi 8 septembre 2014.<\/span><\/strong><\/span> (consulter \u00e9galement la rubrique <a href=\"http:\/\/hebergement.u-psud.fr\/l3papp\/?page_id=85\" title=\"Informations pratiques 2014-2015\">informations pratiques)<\/a>\n--><\/p>\n","protected":false},"excerpt":{"rendered":"<p>Attention \u00e0 ne pas nous confondre avec le Magist\u00e8re de Physique fondamentale, fili\u00e8re totalement distincte. L\u2019inscription en L3 Physique (ex. Physique et Applications) est possible pour les \u00e9tudiants issus des formations suivantes ayant valid\u00e9 120 ECTS \u00a0: Etudiants des deux premi\u00e8res ann\u00e9es des Licences Mention Physique, Etudiants titulaires d\u2019un DUT Mesures Physiques \/ ayant valid\u00e9 &hellip; <a href=\"https:\/\/hebergement.universite-paris-saclay.fr\/l3papp\/?page_id=79\" class=\"more-link\">Continuer la lecture de <span class=\"screen-reader-text\">Admissions<\/span>  <span class=\"meta-nav\">&rarr;<\/span><\/a><\/p>\n","protected":false},"author":1,"featured_media":0,"parent":0,"menu_order":0,"comment_status":"closed","ping_status":"open","template":"","meta":{"footnotes":""},"class_list":["post-79","page","type-page","status-publish","hentry"],"_links":{"self":[{"href":"https:\/\/hebergement.universite-paris-saclay.fr\/l3papp\/index.php?rest_route=\/wp\/v2\/pages\/79","targetHints":{"allow":["GET"]}}],"collection":[{"href":"https:\/\/hebergement.universite-paris-saclay.fr\/l3papp\/index.php?rest_route=\/wp\/v2\/pages"}],"about":[{"href":"https:\/\/hebergement.universite-paris-saclay.fr\/l3papp\/index.php?rest_route=\/wp\/v2\/types\/page"}],"author":[{"embeddable":true,"href":"https:\/\/hebergement.universite-paris-saclay.fr\/l3papp\/index.php?rest_route=\/wp\/v2\/users\/1"}],"replies":[{"embeddable":true,"href":"https:\/\/hebergement.universite-paris-saclay.fr\/l3papp\/index.php?rest_route=%2Fwp%2Fv2%2Fcomments&post=79"}],"version-history":[{"count":56,"href":"https:\/\/hebergement.universite-paris-saclay.fr\/l3papp\/index.php?rest_route=\/wp\/v2\/pages\/79\/revisions"}],"predecessor-version":[{"id":7172,"href":"https:\/\/hebergement.universite-paris-saclay.fr\/l3papp\/index.php?rest_route=\/wp\/v2\/pages\/79\/revisions\/7172"}],"wp:attachment":[{"href":"https:\/\/hebergement.universite-paris-saclay.fr\/l3papp\/index.php?rest_route=%2Fwp%2Fv2%2Fmedia&parent=79"}],"curies":[{"name":"wp","href":"https:\/\/api.w.org\/{rel}","templated":true}]}}