{"id":17,"date":"2020-01-07T14:17:14","date_gmt":"2020-01-07T13:17:14","guid":{"rendered":"http:\/\/hebergement.universite-paris-saclay.fr\/licence-pro-tpe\/?page_id=17"},"modified":"2023-11-27T16:52:33","modified_gmt":"2023-11-27T15:52:33","slug":"enseignements","status":"publish","type":"page","link":"https:\/\/hebergement.universite-paris-saclay.fr\/licence-pro-tpe\/index.php\/enseignements\/","title":{"rendered":"Enseignements"},"content":{"rendered":"\n<p><em>La licence professionnelle Techniques Physiques des \u00c9nergies Bas Carbone fournit des connaissances et des comp\u00e9tences dans les principaux secteurs d\u2019activit\u00e9s de l\u2019\u00e9nergie&nbsp;: \u00e9tude des principales sources d\u2019\u00e9nergie, renouvelables, fossiles, nucl\u00e9aire, et de leurs fili\u00e8res \u00e9nerg\u00e9tiques associ\u00e9es pour la production d\u2019\u00e9lectricit\u00e9 et de chaleur, la cog\u00e9n\u00e9ration, le transport et le stockage de l\u2019\u00e9lectricit\u00e9, diagnostic des d\u00e9perditions thermiques du b\u00e2timent et dimensionnement des installations d\u00e9di\u00e9es au chauffage, \u00e0 la ventilation et \u00e0 la climatisation, am\u00e9lioration de l\u2019efficacit\u00e9 \u00e9nerg\u00e9tique, r\u00e9duction des \u00e9missions de gaz \u00e0 effet de serre.<\/em><\/p>\n\n\n\n<p><em>La p\u00e9dagogie mise en \u0153uvre pour atteindre\ncet objectif ambitieux repose sur un enseignement exp\u00e9rimental et th\u00e9orique\ncouvrant les principales cha\u00eenes de transformations \u00e9nerg\u00e9tiques, de la\nproduction \u00e0 l\u2019utilisation finale, et visant \u00e0 mettre en exergue leurs\ncaract\u00e9ristiques technologiques communes, quelle que soit la source primaire\nd\u2019\u00e9nergie. Les techniques de production et de consommation d\u2019\u00e9nergie sont\nenseign\u00e9es au travers des principaux domaines physiques li\u00e9s \u00e0 la probl\u00e9matique\nde l\u2019\u00e9nergie&nbsp;: transferts et machines thermiques, \u00e9coulements des fluides,\nmat\u00e9riaux et \u00e9lectricit\u00e9. L\u2019\u00e9nergie nucl\u00e9aire fait l\u2019objet d\u2019un enseignement\nsp\u00e9cifique portant sur la physique des r\u00e9acteurs et la radioprotection.<\/em><\/p>\n\n\n\n<p><\/p>\n\n\n\n<p><em>Le bloc \u00ab\u00a0formation technique\u00a0\u00bb constitue le coeur des enseignements de la formation. Il comprend 5 modules : \u00e9lectricit\u00e9, thermique et thermodynamique appliqu\u00e9e, mat\u00e9riaux, fluides et \u00e9nergie nucl\u00e9aire et radioprotection.<\/em><\/p>\n\n\n\n<p><em>Un bloc \u00ab\u00a0outils\u00a0\u00bb est propos\u00e9 en compl\u00e9ment. Celui-ci comporte une remise \u00e0 niveau sur les outils math\u00e9matiques associ\u00e9e \u00e0 un enseignement num\u00e9rique, des compl\u00e9ments d&rsquo;\u00e9lectrotechnique ainsi que du dessin industriel, et un module d&rsquo;anglais, de communication et de formation \u00e0 l&rsquo;entreprise.<\/em><\/p>\n\n\n\n<p><em>Un responsable p\u00e9dagogique de l\u2019universit\u00e9 est d\u00e9sign\u00e9 pour chaque module du bloc \u00ab\u00a0formation technique\u00a0\u00bb afin d\u2019organiser son d\u00e9roulement, d\u2019articuler son contenu avec les intervenants industriels et d\u2019assurer la coh\u00e9rence entre les enseignements th\u00e9oriques, exp\u00e9rimentaux et professionnels. <\/em><\/p>\n\n\n\n<p><em>Vision synth\u00e9tique de l\u2019ensemble des enseignements&nbsp;:<\/em><\/p>\n\n\n\n<figure class=\"wp-block-table\"><table><tbody><tr><td><strong>Bloc \u00ab outils \u00bb<br>~ 165h<\/strong><\/td><td>Probl\u00e9matique de l\u2019\u00e9nergie et des contraintes environnementales<\/td><td>45h<\/td><\/tr><tr><td><\/td><td>M\u00e9thodes et simulations num\u00e9riques ; remise \u00e0 niveau en math\u00e9matiques<\/td><td>45h<\/td><\/tr><tr><td><\/td><td>Compl\u00e9ments d\u2019\u00e9lectrotechnique ; dessin industriel<\/td><td>30h<\/td><\/tr><tr><td><\/td><td>Anglais ; communication ; formation \u00e0 l\u2019entreprise<\/td><td>45h<\/td><\/tr><tr><td><strong>Bloc \u00ab\u00a0formation technique\u00a0\u00bb<br>~ 400h<\/strong><br><\/td><td>Electricit\u00e9<\/td><td>75h<\/td><\/tr><tr><td><\/td><td>Thermique ; thermodynamique appliqu\u00e9e<\/td><td>100h<\/td><\/tr><tr><td><\/td><td>Mat\u00e9riaux<\/td><td>70h<\/td><\/tr><tr><td><\/td><td>Fluides<\/td><td>70h<\/td><\/tr><tr><td><\/td><td>Energie nucl\u00e9aire et radioprotection<\/td><td>80h<\/td><\/tr><\/tbody><\/table><\/figure>\n\n\n\n<p><em>R\u00e9partition enseignement acad\u00e9mique \/ enseignement exp\u00e9rimental \/ enseignement professionnel&nbsp;en volume horaire :<\/em><\/p>\n\n\n\n<figure class=\"wp-block-image size-full is-resized\"><img loading=\"lazy\" decoding=\"async\" width=\"910\" height=\"336\" src=\"https:\/\/hebergement.universite-paris-saclay.fr\/licence-pro-tpe\/wp-content\/uploads\/2022\/09\/vue_cours-2.jpg\" alt=\"\" class=\"wp-image-1068\" style=\"width:724px;height:267px\" srcset=\"https:\/\/hebergement.universite-paris-saclay.fr\/licence-pro-tpe\/wp-content\/uploads\/2022\/09\/vue_cours-2.jpg 910w, https:\/\/hebergement.universite-paris-saclay.fr\/licence-pro-tpe\/wp-content\/uploads\/2022\/09\/vue_cours-2-300x111.jpg 300w, https:\/\/hebergement.universite-paris-saclay.fr\/licence-pro-tpe\/wp-content\/uploads\/2022\/09\/vue_cours-2-768x284.jpg 768w\" sizes=\"(max-width: 910px) 100vw, 910px\" \/><\/figure>\n\n\n\n<p><em>En fin d\u2019ann\u00e9e, apr\u00e8s la p\u00e9riode\nd\u2019apprentissage, chaque \u00e9tudiant remet un m\u00e9moire qui non seulement d\u00e9crit son activit\u00e9\ndans l\u2019entreprise, mais constitue \u00e9galement un r\u00e9el travail de synth\u00e8se et de\nr\u00e9flexion. Il est notamment attendu de l\u2019\u00e9tudiant qu\u2019il situe son travail dans\nun cadre plus g\u00e9n\u00e9ral, qui peut \u00eatre celui de l\u2019entreprise ou de la\nprobl\u00e9matique associ\u00e9e. La pr\u00e9sentation orale du m\u00e9moire se fait devant un jury\ncompos\u00e9 de professionnels et d\u2019enseignants. En plus du m\u00e9moire et de la\nsoutenance, l\u2019\u00e9valuation du travail de l\u2019alternant tient compte de son\ncomportement dans l\u2019entreprise \u00e0 travers une grille d\u2019\u00e9valuation remplie par le\nma\u00eetre d\u2019apprentissage.<\/em><\/p>\n\n\n\n<p><em>En plus des enseignements \u00e0 l\u2019universit\u00e9 et de sa formation en entreprise, l\u2019\u00e9tudiant effectue un projet tutor\u00e9, d\u2019une dur\u00e9e totale \u00e9quivalente \u00e0 4 semaines. Ce projet peut constituer un compl\u00e9ment \u00e0 la formation de l\u2019\u00e9tudiant sur des besoins sp\u00e9cifiques recommand\u00e9s par l\u2019encadrant de l\u2019entreprise pour le bon d\u00e9roulement de l\u2019alternance. Il peut \u00e9galement donner \u00e0 l\u2019\u00e9tudiant l\u2019opportunit\u00e9 de d\u00e9couvrir des aspects connexes de son activit\u00e9 dans l\u2019entreprise. Enfin, le projet tutor\u00e9 peut consister \u00e0 approfondir un point sp\u00e9cifique de son travail. <\/em><\/p>\n\n\n\n<p><em>La partie \u00ab\u00a0entreprise\u00a0\u00bb constitue le troisi\u00e8me et dernier bloc.<\/em><\/p>\n\n\n\n<p><em>La validation de la 3<sup>\u00e8me<\/sup> ann\u00e9e de licence (L3) donne lieu \u00e0 60 ECTS (European Credit Transfer) dont la r\u00e9partition entre les trois blocs est la suivante&nbsp;:<\/em><\/p>\n\n\n\n<figure class=\"wp-block-table\"><table><tbody><tr><td class=\"has-text-align-center\" data-align=\"center\"><strong><em>Bloc \u00ab\u00a0outils\u00a0\u00bb<\/em><\/strong>   <\/td><td class=\"has-text-align-center\" data-align=\"center\">   <strong><em>Bloc \u00ab\u00a0formation technique\u00a0\u00bb<\/em><\/strong>   <\/td><td class=\"has-text-align-center\" data-align=\"center\">  <strong><em>Bloc \u00ab\u00a0entreprise\u00a0\u00bb<\/em><\/strong>   <\/td><\/tr><tr><td class=\"has-text-align-center\" data-align=\"center\">   <strong><em>12 ECTS<\/em><\/strong>   <\/td><td class=\"has-text-align-center\" data-align=\"center\">   <strong><em>24 ECTS<\/em><\/strong>   <\/td><td class=\"has-text-align-center\" data-align=\"center\">   <strong><em>24 ECTS<\/em><\/strong>   <\/td><\/tr><\/tbody><\/table><\/figure>\n\n\n\n<hr class=\"wp-block-separator has-css-opacity\"\/>\n\n\n\n<h2 class=\"wp-block-heading\"><strong>Enseignements en d\u00e9tail<\/strong><\/h2>\n\n\n\n<div id=\"formation-technique\">\n  <h3 align=\"center\">Bloc formation technique et secteurs d&rsquo;activit\u00e9<\/h3>\n<\/div>\n\n\n\n<p>Les modules du bloc \u00ab\u00a0formation technique\u00a0\u00bb couvrent les domaines physiques li\u00e9s \u00e0 la production d\u2019\u00e9nergie, sa consommation et sa ma\u00eetrise. Ils ont \u00e9t\u00e9 con\u00e7us pour r\u00e9pondre aux besoins en comp\u00e9tences des principaux secteurs d\u2019activit\u00e9s de l\u2019\u00e9nergie. Ils reposent sur un couplage \u00e9troit entre universit\u00e9 et industrie o\u00f9 les comp\u00e9tences de chacun sont r\u00e9unies dans un enseignement dual acad\u00e9mique\/professionnel et s\u2019appuient sur de nombreux travaux pratiques : <\/p>\n\n\n\n<ul>\n<li>L\u2019enseignement acad\u00e9mique traite les concepts physiques au travers d\u2019exemples concrets que les \u00e9tudiants sont amen\u00e9s \u00e0 rencontrer dans leurs futurs m\u00e9tiers ;<\/li>\n\n\n\n<li>Les travaux exp\u00e9rimentaux illustrent les concepts vus en cours tout en d\u00e9veloppant les comp\u00e9tences techniques des \u00e9tudiants gr\u00e2ce la mise en place d\u2019installations \u00e9nerg\u00e9tiques telles que turbine, pompe \u00e0 chaleur, chauffage solaire, \u00e9changeurs de chaleur, cam\u00e9ra thermique, \u2026<\/li>\n\n\n\n<li>Les enseignements professionnels ont pour vocation, au travers par exemple d\u2019\u00e9tudes de cas concret, \u00e0 pr\u00e9senter les technologies utilis\u00e9es dans les entreprises, leur mise en \u0153uvre, les m\u00e9thodologies et outils d\u00e9velopp\u00e9s, ainsi que les m\u00e9tiers associ\u00e9s. Elles permettent ainsi aux \u00e9tudiants de faire le lien entre les concepts enseign\u00e9s et le travail que l\u2019on peut attendre d\u2019eux dans l\u2019entreprise, et les aident \u00e9galement \u00e0 avoir une vision concr\u00e8te et transversale des diff\u00e9rentes technologies.<\/li>\n<\/ul>\n\n\n\n<p><strong><em>Les secteurs d\u2019activit\u00e9s<\/em><\/strong><em> couverts par la licence TPEBC sont&nbsp;: \u00e9nergie du b\u00e2timent, g\u00e9nie climatique, production d\u2019\u00e9lectricit\u00e9 et de chaleur renouvelables, \u00e9lectricit\u00e9 et gestion des r\u00e9seaux \u00e9lectriques, mat\u00e9riaux pour l\u2019\u00e9nergie, production nucl\u00e9aire &amp; radioprotection.<\/em><\/p>\n\n\n\n<p><strong><em>Les modules d\u2019enseignement universitaire<\/em><\/strong><em> pour former les \u00e9tudiants aux m\u00e9tiers du domaine de l\u2019\u00e9nergie&nbsp;: thermique &amp; technologies associ\u00e9es, thermodynamique appliqu\u00e9e, propri\u00e9t\u00e9s &amp; applications des mat\u00e9riaux, production, transport &amp; stockage de l\u2019\u00e9lectricit\u00e9, \u00e9coulements fluides &amp; transferts d\u2019\u00e9nergie, \u00e9nergie nucl\u00e9aire &amp; radioprotection<\/em>.<\/p>\n\n\n\n<p><strong><a href=\"https:\/\/hebergement.universite-paris-saclay.fr\/licence-pro-tpe\/wp-content\/uploads\/2023\/11\/Livret-TPE_2023.pdf\" target=\"_blank\" rel=\"noreferrer noopener\">Cliquer ici pour un descriptif d\u00e9taill\u00e9 des secteurs d\u2019activit\u00e9s et des modules d\u2019enseignement du bloc \u00ab\u00a0formation technique\u00a0\u00bb<\/a><\/strong><\/p>\n\n\n\n<div id=\"harmonisation\"><h3 align=\"center\">Bloc outils<\/h3><\/div>\n\n\n\n<p><em>Le <strong>bloc \u00ab&nbsp;outils&nbsp;\u00bb<\/strong> vise \u00e0 fournir aux \u00e9tudiants tous les outils indispensables \u00e0 leur formation dans la licence professionnelle, et \u00e9galement \u00e0 leur vie professionnelle. Il comprend des mati\u00e8res scientifiques (cours introductif sur l\u2019\u00e9nergie, \u00e9lectrotechnique, math\u00e9matiques, m\u00e9thodes et simulations num\u00e9riques\u2026) et non scientifiques (anglais, formation \u00e0 l\u2019entreprise, construction d\u2019un projet professionnel&#8230;).<\/em><\/p>\n\n\n\n<p><strong><u>Introduction \u00e0 la probl\u00e9matique de l\u2019\u00e9nergie &amp; des contraintes environnementales<\/u><\/strong><\/p>\n\n\n\n<p>I<strong>ntroduction \u00e0 la physique de l\u2019\u00e9nergie<\/strong><\/p>\n\n\n\n<ul>\n<li>les diff\u00e9rentes formes de l&rsquo;\u00e9nergie et ses principales transformations, rendement et facteur de charge, unit\u00e9s et conventions, ordres de grandeur<\/li>\n\n\n\n<li>tour d&rsquo;horizon des sources : principes de base, utilisations, potentiels, ordres de grandeurs<\/li>\n\n\n\n<li>contexte \u00e9nerg\u00e9tique mondial actuel et futur, r\u00e9serves en combustibles fossiles, contrainte climatique, ordres de grandeur<\/li>\n\n\n\n<li>concepts physiques de base : conservation de l&rsquo;\u00e9nergie et ses transformations, exemples d&rsquo;installations et de cha\u00eenes \u00e9nerg\u00e9tiques<\/li>\n<\/ul>\n\n\n\n<p><strong>Economie de l&rsquo;\u00e9nergie (ORANO)<\/strong> : comp\u00e9titivit\u00e9 des fili\u00e8res \u00e9nerg\u00e9tiques, taux d&rsquo;actualisation, approche technico-\u00e9conomique, comparaison entre les fili\u00e8res de production \u00e9lectrique, march\u00e9 de l\u2019\u00e9lectricit\u00e9, les externalit\u00e9s<\/p>\n\n\n\n<p><strong>L\u00e9gislation de l\u2019\u00e9nergie (Alma Consulting)<\/strong><\/p>\n\n\n\n<ul>\n<li>le droit : d\u00e9finition, normes, outils et les diff\u00e9rents ordres\n<ul>\n<li>cadre juridique des entreprises : les r\u00e8gles, les interlocuteurs, les\ninstances<\/li>\n\n\n\n<li>cadre juridique du b\u00e2timent : r\u00e8glementations, b\u00e2timents HQE, THPE,\nBBC, diagnostics de performance \u00e9nerg\u00e9tique, les partenaires<\/li>\n<\/ul>\n<\/li>\n<\/ul>\n\n\n\n<p><strong>Valorisation du biogaz &amp; m\u00e9thanisation, biomasse &amp; biom\u00e9thane, power-to-gas (ENGIE &#8211; CRIGEN)<\/strong><\/p>\n\n\n\n<p><\/p>\n\n\n\n<p><strong><u>Rappels math\u00e9matiques ; m\u00e9thodes et simulations num\u00e9riques<\/u><\/strong><\/p>\n\n\n\n<p><strong>Rappels math\u00e9matiques<\/strong><\/p>\n\n\n\n<ul>\n<li>fonctions de base : polyn\u00f4me, exponentielle, logarithme, trigonom\u00e9trique<\/li>\n\n\n\n<li>d\u00e9rivation, int\u00e9gration<\/li>\n\n\n\n<li>op\u00e9rations vectorielles<\/li>\n\n\n\n<li>r\u00e9solution d&rsquo;\u00e9quations diff\u00e9rentielles du 1er et 2\u00e8me ordre<\/li>\n\n\n\n<li>d\u00e9veloppement limit\u00e9<\/li>\n\n\n\n<li>gradient, op\u00e9rateurs vectoriels<\/li>\n<\/ul>\n\n\n\n<p><strong>M\u00e9thodes et simulations num\u00e9riques<\/strong><\/p>\n\n\n\n<ul>\n<li>rappels math\u00e9matiques : d\u00e9riv\u00e9es, int\u00e9grales, op\u00e9rateurs, \u00e9quations diff\u00e9rentielles<\/li>\n\n\n\n<li>interpolation polynomiale : ordre de pr\u00e9cision et ph\u00e9nom\u00e8ne d&rsquo;instabilit\u00e9<\/li>\n\n\n\n<li>\u00e9quations aux d\u00e9riv\u00e9es partielles et m\u00e9thode des diff\u00e9rences finies, consistance et stabilit\u00e9<\/li>\n\n\n\n<li>initiation au logiciel de programmation MATLAB : r\u00e9daction de codes de simulation d&rsquo;\u00e9quations aux d\u00e9riv\u00e9es partielles<\/li>\n\n\n\n<li>simulation num\u00e9rique appliqu\u00e9e aux ph\u00e9nom\u00e8nes d&rsquo;advection et de diffusion 1D et 2D<\/li>\n<\/ul>\n\n\n\n<p><\/p>\n\n\n\n<p><\/p>\n\n\n\n<p><\/p>\n\n\n\n<p><\/p>\n\n\n\n<p><\/p>\n\n\n\n<p><strong><u>Compl\u00e9ments d&rsquo;\u00e9lectrotechnique ; dessin industriel<\/u><\/strong><\/p>\n\n\n\n<p><strong>Compl\u00e9ments d&rsquo;\u00e9lectrotechnique<\/strong><\/p>\n\n\n\n<ul>\n<li>R\u00e9seau de tension triphas\u00e9es sur charge \u00e9quilibr\u00e9e ou d\u00e9s\u00e9quilibr\u00e9e<\/li>\n\n\n\n<li>Puissances \u00e9lectriques en r\u00e9gime permanent sinuso\u00efdal<\/li>\n\n\n\n<li>Champs et flux magn\u00e9tiques : loi de Lenz-Faraday et th\u00e9or\u00e8me d&rsquo;Amp\u00e8re<\/li>\n\n\n\n<li>Transformateur id\u00e9al pour la mise \u00e0 niveau de tension<\/li>\n\n\n\n<li>Formation \u00e0 la pr\u00e9vention et aux risques \u00e9lectriques<\/li>\n<\/ul>\n\n\n\n<p><strong>Dessin industriel<\/strong><\/p>\n\n\n\n<ul>\n<li>initiation au logiciel de CAO CATIA : ex\u00e9cution de mod\u00e8les \u00e0 partir d&rsquo;esquisses, assemblages et mises en plan<\/li>\n\n\n\n<li>mod\u00e9lisation des pi\u00e8ces m\u00e9caniques, assemblage d&rsquo;un \u00e9tau d&rsquo;usinage et d&rsquo;un v\u00e9rin pneumatique d&rsquo;apr\u00e8s des plans fournis<\/li>\n<\/ul>\n\n\n\n\n\n<p><\/p>\n\n\n\n<p><strong><u>Anglais ; formation \u00e0 l&rsquo;entreprise ; communication efficace<\/u><\/strong><\/p>\n\n\n\n<p><strong>Anglais<\/strong><\/p>\n\n\n\n<ul>\n<li>mise \u00e0 niveau en anglais g\u00e9n\u00e9ral<\/li>\n\n\n\n<li>formation \u00e0 l&rsquo;anglais scientifique et technique<\/li>\n\n\n\n<li>expression orale en anglais<\/li>\n<\/ul>\n\n\n\n<p><strong>Formation \u00e0 l&rsquo;entreprise<\/strong><\/p>\n\n\n\n<ul>\n<li>organisation des entreprises &#8211; cadre juridique, administratif, \u00e9conomique<\/li>\n\n\n\n<li>certification, normalisation, proc\u00e9dure qualit\u00e9<\/li>\n<\/ul>\n\n\n\n<p><strong>Communication efficace<\/strong><\/p>\n\n\n\n<ul>\n<li>cr\u00e9er un message efficace, choisir un support de communication adapt\u00e9<\/li>\n\n\n\n<li>contr\u00f4ler la bonne compr\u00e9hension du message re\u00e7u<\/li>\n\n\n\n<li>m\u00e9langer efficacement mots et visuels, cr\u00e9er un ensemble captivant de messages<\/li>\n\n\n\n<li>parler efficacement en public <\/li>\n<\/ul>\n\n\n\n<p><strong><u>Construction\nd\u2019un projet professionnel<\/u><\/strong>\n(<em>enseignement professionnel)<\/em><strong><\/strong><\/p>\n\n\n\n<ul>\n<li>r\u00e9daction CV, lettres de motivation<\/li>\n\n\n\n<li>entretien d\u2019embauche<\/li>\n\n\n\n<li>valorisation parcours et comp\u00e9tences <\/li>\n<\/ul>\n","protected":false},"excerpt":{"rendered":"<p>La licence professionnelle Techniques Physiques des \u00c9nergies Bas Carbone fournit des connaissances et des comp\u00e9tences dans les principaux secteurs d\u2019activit\u00e9s de l\u2019\u00e9nergie&nbsp;: \u00e9tude des principales sources d\u2019\u00e9nergie, renouvelables, fossiles, nucl\u00e9aire, et de leurs fili\u00e8res \u00e9nerg\u00e9tiques associ\u00e9es pour la production d\u2019\u00e9lectricit\u00e9 et de chaleur, la cog\u00e9n\u00e9ration, le transport et le stockage de l\u2019\u00e9lectricit\u00e9, diagnostic des d\u00e9perditions &hellip; <a href=\"https:\/\/hebergement.universite-paris-saclay.fr\/licence-pro-tpe\/index.php\/enseignements\/\">Continue reading <span class=\"meta-nav\">&rarr;<\/span><\/a><\/p>\n","protected":false},"author":1,"featured_media":0,"parent":0,"menu_order":0,"comment_status":"closed","ping_status":"closed","template":"","meta":{"footnotes":""},"_links":{"self":[{"href":"https:\/\/hebergement.universite-paris-saclay.fr\/licence-pro-tpe\/index.php\/wp-json\/wp\/v2\/pages\/17"}],"collection":[{"href":"https:\/\/hebergement.universite-paris-saclay.fr\/licence-pro-tpe\/index.php\/wp-json\/wp\/v2\/pages"}],"about":[{"href":"https:\/\/hebergement.universite-paris-saclay.fr\/licence-pro-tpe\/index.php\/wp-json\/wp\/v2\/types\/page"}],"author":[{"embeddable":true,"href":"https:\/\/hebergement.universite-paris-saclay.fr\/licence-pro-tpe\/index.php\/wp-json\/wp\/v2\/users\/1"}],"replies":[{"embeddable":true,"href":"https:\/\/hebergement.universite-paris-saclay.fr\/licence-pro-tpe\/index.php\/wp-json\/wp\/v2\/comments?post=17"}],"version-history":[{"count":53,"href":"https:\/\/hebergement.universite-paris-saclay.fr\/licence-pro-tpe\/index.php\/wp-json\/wp\/v2\/pages\/17\/revisions"}],"predecessor-version":[{"id":1134,"href":"https:\/\/hebergement.universite-paris-saclay.fr\/licence-pro-tpe\/index.php\/wp-json\/wp\/v2\/pages\/17\/revisions\/1134"}],"wp:attachment":[{"href":"https:\/\/hebergement.universite-paris-saclay.fr\/licence-pro-tpe\/index.php\/wp-json\/wp\/v2\/media?parent=17"}],"curies":[{"name":"wp","href":"https:\/\/api.w.org\/{rel}","templated":true}]}}