{"id":53,"date":"2020-01-07T15:10:21","date_gmt":"2020-01-07T14:10:21","guid":{"rendered":"http:\/\/hebergement.universite-paris-saclay.fr\/licence-pro-tpe\/?page_id=53"},"modified":"2026-02-11T09:50:06","modified_gmt":"2026-02-11T08:50:06","slug":"contact","status":"publish","type":"page","link":"https:\/\/hebergement.universite-paris-saclay.fr\/licence-pro-tpe\/index.php\/contact\/","title":{"rendered":"Contacts"},"content":{"rendered":"\n<h3 class=\"wp-block-heading\"><strong>Responsable<\/strong> administratif<\/h3>\n\n\n\n<p><strong>Guillaume Krebs<\/strong> \u2013 Ma\u00eetre de conf\u00e9rences HDR &#8211; &nbsp;Universit\u00e9 Paris-Saclay &#8211;  Laboratoire GeePs<\/p>\n\n\n\n<p><a href=\"mailto:sandra.bouneau@universite-paris-saclay.fr\">licence.tpebc@universite-paris-saclay.fr<\/a><\/p>\n\n\n\n<p>B\u00e2timent 625 \u2013 Campus d\u2019Orsay <\/p>\n\n\n\n<p>Rue de Broglie &#8211; 91400 Orsay<\/p>\n\n\n\n<p>01 75 31 79 28<\/p>\n\n\n\n<p><\/p>\n\n\n\n<h3 class=\"wp-block-heading\">Relations entreprises &#8211; alternance &#8211; CFA &#8211; enseignements professionnels<\/h3>\n\n\n\n<p><strong>Sandra Bouneau<\/strong> \u2013 Ma\u00eetre de conf\u00e9rences &#8211; &nbsp;Universit\u00e9 Paris-Saclay &#8211;  Laboratoire IJCLab<\/p>\n\n\n\n<p><a href=\"mailto:sandra.bouneau@universite-paris-saclay.fr\">sandra.bouneau@universite-paris-saclay.fr<\/a><\/p>\n\n\n\n<p><\/p>\n\n\n\n<p><\/p>\n\n\n\n<p><\/p>\n\n\n\n<p><\/p>\n\n\n\n<p><\/p>\n\n\n\n<p><\/p>\n\n\n\n<p><\/p>\n\n\n\n<p><\/p>\n","protected":false},"excerpt":{"rendered":"<p>Responsable administratif Guillaume Krebs \u2013 Ma\u00eetre de conf\u00e9rences HDR &#8211; &nbsp;Universit\u00e9 Paris-Saclay &#8211; Laboratoire GeePs licence.tpebc@universite-paris-saclay.fr B\u00e2timent 625 \u2013 Campus d\u2019Orsay Rue de Broglie &#8211; 91400 Orsay 01 75 31 79 28 Relations entreprises &#8211; alternance &#8211; CFA &#8211; enseignements professionnels Sandra Bouneau \u2013 Ma\u00eetre de conf\u00e9rences &#8211; &nbsp;Universit\u00e9 Paris-Saclay &#8211; Laboratoire IJCLab sandra.bouneau@universite-paris-saclay.fr<\/p>\n","protected":false},"author":1,"featured_media":0,"parent":0,"menu_order":0,"comment_status":"closed","ping_status":"closed","template":"","meta":{"footnotes":""},"_links":{"self":[{"href":"https:\/\/hebergement.universite-paris-saclay.fr\/licence-pro-tpe\/index.php\/wp-json\/wp\/v2\/pages\/53"}],"collection":[{"href":"https:\/\/hebergement.universite-paris-saclay.fr\/licence-pro-tpe\/index.php\/wp-json\/wp\/v2\/pages"}],"about":[{"href":"https:\/\/hebergement.universite-paris-saclay.fr\/licence-pro-tpe\/index.php\/wp-json\/wp\/v2\/types\/page"}],"author":[{"embeddable":true,"href":"https:\/\/hebergement.universite-paris-saclay.fr\/licence-pro-tpe\/index.php\/wp-json\/wp\/v2\/users\/1"}],"replies":[{"embeddable":true,"href":"https:\/\/hebergement.universite-paris-saclay.fr\/licence-pro-tpe\/index.php\/wp-json\/wp\/v2\/comments?post=53"}],"version-history":[{"count":42,"href":"https:\/\/hebergement.universite-paris-saclay.fr\/licence-pro-tpe\/index.php\/wp-json\/wp\/v2\/pages\/53\/revisions"}],"predecessor-version":[{"id":1161,"href":"https:\/\/hebergement.universite-paris-saclay.fr\/licence-pro-tpe\/index.php\/wp-json\/wp\/v2\/pages\/53\/revisions\/1161"}],"wp:attachment":[{"href":"https:\/\/hebergement.universite-paris-saclay.fr\/licence-pro-tpe\/index.php\/wp-json\/wp\/v2\/media?parent=53"}],"curies":[{"name":"wp","href":"https:\/\/api.w.org\/{rel}","templated":true}]}}