{"id":48,"date":"2019-06-04T19:04:32","date_gmt":"2019-06-04T18:04:32","guid":{"rendered":"http:\/\/hebergement.u-psud.fr\/nouet\/?page_id=48"},"modified":"2024-12-19T14:23:59","modified_gmt":"2024-12-19T13:23:59","slug":"contact","status":"publish","type":"page","link":"https:\/\/hebergement.universite-paris-saclay.fr\/nouet\/?page_id=48","title":{"rendered":"Contact"},"content":{"rendered":"\n<p>Email : <a href=\"mailto:julius.nouet@universite-paris-saclay.fr\">julius.nouet@universite-paris-saclay.fr<\/a><\/p>\n\n\n\n<p>T\u00e9l\u00e9phone : +33 (0) 1 69 15 61 21<\/p>\n\n\n\n<p>Adresse : B\u00e2timent 504, Campus universitaire d&rsquo;Orsay, 91405 Orsay cedex, France<\/p>\n","protected":false},"excerpt":{"rendered":"<p>Email : julius.nouet@universite-paris-saclay.fr T\u00e9l\u00e9phone : +33 (0) 1 69 15 61 21 Adresse : B\u00e2timent 504, Campus universitaire d&rsquo;Orsay, 91405 Orsay cedex, France<\/p>\n","protected":false},"author":1,"featured_media":0,"parent":0,"menu_order":0,"comment_status":"closed","ping_status":"closed","template":"onecolumn-page.php","meta":[],"_links":{"self":[{"href":"https:\/\/hebergement.universite-paris-saclay.fr\/nouet\/index.php?rest_route=\/wp\/v2\/pages\/48"}],"collection":[{"href":"https:\/\/hebergement.universite-paris-saclay.fr\/nouet\/index.php?rest_route=\/wp\/v2\/pages"}],"about":[{"href":"https:\/\/hebergement.universite-paris-saclay.fr\/nouet\/index.php?rest_route=\/wp\/v2\/types\/page"}],"author":[{"embeddable":true,"href":"https:\/\/hebergement.universite-paris-saclay.fr\/nouet\/index.php?rest_route=\/wp\/v2\/users\/1"}],"replies":[{"embeddable":true,"href":"https:\/\/hebergement.universite-paris-saclay.fr\/nouet\/index.php?rest_route=%2Fwp%2Fv2%2Fcomments&post=48"}],"version-history":[{"count":6,"href":"https:\/\/hebergement.universite-paris-saclay.fr\/nouet\/index.php?rest_route=\/wp\/v2\/pages\/48\/revisions"}],"predecessor-version":[{"id":338,"href":"https:\/\/hebergement.universite-paris-saclay.fr\/nouet\/index.php?rest_route=\/wp\/v2\/pages\/48\/revisions\/338"}],"wp:attachment":[{"href":"https:\/\/hebergement.universite-paris-saclay.fr\/nouet\/index.php?rest_route=%2Fwp%2Fv2%2Fmedia&parent=48"}],"curies":[{"name":"wp","href":"https:\/\/api.w.org\/{rel}","templated":true}]}}