{"id":71,"date":"2019-06-04T20:43:43","date_gmt":"2019-06-04T19:43:43","guid":{"rendered":"http:\/\/hebergement.u-psud.fr\/nouet\/?page_id=71"},"modified":"2024-12-19T14:23:21","modified_gmt":"2024-12-19T13:23:21","slug":"prestations","status":"publish","type":"page","link":"https:\/\/hebergement.universite-paris-saclay.fr\/nouet\/?page_id=71","title":{"rendered":"Expertises"},"content":{"rendered":"\n<ul class=\"justify-text\">\n<li class=\"has-small-font-size\"><strong>Microscopies photonique<\/strong>s (conventionnelle, \u00e9pifluorescence, lumi\u00e8re polarisante, confocale laser)&nbsp;<\/li>\n<\/ul>\n\n\n\n<ul>\n<li class=\"has-small-font-size\"><strong>Diffraction de Rayons X<\/strong><\/li>\n<\/ul>\n\n\n\n<ul class=\"justify-text\">\n<li class=\"has-small-font-size\"><strong>Microscopie \u00e9lectronique \u00e0 balayage<\/strong> (haute r\u00e9solution, pression variable) et <strong>Microsondes \u00e9lectroniques<\/strong> (EDS et WDS)&nbsp;<\/li>\n<\/ul>\n\n\n\n<ul>\n<li class=\"has-small-font-size\"><strong>Micro-spectroscopies FT-IR et Raman<\/strong>&nbsp;<\/li>\n<\/ul>\n\n\n\n<ul>\n<li class=\"has-small-font-size\"><strong>Thermogravim\u00e9trie<\/strong>&nbsp;<\/li>\n<\/ul>\n\n\n\n<ul>\n<li class=\"has-small-font-size\"><strong>Chromatographies<\/strong> (HPLC et GC) et&nbsp;<strong>Electrophor\u00e8ses<\/strong><\/li>\n<\/ul>\n\n\n\n<hr class=\"wp-block-separator has-css-opacity\"\/>\n\n\n\n<h4 class=\"wp-block-heading\">Exp\u00e9riences sur grands instruments nationaux&nbsp;: <\/h4>\n\n\n\n<ul class=\"justify-text\">\n<li class=\"has-small-font-size\"><strong>XANES<\/strong> (sur synchrotron&nbsp;<strong><em>Soleil<\/em><\/strong>, lignes&nbsp;<strong><em>Lucia<\/em><\/strong> et&nbsp;<strong><em>Nanoscopium<\/em><\/strong>, et sur synchrotron&nbsp;<strong><em>ESRF<\/em><\/strong>, ligne&nbsp;<strong><em>ID21<\/em><\/strong>)<\/li>\n<\/ul>\n\n\n\n<ul>\n<li class=\"has-small-font-size\"><strong>Photo\u00e9mission<\/strong> (sur synchrotron&nbsp;<strong><em>Soleil<\/em><\/strong>, ligne&nbsp;<strong><em>Tempo<\/em><\/strong>)<\/li>\n<\/ul>\n\n\n\n<ul>\n<li class=\"has-small-font-size\"><strong>Micro-diffraction RX<\/strong> (sur synchrotron&nbsp;<strong><em>ESRF<\/em><\/strong>, ligne&nbsp;<strong><em>ID13<\/em><\/strong>)<\/li>\n<\/ul>\n\n\n\n<ul class=\"justify-text\">\n<li class=\"has-small-font-size\"><strong>Microscopie \u00e9lectronique \u00e0 transmission <\/strong>(analyse \u00e9l\u00e9mentaire et haute-r\u00e9solution) (collaboration <strong>Cinam<\/strong>, Marseille)<\/li>\n<\/ul>\n","protected":false},"excerpt":{"rendered":"<p>Exp\u00e9riences sur grands instruments nationaux&nbsp;:<\/p>\n","protected":false},"author":1,"featured_media":0,"parent":0,"menu_order":0,"comment_status":"closed","ping_status":"closed","template":"onecolumn-page.php","meta":[],"_links":{"self":[{"href":"https:\/\/hebergement.universite-paris-saclay.fr\/nouet\/index.php?rest_route=\/wp\/v2\/pages\/71"}],"collection":[{"href":"https:\/\/hebergement.universite-paris-saclay.fr\/nouet\/index.php?rest_route=\/wp\/v2\/pages"}],"about":[{"href":"https:\/\/hebergement.universite-paris-saclay.fr\/nouet\/index.php?rest_route=\/wp\/v2\/types\/page"}],"author":[{"embeddable":true,"href":"https:\/\/hebergement.universite-paris-saclay.fr\/nouet\/index.php?rest_route=\/wp\/v2\/users\/1"}],"replies":[{"embeddable":true,"href":"https:\/\/hebergement.universite-paris-saclay.fr\/nouet\/index.php?rest_route=%2Fwp%2Fv2%2Fcomments&post=71"}],"version-history":[{"count":9,"href":"https:\/\/hebergement.universite-paris-saclay.fr\/nouet\/index.php?rest_route=\/wp\/v2\/pages\/71\/revisions"}],"predecessor-version":[{"id":337,"href":"https:\/\/hebergement.universite-paris-saclay.fr\/nouet\/index.php?rest_route=\/wp\/v2\/pages\/71\/revisions\/337"}],"wp:attachment":[{"href":"https:\/\/hebergement.universite-paris-saclay.fr\/nouet\/index.php?rest_route=%2Fwp%2Fv2%2Fmedia&parent=71"}],"curies":[{"name":"wp","href":"https:\/\/api.w.org\/{rel}","templated":true}]}}