{"id":145,"date":"2020-04-03T11:04:26","date_gmt":"2020-04-03T10:04:26","guid":{"rendered":"http:\/\/hebergement.universite-paris-saclay.fr\/upgeo\/?page_id=145"},"modified":"2025-02-22T16:30:09","modified_gmt":"2025-02-22T15:30:09","slug":"publications-2","status":"publish","type":"page","link":"https:\/\/hebergement.universite-paris-saclay.fr\/upgeo\/?page_id=145&lang=en","title":{"rendered":"Publications"},"content":{"rendered":"\n<h2 class=\"wp-block-heading\" id=\"block-8fee93d3-20b6-44ef-8da0-a6303316a0a3\">Articles<\/h2>\n\n\n\n<p><strong>2025<\/strong><\/p>\n\n\n\n<p>Mas, P., Bourillot, R., Deschamps, R., Brigaud, B., Saint-Bezar, B., Razin, P., Portier, E., Henry, A., Hersant, B., Deciphering tidal signature in a fluvial-dominated delta using digital outcrop models (Roda Sandstone, Eocene, South Pyrenean Basin). Preprint 2025. <a href=\"https:\/\/hal.science\/hal-04863300v1\" target=\"_blank\" rel=\"noreferrer noopener\">https:\/\/anr.hal.science\/hal-04863300v1<\/a><\/p>\n\n\n\n<p><strong>2023<\/strong><\/p>\n\n\n\n<p>Catinat, M., Brigaud, B., Fleury, M., Thomas, H., Antics, M., Ungemach, P., 2023. Characterizing facies and porosity-permeability heterogeneity in a geothermal carbonate reservoir with the use of NMR-wireline logging data. <em>Geothermics<\/em> 115, 102821. <a href=\"https:\/\/doi.org\/10.1016\/j.geothermics.2023.102821\" target=\"_blank\" rel=\"noreferrer noopener\">https:\/\/doi.org\/10.1016\/j.geothermics.2023.102821<\/a><\/p>\n\n\n\n<p>Catinat, M., Fleury, M.,<strong> <\/strong>Brigaud, B., Antics, M., Ungemach, P., 2023. Estimating permeability in a limestone geothermal reservoir from NMR laboratory experiments. <em>Geothermics<\/em>, 111, 102707 <a href=\"https:\/\/doi.org\/10.1016\/j.geothermics.2023.102707\">https:\/\/doi.org\/10.1016\/j.geothermics.2023.102707<\/a><\/p>\n\n\n\n<p>Thomas, H., Brigaud, B., Blaise, T., Zordan, E., Zeyen, H., Catinat, M., Andrieu, S., Mouche, E., Fleury, M., 2023. Upscaling of geological properties in a world-class carbonate geothermal system in France: From core scale to 3D regional reservoir dimensions. <em>Geothermics<\/em>, 112, 102719 <a href=\"https:\/\/doi.org\/10.1016\/j.geothermics.2023.102719\">https:\/\/doi.org\/10.1016\/j.geothermics.2023.102719<\/a><\/p>\n\n\n\n<p><strong>2021<\/strong><\/p>\n\n\n\n<p>Gao, Y.<strong>, <\/strong>Hilhorst, D.<strong>, <\/strong>Vu Do H. C., 2021. A Generalized Finite Volume Method for Density Driven Flows in Porous Media. <em>Energies<\/em>, 14 (19), 6151 <a href=\"https:\/\/doi.org\/10.3390\/en14196151\" target=\"_blank\" rel=\"noreferrer noopener\">https:\/\/doi.org\/10.3390\/en14196151<\/a><\/p>\n\n\n\n<p>Thomas, H., Brigaud, B., Blaise, T., Saint-Bezar, B., Zordan, E., Zeyen, H., Andrieu, S., Vincent, B., Chirol, H., Portier, E., Mouche, E., 2021. Contribution of drone photogrammetry to 3D outcrop modeling of facies, porosity, and permeability heterogeneities in carbonate reservoirs (Paris Basin, Middle Jurassic). <em>Marine Petroleum Geology<\/em>, 104772, <a href=\"https:\/\/doi.org\/10.1016\/j.marpetgeo.2020.104772\" target=\"_blank\" rel=\"noreferrer noopener\">https:\/\/doi.org\/10.1016\/j.marpetgeo.2020.104772<\/a><\/p>\n\n\n\n<p><strong>2020<\/strong><\/p>\n\n\n\n<p>van Duijn, C.J<strong>.,<\/strong> Mikeli\u0107, A., Wick, T. 2020. Mathematical theory and simulations of thermoporoelasticity. <em>Computer Methods in Applied Mechanics and Engineering<\/em>, 366, 113048, <a href=\"https:\/\/doi.org\/10.1016\/j.cma.2020.113048\" target=\"_blank\" rel=\"noreferrer noopener\">https:\/\/doi.org\/10.1016\/j.cma.2020.113048<\/a>.<\/p>\n\n\n\n<h2 class=\"wp-block-heading\" id=\"congres\">Congr\u00e8s<\/h2>\n\n\n\n<p> <strong>2024<\/strong><\/p>\n\n\n\n<p>Brigaud, B., Catinat, M., Thomas, H., 2024. Quoi de neuf sur le r\u00e9servoir g\u00e9othermique du Dogger en Ile-de-France ? 19<sup>\u00e8me<\/sup> congr\u00e8s de s\u00e9dimentologie, ASF, Lille<\/p>\n\n\n\n<p>Chevalier, Y., Brigaud, B., Fleury, M., Bailly, C., Andrieu, S., Benabdelkrim, Z., Bertogne, M., 2024. L\u2019int\u00e9r\u00eat de la r\u00e9sonance magn\u00e9tique nucl\u00e9aire (RMN) pour caract\u00e9riser les propri\u00e9t\u00e9s faciologique, de porosit\u00e9 et de perm\u00e9abilit\u00e9 des r\u00e9servoirs g\u00e9othermiques. 19<sup>\u00e8me<\/sup> congr\u00e8s de s\u00e9dimentologie, ASF, Lille<\/p>\n\n\n\n<p>Mas, P.,Bourillot, R., Brigaud, B., Deschamps, R., Saint-Bezar, B., Portier, E., Veillerette, A., Razin, P., 2024. Study of an outcropping deltaic reservoir analog: From digital outcrops to 3D reservoir model (Roda Sandstones, Graus-Tremp Basin). International Association for Sedimentologists Conference 2024. Aberdeen. Abstracts Oral Presentations<\/p>\n\n\n\n<p>Mas, P., Brigaud, B., Deschamps, R., Lasseur, E., Bourillot, R., Al Bayssari, Y., Essou C. T. F., Blaise, T., 2024. Architectures et mod\u00e9lisation g\u00e9ologique 3D des r\u00e9servoirs argilo-sableux apto-albiens d&rsquo;\u00cele-de-France (Bassin de Paris) pour des applications en g\u00e9othermie. 19<sup>\u00e8me<\/sup> congr\u00e8s de s\u00e9dimentologie, ASF, Lille<\/p>\n\n\n\n<p><strong>2023<\/strong><\/p>\n\n\n\n<p>Bailly, C., L\u00e9ger, L., Andrieu, S., Regnet, J.-B., Bergogne, M., Mas, P., Monvoisin, G., Saint-B\u00e9zar, B., Zeyen, H., Brigaud, B., 2023. Apport du couplage g\u00e9ologie &amp; acoustique pour caract\u00e9riser les h\u00e9t\u00e9rog\u00e9n\u00e9it\u00e9s de r\u00e9servoir en domaine carbonat\u00e9, 28<sup>\u00e8me<\/sup> R\u00e9union des Sciences de la Terre, Rennes <a href=\"https:\/\/rst2023-rennes.sciencesconf.org\/487033\">https:\/\/rst2023-rennes.sciencesconf.org\/487033<\/a><\/p>\n\n\n\n<p>Essou, C. T., Brigaud, B., Antics, M., Ungemach, P., Mas, P., Deschamp, R., Lasseur, E., El Bayssara, Y., Bethune, G., 2023. Thermo-hydrodynamic modelling in silicoclastic reservoirs: case study of the Albian geothermal reservoir at Saclay, Paris Basin, France. Proceedings, 48th Workshop on Geothermal Reservoir Engineering Stanford University, Stanford, California, February 6-8, <a href=\"https:\/\/pangea.stanford.edu\/ERE\/db\/GeoConf\/papers\/SGW\/2023\/Essou.pdf\">https:\/\/pangea.stanford.edu\/ERE\/db\/GeoConf\/papers\/SGW\/2023\/Essou.pdf<\/a><\/p>\n\n\n\n<p>Essou, C. T. F., Brigaud, B., Antics, M., Ungemach, P., Mas, P., Deschamp, R., Lasseur, E., El Bayssari, Y., Bethune, G., 2023. Thermo-hydrodynamic modelling in silicoclastic reservoirs: case study of the Albian geothermal reservoir at Saclay, Paris Basin, France, 28<sup>\u00e8me<\/sup> R\u00e9union des Sciences de la Terre, Rennes <a href=\"https:\/\/rst2023-rennes.sciencesconf.org\/487063\">https:\/\/rst2023-rennes.sciencesconf.org\/487063<\/a><\/p>\n\n\n\n<p>Mas, P., Bourillot, R., Brigaud, B., Deschamps, R., Saint-Bezar, B., 2023. From 3D digital outcrops to fluid flow reservoir simulations in a deltaic system: An integrated approach, EGU General Assembly 2023, Vienna, Austria, 24\u201328 Apr 2023, EGU23-565, <a href=\"https:\/\/doi.org\/10.5194\/egusphere-egu23-565\">https:\/\/doi.org\/10.5194\/egusphere-egu23-565<\/a><\/p>\n\n\n\n<p>Mas, P., Al Bayssari, Y., Deschamp, R., Brigaud, B., Bourillot, R., Lasseur, E., Essou, C. T. F., El Bayssara, Y., Bethune, G., 2023. Architectures et mod\u00e9lisation g\u00e9ologique 3D des r\u00e9servoirs argilo-sableux apto-albiens d&rsquo;\u00cele-de-France (Bassin de Paris) pour des applications en g\u00e9othermie, 28<sup>\u00e8me<\/sup> R\u00e9union des Sciences de la Terre, Rennes <a href=\"https:\/\/rst2023-rennes.sciencesconf.org\/486909\">https:\/\/rst2023-rennes.sciencesconf.org\/486909<\/a><\/p>\n\n\n\n<p>Mas, P., Bourillot, R., Brigaud, B., Deschamps, R., Saint-B\u00e9zar, B., Portier, E., Veillerette, A., Razin, P., 2023. Study of an outcropping deltaic reservoir analog: From digital outcrops to 3D reservoir model (Roda Sandstones, Graus-Tremp Basin), 28<sup>\u00e8me<\/sup> R\u00e9union des Sciences de la Terre, Rennes <a href=\"https:\/\/rst2023-rennes.sciencesconf.org\/486904\">https:\/\/rst2023-rennes.sciencesconf.org\/486904<\/a><\/p>\n\n\n\n<p>Otoo, D., Mouche, E., Brigaud, B., 2023. Reservoir Connectivity Concerns in the Dogger Aquifer? An Assessment through a Geothermal Doublet. 10th UK Geothermal Symposium, 20th &#8211; 22nd November 2023 The Geological Society, Burlington House, Piccadilly, London<\/p>\n\n\n\n<p><strong>2022<\/strong><\/p>\n\n\n\n<p>Catinat, M., Brigaud, B., Fleury, M., Antics, M., Ungemach, P., Davaux, M., Gasser Dorado, J., Thomas, H., Essou, C.T., Andrieu, S., Mouche, E., 2022. NMR contribution for porosity-permeability heterogeneity characterization in limestones: implications for 3D reservoir prediction and flow simulation in a world class geothermal aquifer. European Geothermal Congress 2022 (EGC 2022), 17-21st October 2022, Berlin, Germany.<\/p>\n\n\n\n<p>Fleury, M., Catinat, M., Brigaud, B., Antics, M., Ungemach, P., 2022. Permeability estimation from NMR logs in a limestone geothermal aquifer. European Geothermal Congress 2022 (EGC 2022), 17-21st October 2022, Berlin, Germany.<\/p>\n\n\n\n<p>Thomas, H., Brigaud, B., Blaise, T., Zordan, E., Zeyen, H., Catinat, M., Andrieu, S., Mouche, E., Rosenberg, E., Fleury, M., 2022. Upscaling of geological properties in a world-class carbonate geothermal system in France: from core scale to 3D regional reservoir dimension. Development and Production Geology of Carbonate Reservoirs, 11-12 May 2022, The Geological Society, Burlington House, Piccadilly, London, p. 17-18<\/p>\n\n\n\n<p>Thomas, H., 2022. Upscaling of geological properties in a world-class carbonate #geothermal system in France: from core scale to 3D regional reservoir dimensions \u00bb : Petrography, core observation and 3D modelling with Petrel. Schlumberger Geothermal Technology Day 2022, Gen\u00e8ve<\/p>\n\n\n\n<p><strong>2021<\/strong><\/p>\n\n\n\n<p>Beguinet, A., Hilhorst, D., Gouden\u00e8ge, L., 2021. Numerical scheme for a coupled system in geomechanics, InterPore2021, 31 May 2021 &#8211; 04 June 2021 <a href=\"http:\/\/hebergement.universite-paris-saclay.fr\/upgeo\/wp-content\/uploads\/2022\/02\/Beguinet_2021_book-of-abstracts.pdf\" target=\"_blank\" rel=\"noreferrer noopener\">PDF<\/a><\/p>\n\n\n\n\n\n<p>Catinat, M., Brigaud, B., Fleury, M., Antics, M., Ungemach, P., Davaux, M., Gasser Dorado, J., Thomas, H., Thomas Florent Essou, C., Andrieu, S., and Mouche, E. 2021. NMR contribution in sub-horizontal well for porosity-permeability heterogeneity characterization in limestones: implications for 3D reservoir prediction and flow simulation in a world class geothermal aquifer, EGU General Assembly 2021, online, 19\u201330 Apr 2021, EGU21-1101, <a href=\"https:\/\/doi.org\/10.5194\/egusphere-egu21-1101\" target=\"_blank\" rel=\"noreferrer noopener\">https:\/\/doi.org\/10.5194\/egusphere-egu21-1101<\/a><\/p>\n\n\n\n<p>Catinat, M., Brigaud, B., Fleury, M., Antics, M., Ungemach, P., Davaux, M., Gasser Dorado, J., Thomas, H., Thomas Florent Essou, C., Andrieu, S., and Mouche, E., 2021.NMR contribution in sub-horizontal well for porosity-permeability heterogeneity characterization in limestones: implications for 3D reservoir prediction and flow simulation in a world class geothermal aquifer, 12<sup>th<\/sup> European Geothermal PhD Days, 16-19<sup>th<\/sup> February 2021, Cergy-Paris University, France<\/p>\n\n\n\n<p>Catinat, M., Brigaud, B., Fleury, M., Antics, M., Ungemach, P., Davaux, M., Gasser Dorado, J., Thomas, H., Essou, C., Andrieu, S., Mouche, E., 2021. NMR contribution in sub-horizontal well for porosity-permeability heterogeneity characterization in limestones: implications for 3D reservoir prediction and flow simulation in a world class geothermal aquifer, 27<sup>\u00e8me<\/sup> r\u00e9union des Sciences de la Terre, Lyon, 1-5 Nov. 2021, p. &nbsp;<a href=\"https:\/\/rst2020-lyon.sciencesconf.org\/358881\">https:\/\/rst2020-lyon.sciencesconf.org\/358881<\/a><\/p>\n\n\n\n<p>Henry, A., Portier, E., Bourillot, R., Mas, P., Deschamps, R., Brigaud, B., Saint-B\u00e9zar, B., Feni\u00e8s, H., Razin, P., 2021. Rock typing et h\u00e9t\u00e9rog\u00e9n\u00e9it\u00e9 de la formation des gr\u00e8s de Roda (Eoc\u00e8ne inf\u00e9rieur, Bassin sud pyr\u00e9n\u00e9en) : un analogue de terrain aux r\u00e9servoirs delta\u00efques, 27<sup>\u00e8me<\/sup> r\u00e9union des Sciences de la Terre, Lyon, 1-5 Nov. 2021, p. 206 <a href=\"https:\/\/rst2020-lyon.sciencesconf.org\/360769\">https:\/\/rst2020-lyon.sciencesconf.org\/360769<\/a><\/p>\n\n\n\n<p>Mas, P., Brigaud, B., Bourillot, R., Henry, A., Deschamps, R., Portier, P., Saint-B\u00e9zar, B., Feni\u00e8s, H., Razin, P., 2021. R\u00e9alisation d\u2019un mod\u00e8le photogramm\u00e9trique d\u2019affleurement des Gr\u00e8s de Roda (Eoc\u00e8ne inf\u00e9rieur, Bassin sud-pyr\u00e9n\u00e9en) pour l\u2019\u00e9tude des h\u00e9t\u00e9rog\u00e9n\u00e9it\u00e9s r\u00e9servoirs (projet UPGEO), 27<sup>\u00e8me<\/sup> r\u00e9union des Sciences de la Terre, Lyon, 1-5 Nov. 2021, p. 207 <a href=\"https:\/\/rst2020-lyon.sciencesconf.org\/360777\">https:\/\/rst2020-lyon.sciencesconf.org\/360777<\/a><\/p>\n\n\n\n<p>Thomas, H., Brigaud, B., Zeyen, H., Saint-Bezar, B., Blaise, T., Zordan, E., , Andrieu, S., Vincent, B., Portier, E., Mouche, E., Chirol, H., 2021 Contribution de la photogramm\u00e9trie par drone \u00e0 la mod\u00e9lisation 3D des h\u00e9t\u00e9rog\u00e9n\u00e9it\u00e9s des r\u00e9servoirs carbonat\u00e9s (carri\u00e8re de Massangis, Bassin de Paris), 27<sup>\u00e8me<\/sup> r\u00e9union des Sciences de la Terre, Lyon, 1-5 Nov. 2021, p. 206 <a href=\"https:\/\/rst2020-lyon.sciencesconf.org\/360759\">https:\/\/rst2020-lyon.sciencesconf.org\/360759<\/a><\/p>\n\n\n\n<p>Thomas, H., Brigaud, B., Blaise, T., Saint-Bezar, B., Zordan, E., Zeyen, H., Andrieu, S., Vincent, B., Chirol, H., Portier, E., Mouche, E., 2021. Contribution of drone photogrammetry to 3D outcrop modeling of facies, porosity, and permeability heterogeneities in carbonate reservoirs (Paris Basin, Middle Jurassic), 4th Virtual Geoscience Conference (VGC 2021)<\/p>\n\n\n\n<p><strong>2020<\/strong><\/p>\n\n\n\n<p>Catinat, M., Brigaud, B., Antics, M., 2020. NMR contribution in sub-horizontal well for porosity-permeability heterogeneity characterization in limestones: implications for 3D reservoir prediction and flow simulation in a world class geothermal aquifer. Groupe Fran\u00e7ais d\u2019Etude du Jurassique, 10 d\u00e9cembre 2020, p. 3-4 <a href=\"http:\/\/hebergement.universite-paris-saclay.fr\/upgeo\/wp-content\/uploads\/2020\/12\/Cantinat_2020_GFEJ_AG_2020.pdf\" target=\"_blank\" rel=\"noreferrer noopener\">PDF<\/a><\/p>\n\n\n\n<p>Thomas, H., Brigaud, B., Blaise, T., Saint-Bezar, B., Zordan, E., Zeyen, H., Andrieu, S., Vincent, B., Chirol, H., Portier, E., Mouche, E., 2020. Contribution de la photogramm\u00e9trie par drone \u00e0 la mod\u00e9lisation 3D des h\u00e9t\u00e9rog\u00e9n\u00e9it\u00e9s des r\u00e9servoirs carbonat\u00e9s (carri\u00e8re de Massangis, Bassin de Paris). Groupe Fran\u00e7ais d\u2019Etude du Jurassique, 10 d\u00e9cembre 2020, p. 5 <\/p>\n\n\n\n<div class=\"wp-block-file\"><a id=\"wp-block-file--media-eb5a6bef-75fd-4533-a37c-48d0b94030a3\" href=\"http:\/\/hebergement.universite-paris-saclay.fr\/upgeo\/wp-content\/uploads\/2020\/12\/Thomas_2020_GFEJ_AG_2020.pdf\">Thomas_2020_GFEJ_AG_2020<\/a><a href=\"http:\/\/hebergement.universite-paris-saclay.fr\/upgeo\/wp-content\/uploads\/2020\/12\/Thomas_2020_GFEJ_AG_2020.pdf\" class=\"wp-block-file__button wp-element-button\" download aria-describedby=\"wp-block-file--media-eb5a6bef-75fd-4533-a37c-48d0b94030a3\">T\u00e9l\u00e9charger<\/a><\/div>\n\n\n\n<p>Thomas, H., Brigaud, B., Zeyen, H, Blaise, B., Andrieu, S., Catinat, M., Davaux, M.,  Antics, M., 2020. Facies, porosity and permeability prediction and 3-D geological  static model in the Middle Jurassic geothermal reservoir of the Paris  Basin by integration of well logs and geostatistical modeling, European Geosciences Union, Vienna, Austria, 03 \u2013 08 May 2020<br>Session Exploration, utilization and monitoring of conventional and unconventional geothermal resources <a href=\"https:\/\/doi.org\/10.5194\/egusphere-egu2020-20712\">https:\/\/doi.org\/10.5194\/egusphere-egu2020-20712<\/a><\/p>\n","protected":false},"excerpt":{"rendered":"<p>Articles 2025 Mas, P., Bourillot, R., Deschamps, R., Brigaud, B., Saint-Bezar, B., Razin, P., Portier, E., Henry, A., Hersant, B., Deciphering tidal signature in a fluvial-dominated delta using digital outcrop models (Roda Sandstone, Eocene, South Pyrenean Basin). Preprint 2025. https:\/\/anr.hal.science\/hal-04863300v1 2023 Catinat, M., Brigaud, B., Fleury, M., Thomas, H., Antics, M., Ungemach, P., 2023. Characterizing [&hellip;]<\/p>\n","protected":false},"author":1,"featured_media":0,"parent":0,"menu_order":6,"comment_status":"closed","ping_status":"closed","template":"","meta":{"footnotes":""},"class_list":["post-145","page","type-page","status-publish","hentry","post-preview"],"yoast_head":"<!-- This site is optimized with the Yoast SEO plugin v26.9 - https:\/\/yoast.com\/product\/yoast-seo-wordpress\/ -->\n<title>Publications - UPGEO<\/title>\n<meta name=\"robots\" content=\"index, follow, max-snippet:-1, max-image-preview:large, max-video-preview:-1\" \/>\n<link rel=\"canonical\" href=\"https:\/\/hebergement.universite-paris-saclay.fr\/upgeo\/?page_id=145&lang=en\" \/>\n<meta property=\"og:locale\" content=\"fr_FR\" \/>\n<meta property=\"og:type\" content=\"article\" \/>\n<meta property=\"og:title\" content=\"Publications - UPGEO\" \/>\n<meta property=\"og:description\" content=\"Articles 2025 Mas, P., Bourillot, R., Deschamps, R., Brigaud, B., Saint-Bezar, B., Razin, P., Portier, E., Henry, A., Hersant, B., Deciphering tidal signature in a fluvial-dominated delta using digital outcrop models (Roda Sandstone, Eocene, South Pyrenean Basin). Preprint 2025. https:\/\/anr.hal.science\/hal-04863300v1 2023 Catinat, M., Brigaud, B., Fleury, M., Thomas, H., Antics, M., Ungemach, P., 2023. Characterizing [&hellip;]\" \/>\n<meta property=\"og:url\" content=\"https:\/\/hebergement.universite-paris-saclay.fr\/upgeo\/?page_id=145&amp;lang=en\" \/>\n<meta property=\"og:site_name\" content=\"UPGEO\" \/>\n<meta property=\"article:modified_time\" content=\"2025-02-22T15:30:09+00:00\" \/>\n<meta name=\"twitter:card\" content=\"summary_large_image\" \/>\n<meta name=\"twitter:label1\" content=\"Dur\u00e9e de lecture estim\u00e9e\" \/>\n\t<meta name=\"twitter:data1\" content=\"8 minutes\" \/>\n<script type=\"application\/ld+json\" class=\"yoast-schema-graph\">{\"@context\":\"https:\/\/schema.org\",\"@graph\":[{\"@type\":\"WebPage\",\"@id\":\"https:\/\/hebergement.universite-paris-saclay.fr\/upgeo\/?page_id=145&lang=en\",\"url\":\"https:\/\/hebergement.universite-paris-saclay.fr\/upgeo\/?page_id=145&lang=en\",\"name\":\"Publications - UPGEO\",\"isPartOf\":{\"@id\":\"https:\/\/hebergement.universite-paris-saclay.fr\/upgeo\/#website\"},\"datePublished\":\"2020-04-03T10:04:26+00:00\",\"dateModified\":\"2025-02-22T15:30:09+00:00\",\"breadcrumb\":{\"@id\":\"https:\/\/hebergement.universite-paris-saclay.fr\/upgeo\/?page_id=145&lang=en#breadcrumb\"},\"inLanguage\":\"fr-FR\",\"potentialAction\":[{\"@type\":\"ReadAction\",\"target\":[\"https:\/\/hebergement.universite-paris-saclay.fr\/upgeo\/?page_id=145&lang=en\"]}]},{\"@type\":\"BreadcrumbList\",\"@id\":\"https:\/\/hebergement.universite-paris-saclay.fr\/upgeo\/?page_id=145&lang=en#breadcrumb\",\"itemListElement\":[{\"@type\":\"ListItem\",\"position\":1,\"name\":\"Accueil\",\"item\":\"http:\/\/hebergement.universite-paris-saclay.fr\/upgeo\"},{\"@type\":\"ListItem\",\"position\":2,\"name\":\"Publications\"}]},{\"@type\":\"WebSite\",\"@id\":\"https:\/\/hebergement.universite-paris-saclay.fr\/upgeo\/#website\",\"url\":\"https:\/\/hebergement.universite-paris-saclay.fr\/upgeo\/\",\"name\":\"UPGEO\",\"description\":\"For geothermal energy\",\"publisher\":{\"@id\":\"https:\/\/hebergement.universite-paris-saclay.fr\/upgeo\/#organization\"},\"potentialAction\":[{\"@type\":\"SearchAction\",\"target\":{\"@type\":\"EntryPoint\",\"urlTemplate\":\"https:\/\/hebergement.universite-paris-saclay.fr\/upgeo\/?s={search_term_string}\"},\"query-input\":{\"@type\":\"PropertyValueSpecification\",\"valueRequired\":true,\"valueName\":\"search_term_string\"}}],\"inLanguage\":\"fr-FR\"},{\"@type\":\"Organization\",\"@id\":\"https:\/\/hebergement.universite-paris-saclay.fr\/upgeo\/#organization\",\"name\":\"ANR\",\"url\":\"https:\/\/hebergement.universite-paris-saclay.fr\/upgeo\/\",\"logo\":{\"@type\":\"ImageObject\",\"inLanguage\":\"fr-FR\",\"@id\":\"https:\/\/hebergement.universite-paris-saclay.fr\/upgeo\/#\/schema\/logo\/image\/\",\"url\":\"http:\/\/hebergement.universite-paris-saclay.fr\/upgeo\/wp-content\/uploads\/2020\/01\/label-ANR-bleu-CMJN-990x1024.jpg\",\"contentUrl\":\"http:\/\/hebergement.universite-paris-saclay.fr\/upgeo\/wp-content\/uploads\/2020\/01\/label-ANR-bleu-CMJN-990x1024.jpg\",\"width\":990,\"height\":1024,\"caption\":\"ANR\"},\"image\":{\"@id\":\"https:\/\/hebergement.universite-paris-saclay.fr\/upgeo\/#\/schema\/logo\/image\/\"}}]}<\/script>\n<!-- \/ Yoast SEO plugin. -->","yoast_head_json":{"title":"Publications - UPGEO","robots":{"index":"index","follow":"follow","max-snippet":"max-snippet:-1","max-image-preview":"max-image-preview:large","max-video-preview":"max-video-preview:-1"},"canonical":"https:\/\/hebergement.universite-paris-saclay.fr\/upgeo\/?page_id=145&lang=en","og_locale":"fr_FR","og_type":"article","og_title":"Publications - UPGEO","og_description":"Articles 2025 Mas, P., Bourillot, R., Deschamps, R., Brigaud, B., Saint-Bezar, B., Razin, P., Portier, E., Henry, A., Hersant, B., Deciphering tidal signature in a fluvial-dominated delta using digital outcrop models (Roda Sandstone, Eocene, South Pyrenean Basin). Preprint 2025. https:\/\/anr.hal.science\/hal-04863300v1 2023 Catinat, M., Brigaud, B., Fleury, M., Thomas, H., Antics, M., Ungemach, P., 2023. Characterizing [&hellip;]","og_url":"https:\/\/hebergement.universite-paris-saclay.fr\/upgeo\/?page_id=145&lang=en","og_site_name":"UPGEO","article_modified_time":"2025-02-22T15:30:09+00:00","twitter_card":"summary_large_image","twitter_misc":{"Dur\u00e9e de lecture estim\u00e9e":"8 minutes"},"schema":{"@context":"https:\/\/schema.org","@graph":[{"@type":"WebPage","@id":"https:\/\/hebergement.universite-paris-saclay.fr\/upgeo\/?page_id=145&lang=en","url":"https:\/\/hebergement.universite-paris-saclay.fr\/upgeo\/?page_id=145&lang=en","name":"Publications - UPGEO","isPartOf":{"@id":"https:\/\/hebergement.universite-paris-saclay.fr\/upgeo\/#website"},"datePublished":"2020-04-03T10:04:26+00:00","dateModified":"2025-02-22T15:30:09+00:00","breadcrumb":{"@id":"https:\/\/hebergement.universite-paris-saclay.fr\/upgeo\/?page_id=145&lang=en#breadcrumb"},"inLanguage":"fr-FR","potentialAction":[{"@type":"ReadAction","target":["https:\/\/hebergement.universite-paris-saclay.fr\/upgeo\/?page_id=145&lang=en"]}]},{"@type":"BreadcrumbList","@id":"https:\/\/hebergement.universite-paris-saclay.fr\/upgeo\/?page_id=145&lang=en#breadcrumb","itemListElement":[{"@type":"ListItem","position":1,"name":"Accueil","item":"http:\/\/hebergement.universite-paris-saclay.fr\/upgeo"},{"@type":"ListItem","position":2,"name":"Publications"}]},{"@type":"WebSite","@id":"https:\/\/hebergement.universite-paris-saclay.fr\/upgeo\/#website","url":"https:\/\/hebergement.universite-paris-saclay.fr\/upgeo\/","name":"UPGEO","description":"For geothermal energy","publisher":{"@id":"https:\/\/hebergement.universite-paris-saclay.fr\/upgeo\/#organization"},"potentialAction":[{"@type":"SearchAction","target":{"@type":"EntryPoint","urlTemplate":"https:\/\/hebergement.universite-paris-saclay.fr\/upgeo\/?s={search_term_string}"},"query-input":{"@type":"PropertyValueSpecification","valueRequired":true,"valueName":"search_term_string"}}],"inLanguage":"fr-FR"},{"@type":"Organization","@id":"https:\/\/hebergement.universite-paris-saclay.fr\/upgeo\/#organization","name":"ANR","url":"https:\/\/hebergement.universite-paris-saclay.fr\/upgeo\/","logo":{"@type":"ImageObject","inLanguage":"fr-FR","@id":"https:\/\/hebergement.universite-paris-saclay.fr\/upgeo\/#\/schema\/logo\/image\/","url":"http:\/\/hebergement.universite-paris-saclay.fr\/upgeo\/wp-content\/uploads\/2020\/01\/label-ANR-bleu-CMJN-990x1024.jpg","contentUrl":"http:\/\/hebergement.universite-paris-saclay.fr\/upgeo\/wp-content\/uploads\/2020\/01\/label-ANR-bleu-CMJN-990x1024.jpg","width":990,"height":1024,"caption":"ANR"},"image":{"@id":"https:\/\/hebergement.universite-paris-saclay.fr\/upgeo\/#\/schema\/logo\/image\/"}}]}},"_links":{"self":[{"href":"https:\/\/hebergement.universite-paris-saclay.fr\/upgeo\/index.php?rest_route=\/wp\/v2\/pages\/145","targetHints":{"allow":["GET"]}}],"collection":[{"href":"https:\/\/hebergement.universite-paris-saclay.fr\/upgeo\/index.php?rest_route=\/wp\/v2\/pages"}],"about":[{"href":"https:\/\/hebergement.universite-paris-saclay.fr\/upgeo\/index.php?rest_route=\/wp\/v2\/types\/page"}],"author":[{"embeddable":true,"href":"https:\/\/hebergement.universite-paris-saclay.fr\/upgeo\/index.php?rest_route=\/wp\/v2\/users\/1"}],"replies":[{"embeddable":true,"href":"https:\/\/hebergement.universite-paris-saclay.fr\/upgeo\/index.php?rest_route=%2Fwp%2Fv2%2Fcomments&post=145"}],"version-history":[{"count":12,"href":"https:\/\/hebergement.universite-paris-saclay.fr\/upgeo\/index.php?rest_route=\/wp\/v2\/pages\/145\/revisions"}],"predecessor-version":[{"id":674,"href":"https:\/\/hebergement.universite-paris-saclay.fr\/upgeo\/index.php?rest_route=\/wp\/v2\/pages\/145\/revisions\/674"}],"wp:attachment":[{"href":"https:\/\/hebergement.universite-paris-saclay.fr\/upgeo\/index.php?rest_route=%2Fwp%2Fv2%2Fmedia&parent=145"}],"curies":[{"name":"wp","href":"https:\/\/api.w.org\/{rel}","templated":true}]}}