{"id":29,"date":"2020-01-15T22:23:07","date_gmt":"2020-01-15T21:23:07","guid":{"rendered":"http:\/\/hebergement.universite-paris-saclay.fr\/upgeo\/?page_id=29"},"modified":"2022-02-17T00:39:50","modified_gmt":"2022-02-16T23:39:50","slug":"methodes","status":"publish","type":"page","link":"https:\/\/hebergement.universite-paris-saclay.fr\/upgeo\/?page_id=29","title":{"rendered":"M\u00e9thodes"},"content":{"rendered":"\n<p>L&rsquo;approche et les m\u00e9thodes utilis\u00e9es dans UPGEO seront :<br>&#8211;  Utiliser des diagraphies de puits, en particulier la RMN, et des  \u00e9chantillons de carottes ou cuttings au \u00b5CT scan pour caract\u00e9riser les  faci\u00e8s, la microstructure et les propri\u00e9t\u00e9s p\u00e9trophysiques.<br>&#8211;  Utiliser des statistiques pour peupler les faci\u00e8s et les g\u00e9om\u00e9tries  stratigraphiques des r\u00e9servoirs carbonat\u00e9s et silicoclastiques.<br>&#8211;  Int\u00e9grer des donn\u00e9es provenant d&rsquo;analogues \u00e0 l&rsquo;affleurements par  acquisition photogramm\u00e9trique par drones dans l&rsquo;optique de r\u00e9aliser des  mod\u00e8les r\u00e9servoirs 3D.<br>&#8211; Proposer de nouveaux concepts de  connectivit\u00e9 des r\u00e9servoirs, \u00e0 partir de mod\u00e8les g\u00e9ostatistiques, pour  accro\u00eetre la fiabilit\u00e9 des simulations d&rsquo;\u00e9coulement.<br>&#8211; Proposer de  nouvelles \u00e9quations pour le changement d&rsquo;\u00e9chelle i.e. \u00e9quations  Thermo-Hydro-M\u00e9canique (THM), incluant les \u00e9quations quasi-statiques de  Biot, pour la simulation d&rsquo;\u00e9coulement dans des sables non fractur\u00e9s et  dans des r\u00e9servoirs silicoclastiques et carbonat\u00e9s fractur\u00e9s.<br>&#8211;  Impl\u00e9menter des codes de simulation int\u00e9grant l&rsquo;upscaling dans des  plug-ins sp\u00e9cifiques sur des plateformes telles que Eclipse, PumaFlow,  OpenGeoSys ou DuMuX.<br>&#8211; \u00c9laborer des mod\u00e8les pr\u00e9dictifs pour la  simulation de l&rsquo;\u00e9coulement dans les syst\u00e8mes s\u00e9dimentaires g\u00e9othermiques  carbonat\u00e9s et clastiques.<br>&#8211; Proposer une application de la nouvelle  m\u00e9thode \u00e0 une installation sp\u00e9cifique pour estimer le risque g\u00e9ologique  de l&rsquo;exploration g\u00e9othermique profonde dans le Bassin de Paris, et ainsi  aider \u00e0 la d\u00e9cision pour une municipalit\u00e9 ou agglom\u00e9ration qui  souhaiterait construire un doublet g\u00e9othermique.<br>&#8211; Fournir un flux de travail novateur pour la simulation applicable \u00e0 d&rsquo;autres bassins s\u00e9dimentaires.<\/p>\n","protected":false},"excerpt":{"rendered":"<p>L&rsquo;approche et les m\u00e9thodes utilis\u00e9es dans UPGEO seront :&#8211; Utiliser des diagraphies de puits, en particulier la RMN, et des \u00e9chantillons de carottes ou cuttings au \u00b5CT scan pour caract\u00e9riser les faci\u00e8s, la microstructure et les propri\u00e9t\u00e9s p\u00e9trophysiques.&#8211; Utiliser des statistiques pour peupler les faci\u00e8s et les g\u00e9om\u00e9tries stratigraphiques des r\u00e9servoirs carbonat\u00e9s et silicoclastiques.&#8211; Int\u00e9grer [&hellip;]<\/p>\n","protected":false},"author":1,"featured_media":0,"parent":422,"menu_order":2,"comment_status":"closed","ping_status":"closed","template":"","meta":{"footnotes":""},"class_list":["post-29","page","type-page","status-publish","hentry","post-preview"],"yoast_head":"<!-- This site is optimized with the Yoast SEO plugin v26.9 - https:\/\/yoast.com\/product\/yoast-seo-wordpress\/ -->\n<title>M\u00e9thodes - UPGEO<\/title>\n<meta name=\"robots\" content=\"index, follow, max-snippet:-1, max-image-preview:large, max-video-preview:-1\" \/>\n<link rel=\"canonical\" href=\"https:\/\/hebergement.universite-paris-saclay.fr\/upgeo\/?page_id=29\" \/>\n<meta property=\"og:locale\" content=\"fr_FR\" \/>\n<meta property=\"og:type\" content=\"article\" \/>\n<meta property=\"og:title\" content=\"M\u00e9thodes - UPGEO\" \/>\n<meta property=\"og:description\" content=\"L&rsquo;approche et les m\u00e9thodes utilis\u00e9es dans UPGEO seront :&#8211; Utiliser des diagraphies de puits, en particulier la RMN, et des \u00e9chantillons de carottes ou cuttings au \u00b5CT scan pour caract\u00e9riser les faci\u00e8s, la microstructure et les propri\u00e9t\u00e9s p\u00e9trophysiques.&#8211; Utiliser des statistiques pour peupler les faci\u00e8s et les g\u00e9om\u00e9tries stratigraphiques des r\u00e9servoirs carbonat\u00e9s et silicoclastiques.&#8211; Int\u00e9grer [&hellip;]\" \/>\n<meta property=\"og:url\" content=\"https:\/\/hebergement.universite-paris-saclay.fr\/upgeo\/?page_id=29\" \/>\n<meta property=\"og:site_name\" content=\"UPGEO\" \/>\n<meta property=\"article:modified_time\" content=\"2022-02-16T23:39:50+00:00\" \/>\n<meta name=\"twitter:card\" content=\"summary_large_image\" \/>\n<meta name=\"twitter:label1\" content=\"Dur\u00e9e de lecture estim\u00e9e\" \/>\n\t<meta name=\"twitter:data1\" content=\"1 minute\" \/>\n<script type=\"application\/ld+json\" class=\"yoast-schema-graph\">{\"@context\":\"https:\/\/schema.org\",\"@graph\":[{\"@type\":\"WebPage\",\"@id\":\"https:\/\/hebergement.universite-paris-saclay.fr\/upgeo\/?page_id=29\",\"url\":\"https:\/\/hebergement.universite-paris-saclay.fr\/upgeo\/?page_id=29\",\"name\":\"M\u00e9thodes - UPGEO\",\"isPartOf\":{\"@id\":\"https:\/\/hebergement.universite-paris-saclay.fr\/upgeo\/#website\"},\"datePublished\":\"2020-01-15T21:23:07+00:00\",\"dateModified\":\"2022-02-16T23:39:50+00:00\",\"breadcrumb\":{\"@id\":\"https:\/\/hebergement.universite-paris-saclay.fr\/upgeo\/?page_id=29#breadcrumb\"},\"inLanguage\":\"fr-FR\",\"potentialAction\":[{\"@type\":\"ReadAction\",\"target\":[\"https:\/\/hebergement.universite-paris-saclay.fr\/upgeo\/?page_id=29\"]}]},{\"@type\":\"BreadcrumbList\",\"@id\":\"https:\/\/hebergement.universite-paris-saclay.fr\/upgeo\/?page_id=29#breadcrumb\",\"itemListElement\":[{\"@type\":\"ListItem\",\"position\":1,\"name\":\"Accueil\",\"item\":\"http:\/\/hebergement.universite-paris-saclay.fr\/upgeo\"},{\"@type\":\"ListItem\",\"position\":2,\"name\":\"Le projet UPGEO\",\"item\":\"https:\/\/hebergement.universite-paris-saclay.fr\/upgeo\/?page_id=422\"},{\"@type\":\"ListItem\",\"position\":3,\"name\":\"M\u00e9thodes\"}]},{\"@type\":\"WebSite\",\"@id\":\"https:\/\/hebergement.universite-paris-saclay.fr\/upgeo\/#website\",\"url\":\"https:\/\/hebergement.universite-paris-saclay.fr\/upgeo\/\",\"name\":\"UPGEO\",\"description\":\"For geothermal energy\",\"publisher\":{\"@id\":\"https:\/\/hebergement.universite-paris-saclay.fr\/upgeo\/#organization\"},\"potentialAction\":[{\"@type\":\"SearchAction\",\"target\":{\"@type\":\"EntryPoint\",\"urlTemplate\":\"https:\/\/hebergement.universite-paris-saclay.fr\/upgeo\/?s={search_term_string}\"},\"query-input\":{\"@type\":\"PropertyValueSpecification\",\"valueRequired\":true,\"valueName\":\"search_term_string\"}}],\"inLanguage\":\"fr-FR\"},{\"@type\":\"Organization\",\"@id\":\"https:\/\/hebergement.universite-paris-saclay.fr\/upgeo\/#organization\",\"name\":\"ANR\",\"url\":\"https:\/\/hebergement.universite-paris-saclay.fr\/upgeo\/\",\"logo\":{\"@type\":\"ImageObject\",\"inLanguage\":\"fr-FR\",\"@id\":\"https:\/\/hebergement.universite-paris-saclay.fr\/upgeo\/#\/schema\/logo\/image\/\",\"url\":\"http:\/\/hebergement.universite-paris-saclay.fr\/upgeo\/wp-content\/uploads\/2020\/01\/label-ANR-bleu-CMJN-990x1024.jpg\",\"contentUrl\":\"http:\/\/hebergement.universite-paris-saclay.fr\/upgeo\/wp-content\/uploads\/2020\/01\/label-ANR-bleu-CMJN-990x1024.jpg\",\"width\":990,\"height\":1024,\"caption\":\"ANR\"},\"image\":{\"@id\":\"https:\/\/hebergement.universite-paris-saclay.fr\/upgeo\/#\/schema\/logo\/image\/\"}}]}<\/script>\n<!-- \/ Yoast SEO plugin. -->","yoast_head_json":{"title":"M\u00e9thodes - UPGEO","robots":{"index":"index","follow":"follow","max-snippet":"max-snippet:-1","max-image-preview":"max-image-preview:large","max-video-preview":"max-video-preview:-1"},"canonical":"https:\/\/hebergement.universite-paris-saclay.fr\/upgeo\/?page_id=29","og_locale":"fr_FR","og_type":"article","og_title":"M\u00e9thodes - UPGEO","og_description":"L&rsquo;approche et les m\u00e9thodes utilis\u00e9es dans UPGEO seront :&#8211; Utiliser des diagraphies de puits, en particulier la RMN, et des \u00e9chantillons de carottes ou cuttings au \u00b5CT scan pour caract\u00e9riser les faci\u00e8s, la microstructure et les propri\u00e9t\u00e9s p\u00e9trophysiques.&#8211; Utiliser des statistiques pour peupler les faci\u00e8s et les g\u00e9om\u00e9tries stratigraphiques des r\u00e9servoirs carbonat\u00e9s et silicoclastiques.&#8211; Int\u00e9grer [&hellip;]","og_url":"https:\/\/hebergement.universite-paris-saclay.fr\/upgeo\/?page_id=29","og_site_name":"UPGEO","article_modified_time":"2022-02-16T23:39:50+00:00","twitter_card":"summary_large_image","twitter_misc":{"Dur\u00e9e de lecture estim\u00e9e":"1 minute"},"schema":{"@context":"https:\/\/schema.org","@graph":[{"@type":"WebPage","@id":"https:\/\/hebergement.universite-paris-saclay.fr\/upgeo\/?page_id=29","url":"https:\/\/hebergement.universite-paris-saclay.fr\/upgeo\/?page_id=29","name":"M\u00e9thodes - UPGEO","isPartOf":{"@id":"https:\/\/hebergement.universite-paris-saclay.fr\/upgeo\/#website"},"datePublished":"2020-01-15T21:23:07+00:00","dateModified":"2022-02-16T23:39:50+00:00","breadcrumb":{"@id":"https:\/\/hebergement.universite-paris-saclay.fr\/upgeo\/?page_id=29#breadcrumb"},"inLanguage":"fr-FR","potentialAction":[{"@type":"ReadAction","target":["https:\/\/hebergement.universite-paris-saclay.fr\/upgeo\/?page_id=29"]}]},{"@type":"BreadcrumbList","@id":"https:\/\/hebergement.universite-paris-saclay.fr\/upgeo\/?page_id=29#breadcrumb","itemListElement":[{"@type":"ListItem","position":1,"name":"Accueil","item":"http:\/\/hebergement.universite-paris-saclay.fr\/upgeo"},{"@type":"ListItem","position":2,"name":"Le projet UPGEO","item":"https:\/\/hebergement.universite-paris-saclay.fr\/upgeo\/?page_id=422"},{"@type":"ListItem","position":3,"name":"M\u00e9thodes"}]},{"@type":"WebSite","@id":"https:\/\/hebergement.universite-paris-saclay.fr\/upgeo\/#website","url":"https:\/\/hebergement.universite-paris-saclay.fr\/upgeo\/","name":"UPGEO","description":"For geothermal energy","publisher":{"@id":"https:\/\/hebergement.universite-paris-saclay.fr\/upgeo\/#organization"},"potentialAction":[{"@type":"SearchAction","target":{"@type":"EntryPoint","urlTemplate":"https:\/\/hebergement.universite-paris-saclay.fr\/upgeo\/?s={search_term_string}"},"query-input":{"@type":"PropertyValueSpecification","valueRequired":true,"valueName":"search_term_string"}}],"inLanguage":"fr-FR"},{"@type":"Organization","@id":"https:\/\/hebergement.universite-paris-saclay.fr\/upgeo\/#organization","name":"ANR","url":"https:\/\/hebergement.universite-paris-saclay.fr\/upgeo\/","logo":{"@type":"ImageObject","inLanguage":"fr-FR","@id":"https:\/\/hebergement.universite-paris-saclay.fr\/upgeo\/#\/schema\/logo\/image\/","url":"http:\/\/hebergement.universite-paris-saclay.fr\/upgeo\/wp-content\/uploads\/2020\/01\/label-ANR-bleu-CMJN-990x1024.jpg","contentUrl":"http:\/\/hebergement.universite-paris-saclay.fr\/upgeo\/wp-content\/uploads\/2020\/01\/label-ANR-bleu-CMJN-990x1024.jpg","width":990,"height":1024,"caption":"ANR"},"image":{"@id":"https:\/\/hebergement.universite-paris-saclay.fr\/upgeo\/#\/schema\/logo\/image\/"}}]}},"_links":{"self":[{"href":"https:\/\/hebergement.universite-paris-saclay.fr\/upgeo\/index.php?rest_route=\/wp\/v2\/pages\/29","targetHints":{"allow":["GET"]}}],"collection":[{"href":"https:\/\/hebergement.universite-paris-saclay.fr\/upgeo\/index.php?rest_route=\/wp\/v2\/pages"}],"about":[{"href":"https:\/\/hebergement.universite-paris-saclay.fr\/upgeo\/index.php?rest_route=\/wp\/v2\/types\/page"}],"author":[{"embeddable":true,"href":"https:\/\/hebergement.universite-paris-saclay.fr\/upgeo\/index.php?rest_route=\/wp\/v2\/users\/1"}],"replies":[{"embeddable":true,"href":"https:\/\/hebergement.universite-paris-saclay.fr\/upgeo\/index.php?rest_route=%2Fwp%2Fv2%2Fcomments&post=29"}],"version-history":[{"count":1,"href":"https:\/\/hebergement.universite-paris-saclay.fr\/upgeo\/index.php?rest_route=\/wp\/v2\/pages\/29\/revisions"}],"predecessor-version":[{"id":30,"href":"https:\/\/hebergement.universite-paris-saclay.fr\/upgeo\/index.php?rest_route=\/wp\/v2\/pages\/29\/revisions\/30"}],"up":[{"embeddable":true,"href":"https:\/\/hebergement.universite-paris-saclay.fr\/upgeo\/index.php?rest_route=\/wp\/v2\/pages\/422"}],"wp:attachment":[{"href":"https:\/\/hebergement.universite-paris-saclay.fr\/upgeo\/index.php?rest_route=%2Fwp%2Fv2%2Fmedia&parent=29"}],"curies":[{"name":"wp","href":"https:\/\/api.w.org\/{rel}","templated":true}]}}