{"id":41,"date":"2020-01-17T23:19:19","date_gmt":"2020-01-17T22:19:19","guid":{"rendered":"http:\/\/hebergement.universite-paris-saclay.fr\/upgeo\/?page_id=41"},"modified":"2025-09-02T15:54:37","modified_gmt":"2025-09-02T14:54:37","slug":"les-theses","status":"publish","type":"page","link":"https:\/\/hebergement.universite-paris-saclay.fr\/upgeo\/?page_id=41","title":{"rendered":"Les th\u00e8ses"},"content":{"rendered":"\n<h2 class=\"wp-block-heading\">en cours<\/h2>\n\n\n\n<p><strong>Codjo Essou<\/strong>. <em><a href=\"https:\/\/www.theses.fr\/fr\/s306745\">C<\/a><\/em><a href=\"https:\/\/theses.fr\/s306745\" target=\"_blank\" rel=\"noreferrer noopener\">aract\u00e9risation des h\u00e9t\u00e9rog\u00e9n\u00e9it\u00e9s r\u00e9servoirs et simulation num\u00e9rique hydrodynamique dans les syst\u00e8mes g\u00e9othermiques<\/a>. Financement par l\u2019Association Nationale de Recherche Technologique (ANRT), th\u00e8se \u00ab Convention industrielle de formation par la recherche \u00bb Cifre n\u00b0 2021\/0773<\/p>\n\n\n\n<h2 class=\"wp-block-heading\">2024<\/h2>\n\n\n\n<p><strong>Adrien Beguinet<\/strong>. Analyse num\u00e9rique d&rsquo;un probl\u00e8me poro\u00e9lastique \u00e0 coefficients al\u00e9atoires : Application \u00e0 la g\u00e9othermie. Universit\u00e9 Paris-Saclay, 2024. English. <a href=\"https:\/\/www.theses.fr\/2024UPASM050\" target=\"_blank\" rel=\"noreferrer noopener\">\u27e8NNT : 2024UPASM050\u27e9<\/a>. <a href=\"https:\/\/theses.hal.science\/tel-05078048v1\" target=\"_blank\" rel=\"noreferrer noopener\">\u27e8tel-05078048\u27e9<\/a><\/p>\n\n\n\n<ul class=\"wp-block-list\">\n<li>Th\u00e8se soutenue le 19 d\u00e9cembre 2024, Situation actuelle: Professeur de math\u00e9matiques dans l&rsquo;enseignement secondaire<\/li>\n<\/ul>\n\n\n\n<p><strong>Perrine Mas<\/strong>. G\u00e9othermie dans les r\u00e9servoirs silico-clastiques : Apport de l&rsquo;\u00e9tude d&rsquo;un analogue de terrain (Gr\u00e8s de Roda) pour la mod\u00e9lisation des h\u00e9t\u00e9rog\u00e9n\u00e9it\u00e9s s\u00e9dimentaires du r\u00e9servoir argilo-sableux de l&rsquo;Albien du Bassin de Paris. Stratigraphie. Universit\u00e9 Paris-Saclay, 2024. Fran\u00e7ais. <a href=\"https:\/\/www.theses.fr\/2024UPASJ024\" target=\"_blank\" rel=\"noreferrer noopener\">\u27e8NNT : 2024UPASJ024\u27e9<\/a>. <a href=\"https:\/\/theses.hal.science\/tel-04785194v1\" target=\"_blank\" rel=\"noreferrer noopener\">\u27e8tel-04785194\u27e9<\/a> <\/p>\n\n\n\n<ul class=\"wp-block-list\">\n<li>Th\u00e8se soutenue le 4 octobre 2024, Situation actuelle : Post-doc Universit\u00e9 de Bordeaux<\/li>\n<\/ul>\n\n\n\n<p><\/p>\n\n\n\n<h2 class=\"wp-block-heading\">2023<\/h2>\n\n\n\n<p><strong>Maxime Catinat<\/strong>. Caract\u00e9risation multi-\u00e9chelle des h\u00e9t\u00e9rog\u00e9n\u00e9it\u00e9s du r\u00e9servoir g\u00e9othermique du Dogger d&rsquo;Ile-de-France : apport de la r\u00e9sonance magn\u00e9tique nucl\u00e9aire et de la mod\u00e9lisation num\u00e9rique statique et hydrodynamique. Stratigraphie. Universit\u00e9 Paris-Saclay, 2023. Fran\u00e7ais. <a href=\"https:\/\/www.theses.fr\/2023UPASJ033\" target=\"_blank\" rel=\"noreferrer noopener\">\u27e8NNT : 2023UPASJ033\u27e9<\/a>. <a href=\"https:\/\/theses.hal.science\/tel-04520397v1\" target=\"_blank\" rel=\"noreferrer noopener\">\u27e8tel-04520397\u27e9<\/a><\/p>\n\n\n\n<ul class=\"wp-block-list\">\n<li>Th\u00e8se soutenue le 13 d\u00e9cembre 2023. 2 publications en 1er auteur \u00e0 <em>Geothermics<\/em> (2023) et 1 en co- auteur \u00e0 <em>Geothermics<\/em> (2023), Situation actuelle : Ing\u00e9nieur GEOFLUID<\/li>\n<\/ul>\n\n\n\n<p><\/p>\n\n\n\n<h2 class=\"wp-block-heading\">2022<\/h2>\n\n\n\n<p><strong>Hadrien Thomas<\/strong>. Influence de la stratigraphie s\u00e9quentielle et de la diagen\u00e8se sur la mod\u00e9lisation 3D des r\u00e9servoirs carbonat\u00e9s : implication pour le d\u00e9veloppement de la g\u00e9othermie dans le Bassin de Paris. G\u00e9ologie appliqu\u00e9e. Universit\u00e9 Paris-Saclay, 2022. Fran\u00e7ais. <a href=\"https:\/\/www.theses.fr\/2022UPASJ017\" target=\"_blank\" rel=\"noreferrer noopener\">\u27e8NNT : 2022UPASJ017\u27e9<\/a>. <a href=\"https:\/\/theses.hal.science\/tel-04090080v1\" target=\"_blank\" rel=\"noreferrer noopener\">\u27e8tel-04090080\u27e9<\/a><\/p>\n\n\n\n<ul class=\"wp-block-list\">\n<li>Th\u00e8se soutenue le 6 juillet 2022. 2 publications 1er auteur \u00e0 <em>Marine and Petroleum Geology<\/em> (2021) et <em>Geothermics<\/em> (2023) et 2 publications co-auteur \u00e0 <em>Facies<\/em> (2021) et <em>GSA Bulletin<\/em> (2022). Situation actuelle : Ing\u00e9nieur chez PANterra Geoconsultants<\/li>\n<\/ul>\n\n\n\n<p><\/p>\n","protected":false},"excerpt":{"rendered":"<p>en cours Codjo Essou. Caract\u00e9risation des h\u00e9t\u00e9rog\u00e9n\u00e9it\u00e9s r\u00e9servoirs et simulation num\u00e9rique hydrodynamique dans les syst\u00e8mes g\u00e9othermiques. Financement par l\u2019Association Nationale de Recherche Technologique (ANRT), th\u00e8se \u00ab Convention industrielle de formation par la recherche \u00bb Cifre n\u00b0 2021\/0773 2024 Adrien Beguinet. Analyse num\u00e9rique d&rsquo;un probl\u00e8me poro\u00e9lastique \u00e0 coefficients al\u00e9atoires : Application \u00e0 la g\u00e9othermie. Universit\u00e9 Paris-Saclay, [&hellip;]<\/p>\n","protected":false},"author":1,"featured_media":0,"parent":0,"menu_order":4,"comment_status":"closed","ping_status":"closed","template":"","meta":{"footnotes":""},"class_list":["post-41","page","type-page","status-publish","hentry","post-preview"],"yoast_head":"<!-- This site is optimized with the Yoast SEO plugin v26.9 - https:\/\/yoast.com\/product\/yoast-seo-wordpress\/ -->\n<title>Les th\u00e8ses - UPGEO<\/title>\n<meta name=\"robots\" content=\"index, follow, max-snippet:-1, max-image-preview:large, max-video-preview:-1\" \/>\n<link rel=\"canonical\" href=\"https:\/\/hebergement.universite-paris-saclay.fr\/upgeo\/?page_id=41\" \/>\n<meta property=\"og:locale\" content=\"fr_FR\" \/>\n<meta property=\"og:type\" content=\"article\" \/>\n<meta property=\"og:title\" content=\"Les th\u00e8ses - UPGEO\" \/>\n<meta property=\"og:description\" content=\"en cours Codjo Essou. Caract\u00e9risation des h\u00e9t\u00e9rog\u00e9n\u00e9it\u00e9s r\u00e9servoirs et simulation num\u00e9rique hydrodynamique dans les syst\u00e8mes g\u00e9othermiques. Financement par l\u2019Association Nationale de Recherche Technologique (ANRT), th\u00e8se \u00ab Convention industrielle de formation par la recherche \u00bb Cifre n\u00b0 2021\/0773 2024 Adrien Beguinet. Analyse num\u00e9rique d&rsquo;un probl\u00e8me poro\u00e9lastique \u00e0 coefficients al\u00e9atoires : Application \u00e0 la g\u00e9othermie. Universit\u00e9 Paris-Saclay, [&hellip;]\" \/>\n<meta property=\"og:url\" content=\"https:\/\/hebergement.universite-paris-saclay.fr\/upgeo\/?page_id=41\" \/>\n<meta property=\"og:site_name\" content=\"UPGEO\" \/>\n<meta property=\"article:modified_time\" content=\"2025-09-02T14:54:37+00:00\" \/>\n<meta name=\"twitter:card\" content=\"summary_large_image\" \/>\n<meta name=\"twitter:label1\" content=\"Dur\u00e9e de lecture estim\u00e9e\" \/>\n\t<meta name=\"twitter:data1\" content=\"2 minutes\" \/>\n<script type=\"application\/ld+json\" class=\"yoast-schema-graph\">{\"@context\":\"https:\/\/schema.org\",\"@graph\":[{\"@type\":\"WebPage\",\"@id\":\"https:\/\/hebergement.universite-paris-saclay.fr\/upgeo\/?page_id=41\",\"url\":\"https:\/\/hebergement.universite-paris-saclay.fr\/upgeo\/?page_id=41\",\"name\":\"Les th\u00e8ses - UPGEO\",\"isPartOf\":{\"@id\":\"https:\/\/hebergement.universite-paris-saclay.fr\/upgeo\/#website\"},\"datePublished\":\"2020-01-17T22:19:19+00:00\",\"dateModified\":\"2025-09-02T14:54:37+00:00\",\"breadcrumb\":{\"@id\":\"https:\/\/hebergement.universite-paris-saclay.fr\/upgeo\/?page_id=41#breadcrumb\"},\"inLanguage\":\"fr-FR\",\"potentialAction\":[{\"@type\":\"ReadAction\",\"target\":[\"https:\/\/hebergement.universite-paris-saclay.fr\/upgeo\/?page_id=41\"]}]},{\"@type\":\"BreadcrumbList\",\"@id\":\"https:\/\/hebergement.universite-paris-saclay.fr\/upgeo\/?page_id=41#breadcrumb\",\"itemListElement\":[{\"@type\":\"ListItem\",\"position\":1,\"name\":\"Accueil\",\"item\":\"http:\/\/hebergement.universite-paris-saclay.fr\/upgeo\"},{\"@type\":\"ListItem\",\"position\":2,\"name\":\"Les th\u00e8ses\"}]},{\"@type\":\"WebSite\",\"@id\":\"https:\/\/hebergement.universite-paris-saclay.fr\/upgeo\/#website\",\"url\":\"https:\/\/hebergement.universite-paris-saclay.fr\/upgeo\/\",\"name\":\"UPGEO\",\"description\":\"For geothermal energy\",\"publisher\":{\"@id\":\"https:\/\/hebergement.universite-paris-saclay.fr\/upgeo\/#organization\"},\"potentialAction\":[{\"@type\":\"SearchAction\",\"target\":{\"@type\":\"EntryPoint\",\"urlTemplate\":\"https:\/\/hebergement.universite-paris-saclay.fr\/upgeo\/?s={search_term_string}\"},\"query-input\":{\"@type\":\"PropertyValueSpecification\",\"valueRequired\":true,\"valueName\":\"search_term_string\"}}],\"inLanguage\":\"fr-FR\"},{\"@type\":\"Organization\",\"@id\":\"https:\/\/hebergement.universite-paris-saclay.fr\/upgeo\/#organization\",\"name\":\"ANR\",\"url\":\"https:\/\/hebergement.universite-paris-saclay.fr\/upgeo\/\",\"logo\":{\"@type\":\"ImageObject\",\"inLanguage\":\"fr-FR\",\"@id\":\"https:\/\/hebergement.universite-paris-saclay.fr\/upgeo\/#\/schema\/logo\/image\/\",\"url\":\"http:\/\/hebergement.universite-paris-saclay.fr\/upgeo\/wp-content\/uploads\/2020\/01\/label-ANR-bleu-CMJN-990x1024.jpg\",\"contentUrl\":\"http:\/\/hebergement.universite-paris-saclay.fr\/upgeo\/wp-content\/uploads\/2020\/01\/label-ANR-bleu-CMJN-990x1024.jpg\",\"width\":990,\"height\":1024,\"caption\":\"ANR\"},\"image\":{\"@id\":\"https:\/\/hebergement.universite-paris-saclay.fr\/upgeo\/#\/schema\/logo\/image\/\"}}]}<\/script>\n<!-- \/ Yoast SEO plugin. -->","yoast_head_json":{"title":"Les th\u00e8ses - UPGEO","robots":{"index":"index","follow":"follow","max-snippet":"max-snippet:-1","max-image-preview":"max-image-preview:large","max-video-preview":"max-video-preview:-1"},"canonical":"https:\/\/hebergement.universite-paris-saclay.fr\/upgeo\/?page_id=41","og_locale":"fr_FR","og_type":"article","og_title":"Les th\u00e8ses - UPGEO","og_description":"en cours Codjo Essou. Caract\u00e9risation des h\u00e9t\u00e9rog\u00e9n\u00e9it\u00e9s r\u00e9servoirs et simulation num\u00e9rique hydrodynamique dans les syst\u00e8mes g\u00e9othermiques. Financement par l\u2019Association Nationale de Recherche Technologique (ANRT), th\u00e8se \u00ab Convention industrielle de formation par la recherche \u00bb Cifre n\u00b0 2021\/0773 2024 Adrien Beguinet. Analyse num\u00e9rique d&rsquo;un probl\u00e8me poro\u00e9lastique \u00e0 coefficients al\u00e9atoires : Application \u00e0 la g\u00e9othermie. Universit\u00e9 Paris-Saclay, [&hellip;]","og_url":"https:\/\/hebergement.universite-paris-saclay.fr\/upgeo\/?page_id=41","og_site_name":"UPGEO","article_modified_time":"2025-09-02T14:54:37+00:00","twitter_card":"summary_large_image","twitter_misc":{"Dur\u00e9e de lecture estim\u00e9e":"2 minutes"},"schema":{"@context":"https:\/\/schema.org","@graph":[{"@type":"WebPage","@id":"https:\/\/hebergement.universite-paris-saclay.fr\/upgeo\/?page_id=41","url":"https:\/\/hebergement.universite-paris-saclay.fr\/upgeo\/?page_id=41","name":"Les th\u00e8ses - UPGEO","isPartOf":{"@id":"https:\/\/hebergement.universite-paris-saclay.fr\/upgeo\/#website"},"datePublished":"2020-01-17T22:19:19+00:00","dateModified":"2025-09-02T14:54:37+00:00","breadcrumb":{"@id":"https:\/\/hebergement.universite-paris-saclay.fr\/upgeo\/?page_id=41#breadcrumb"},"inLanguage":"fr-FR","potentialAction":[{"@type":"ReadAction","target":["https:\/\/hebergement.universite-paris-saclay.fr\/upgeo\/?page_id=41"]}]},{"@type":"BreadcrumbList","@id":"https:\/\/hebergement.universite-paris-saclay.fr\/upgeo\/?page_id=41#breadcrumb","itemListElement":[{"@type":"ListItem","position":1,"name":"Accueil","item":"http:\/\/hebergement.universite-paris-saclay.fr\/upgeo"},{"@type":"ListItem","position":2,"name":"Les th\u00e8ses"}]},{"@type":"WebSite","@id":"https:\/\/hebergement.universite-paris-saclay.fr\/upgeo\/#website","url":"https:\/\/hebergement.universite-paris-saclay.fr\/upgeo\/","name":"UPGEO","description":"For geothermal energy","publisher":{"@id":"https:\/\/hebergement.universite-paris-saclay.fr\/upgeo\/#organization"},"potentialAction":[{"@type":"SearchAction","target":{"@type":"EntryPoint","urlTemplate":"https:\/\/hebergement.universite-paris-saclay.fr\/upgeo\/?s={search_term_string}"},"query-input":{"@type":"PropertyValueSpecification","valueRequired":true,"valueName":"search_term_string"}}],"inLanguage":"fr-FR"},{"@type":"Organization","@id":"https:\/\/hebergement.universite-paris-saclay.fr\/upgeo\/#organization","name":"ANR","url":"https:\/\/hebergement.universite-paris-saclay.fr\/upgeo\/","logo":{"@type":"ImageObject","inLanguage":"fr-FR","@id":"https:\/\/hebergement.universite-paris-saclay.fr\/upgeo\/#\/schema\/logo\/image\/","url":"http:\/\/hebergement.universite-paris-saclay.fr\/upgeo\/wp-content\/uploads\/2020\/01\/label-ANR-bleu-CMJN-990x1024.jpg","contentUrl":"http:\/\/hebergement.universite-paris-saclay.fr\/upgeo\/wp-content\/uploads\/2020\/01\/label-ANR-bleu-CMJN-990x1024.jpg","width":990,"height":1024,"caption":"ANR"},"image":{"@id":"https:\/\/hebergement.universite-paris-saclay.fr\/upgeo\/#\/schema\/logo\/image\/"}}]}},"_links":{"self":[{"href":"https:\/\/hebergement.universite-paris-saclay.fr\/upgeo\/index.php?rest_route=\/wp\/v2\/pages\/41","targetHints":{"allow":["GET"]}}],"collection":[{"href":"https:\/\/hebergement.universite-paris-saclay.fr\/upgeo\/index.php?rest_route=\/wp\/v2\/pages"}],"about":[{"href":"https:\/\/hebergement.universite-paris-saclay.fr\/upgeo\/index.php?rest_route=\/wp\/v2\/types\/page"}],"author":[{"embeddable":true,"href":"https:\/\/hebergement.universite-paris-saclay.fr\/upgeo\/index.php?rest_route=\/wp\/v2\/users\/1"}],"replies":[{"embeddable":true,"href":"https:\/\/hebergement.universite-paris-saclay.fr\/upgeo\/index.php?rest_route=%2Fwp%2Fv2%2Fcomments&post=41"}],"version-history":[{"count":5,"href":"https:\/\/hebergement.universite-paris-saclay.fr\/upgeo\/index.php?rest_route=\/wp\/v2\/pages\/41\/revisions"}],"predecessor-version":[{"id":713,"href":"https:\/\/hebergement.universite-paris-saclay.fr\/upgeo\/index.php?rest_route=\/wp\/v2\/pages\/41\/revisions\/713"}],"wp:attachment":[{"href":"https:\/\/hebergement.universite-paris-saclay.fr\/upgeo\/index.php?rest_route=%2Fwp%2Fv2%2Fmedia&parent=41"}],"curies":[{"name":"wp","href":"https:\/\/api.w.org\/{rel}","templated":true}]}}