{"id":63,"date":"2020-01-18T12:32:10","date_gmt":"2020-01-18T11:32:10","guid":{"rendered":"http:\/\/hebergement.universite-paris-saclay.fr\/upgeo\/?page_id=63"},"modified":"2022-02-17T00:42:04","modified_gmt":"2022-02-16T23:42:04","slug":"financements","status":"publish","type":"page","link":"https:\/\/hebergement.universite-paris-saclay.fr\/upgeo\/?page_id=63","title":{"rendered":"Financements"},"content":{"rendered":"\n<p><strong>Agence National pour la Recherche (ANR)<\/strong><\/p>\n\n\n\n<p>UPGEO <em>UPscaling and heat simulations for improving the efficiency of deep GEOthermal energy<\/em> (<a rel=\"noreferrer noopener\" href=\"https:\/\/anr.fr\/Projet-ANR-19-CE05-0032\" target=\"_blank\">ANR-19-CE05-0032-01<\/a>) financement sur 4 ans, 1<sup>er<\/sup>  fev. 2020-31 janv. 2024, Programme de Recherche Collaboratif (PRC), 8  partenaires, appel \u00e0 projets g\u00e9n\u00e9rique 2019, Axe 2.1 \u00ab&nbsp;Une \u00e9nergie  durable, propre, s\u00fbre et efficace&nbsp;\u00bb, montant de la subvention: 689 k\u20ac dont 2 salaires de th\u00e8se et de 2 post-docs<\/p>\n\n\n\n<p>Deux autres projets connexes permettront d&rsquo;abonder les objectifs scientifiques d&rsquo;UPGEO qui visent \u00e0 proposer des solutions qui optimisent et explorent de nouvelles zones pour favoriser le d\u00e9ploiement de la g\u00e9othermie profonde en France. <\/p>\n\n\n\n<p><strong>R\u00e9gion Ile-de-France <\/strong><\/p>\n\n\n\n<p>G\u00c9OMOD <em><a rel=\"noreferrer noopener\" href=\"http:\/\/geops.geol.u-psud.fr\/spip.php?article603\" target=\"_blank\">Caract\u00e9risation  des h\u00e9t\u00e9rog\u00e9n\u00e9it\u00e9s des r\u00e9servoirs G\u00c9Othermiques d\u2019Ile-de-France par le  d\u00e9veloppement d\u2019une MOD\u00e9lisation num\u00e9rique hydro-dynamique<\/a><\/em> financ\u00e9 par le programme <a rel=\"noreferrer noopener\" aria-label=\" (s\u2019ouvre dans un nouvel onglet)\" href=\"https:\/\/www.iledefrance.fr\/recherche-paris-region-phd-soutient-30-doctorants-des-dim\" target=\"_blank\"><strong>Paris Region PhD 2019<\/strong><\/a> en partenariat avec la soci\u00e9t\u00e9 GEOFLUID, convention de Collaboration n\u00b02019-0309 <strong>GEOFLUID\/Universit\u00e9 Paris-Saclay,<\/strong> 2019-2022, montant de la subvention: 160 k\u20ac dont financement du &nbsp;salaire de th\u00e8se Maxime Catinat (d\u00e9but oct. 2019)<\/p>\n\n\n\n<p><strong>IDEX Paris Saclay<\/strong><\/p>\n\n\n\n<p><em>Circulation d\u2019eau g\u00e9othermale dans des aquif\u00e8res h\u00e9t\u00e9rog\u00e8nes<\/em>, financ\u00e9 par \u201cl&rsquo;initiative d\u2019Excellence Paris-Saclay IDEX Paris-Saclay\u201d, programme g\u00e9r\u00e9 par l&rsquo;Agence Nationale de la Recherche (<a rel=\"noreferrer noopener\" href=\"https:\/\/anr.fr\/ProjetIA-11-IDEX-0003\" target=\"_blank\">ANR-11-IDEX-0003<\/a>), #CDE-2019-002257, montant de la subvention: 19 k\u20ac<\/p>\n","protected":false},"excerpt":{"rendered":"<p>Agence National pour la Recherche (ANR) UPGEO UPscaling and heat simulations for improving the efficiency of deep GEOthermal energy (ANR-19-CE05-0032-01) financement sur 4 ans, 1er fev. 2020-31 janv. 2024, Programme de Recherche Collaboratif (PRC), 8 partenaires, appel \u00e0 projets g\u00e9n\u00e9rique 2019, Axe 2.1 \u00ab&nbsp;Une \u00e9nergie durable, propre, s\u00fbre et efficace&nbsp;\u00bb, montant de la subvention: 689 [&hellip;]<\/p>\n","protected":false},"author":1,"featured_media":98,"parent":422,"menu_order":7,"comment_status":"closed","ping_status":"closed","template":"","meta":{"footnotes":""},"class_list":["post-63","page","type-page","status-publish","has-post-thumbnail","hentry","post-preview"],"yoast_head":"<!-- This site is optimized with the Yoast SEO plugin v26.9 - https:\/\/yoast.com\/product\/yoast-seo-wordpress\/ -->\n<title>Financements - UPGEO<\/title>\n<meta name=\"robots\" content=\"index, follow, max-snippet:-1, max-image-preview:large, max-video-preview:-1\" \/>\n<link rel=\"canonical\" href=\"https:\/\/hebergement.universite-paris-saclay.fr\/upgeo\/?page_id=63\" \/>\n<meta property=\"og:locale\" content=\"fr_FR\" \/>\n<meta property=\"og:type\" content=\"article\" \/>\n<meta property=\"og:title\" content=\"Financements - UPGEO\" \/>\n<meta property=\"og:description\" content=\"Agence National pour la Recherche (ANR) UPGEO UPscaling and heat simulations for improving the efficiency of deep GEOthermal energy (ANR-19-CE05-0032-01) financement sur 4 ans, 1er fev. 2020-31 janv. 2024, Programme de Recherche Collaboratif (PRC), 8 partenaires, appel \u00e0 projets g\u00e9n\u00e9rique 2019, Axe 2.1 \u00ab&nbsp;Une \u00e9nergie durable, propre, s\u00fbre et efficace&nbsp;\u00bb, montant de la subvention: 689 [&hellip;]\" \/>\n<meta property=\"og:url\" content=\"https:\/\/hebergement.universite-paris-saclay.fr\/upgeo\/?page_id=63\" \/>\n<meta property=\"og:site_name\" content=\"UPGEO\" \/>\n<meta property=\"article:modified_time\" content=\"2022-02-16T23:42:04+00:00\" \/>\n<meta property=\"og:image\" content=\"https:\/\/hebergement.universite-paris-saclay.fr\/upgeo\/wp-content\/uploads\/2020\/02\/cachanparisien_0.jpg\" \/>\n\t<meta property=\"og:image:width\" content=\"940\" \/>\n\t<meta property=\"og:image:height\" content=\"627\" \/>\n\t<meta property=\"og:image:type\" content=\"image\/jpeg\" \/>\n<meta name=\"twitter:card\" content=\"summary_large_image\" \/>\n<meta name=\"twitter:label1\" content=\"Dur\u00e9e de lecture estim\u00e9e\" \/>\n\t<meta name=\"twitter:data1\" content=\"1 minute\" \/>\n<script type=\"application\/ld+json\" class=\"yoast-schema-graph\">{\"@context\":\"https:\/\/schema.org\",\"@graph\":[{\"@type\":\"WebPage\",\"@id\":\"https:\/\/hebergement.universite-paris-saclay.fr\/upgeo\/?page_id=63\",\"url\":\"https:\/\/hebergement.universite-paris-saclay.fr\/upgeo\/?page_id=63\",\"name\":\"Financements - UPGEO\",\"isPartOf\":{\"@id\":\"https:\/\/hebergement.universite-paris-saclay.fr\/upgeo\/#website\"},\"primaryImageOfPage\":{\"@id\":\"https:\/\/hebergement.universite-paris-saclay.fr\/upgeo\/?page_id=63#primaryimage\"},\"image\":{\"@id\":\"https:\/\/hebergement.universite-paris-saclay.fr\/upgeo\/?page_id=63#primaryimage\"},\"thumbnailUrl\":\"https:\/\/hebergement.universite-paris-saclay.fr\/upgeo\/wp-content\/uploads\/2020\/02\/cachanparisien_0.jpg\",\"datePublished\":\"2020-01-18T11:32:10+00:00\",\"dateModified\":\"2022-02-16T23:42:04+00:00\",\"breadcrumb\":{\"@id\":\"https:\/\/hebergement.universite-paris-saclay.fr\/upgeo\/?page_id=63#breadcrumb\"},\"inLanguage\":\"fr-FR\",\"potentialAction\":[{\"@type\":\"ReadAction\",\"target\":[\"https:\/\/hebergement.universite-paris-saclay.fr\/upgeo\/?page_id=63\"]}]},{\"@type\":\"ImageObject\",\"inLanguage\":\"fr-FR\",\"@id\":\"https:\/\/hebergement.universite-paris-saclay.fr\/upgeo\/?page_id=63#primaryimage\",\"url\":\"https:\/\/hebergement.universite-paris-saclay.fr\/upgeo\/wp-content\/uploads\/2020\/02\/cachanparisien_0.jpg\",\"contentUrl\":\"https:\/\/hebergement.universite-paris-saclay.fr\/upgeo\/wp-content\/uploads\/2020\/02\/cachanparisien_0.jpg\",\"width\":940,\"height\":627},{\"@type\":\"BreadcrumbList\",\"@id\":\"https:\/\/hebergement.universite-paris-saclay.fr\/upgeo\/?page_id=63#breadcrumb\",\"itemListElement\":[{\"@type\":\"ListItem\",\"position\":1,\"name\":\"Accueil\",\"item\":\"http:\/\/hebergement.universite-paris-saclay.fr\/upgeo\"},{\"@type\":\"ListItem\",\"position\":2,\"name\":\"Le projet UPGEO\",\"item\":\"https:\/\/hebergement.universite-paris-saclay.fr\/upgeo\/?page_id=422\"},{\"@type\":\"ListItem\",\"position\":3,\"name\":\"Financements\"}]},{\"@type\":\"WebSite\",\"@id\":\"https:\/\/hebergement.universite-paris-saclay.fr\/upgeo\/#website\",\"url\":\"https:\/\/hebergement.universite-paris-saclay.fr\/upgeo\/\",\"name\":\"UPGEO\",\"description\":\"For geothermal energy\",\"publisher\":{\"@id\":\"https:\/\/hebergement.universite-paris-saclay.fr\/upgeo\/#organization\"},\"potentialAction\":[{\"@type\":\"SearchAction\",\"target\":{\"@type\":\"EntryPoint\",\"urlTemplate\":\"https:\/\/hebergement.universite-paris-saclay.fr\/upgeo\/?s={search_term_string}\"},\"query-input\":{\"@type\":\"PropertyValueSpecification\",\"valueRequired\":true,\"valueName\":\"search_term_string\"}}],\"inLanguage\":\"fr-FR\"},{\"@type\":\"Organization\",\"@id\":\"https:\/\/hebergement.universite-paris-saclay.fr\/upgeo\/#organization\",\"name\":\"ANR\",\"url\":\"https:\/\/hebergement.universite-paris-saclay.fr\/upgeo\/\",\"logo\":{\"@type\":\"ImageObject\",\"inLanguage\":\"fr-FR\",\"@id\":\"https:\/\/hebergement.universite-paris-saclay.fr\/upgeo\/#\/schema\/logo\/image\/\",\"url\":\"http:\/\/hebergement.universite-paris-saclay.fr\/upgeo\/wp-content\/uploads\/2020\/01\/label-ANR-bleu-CMJN-990x1024.jpg\",\"contentUrl\":\"http:\/\/hebergement.universite-paris-saclay.fr\/upgeo\/wp-content\/uploads\/2020\/01\/label-ANR-bleu-CMJN-990x1024.jpg\",\"width\":990,\"height\":1024,\"caption\":\"ANR\"},\"image\":{\"@id\":\"https:\/\/hebergement.universite-paris-saclay.fr\/upgeo\/#\/schema\/logo\/image\/\"}}]}<\/script>\n<!-- \/ Yoast SEO plugin. -->","yoast_head_json":{"title":"Financements - UPGEO","robots":{"index":"index","follow":"follow","max-snippet":"max-snippet:-1","max-image-preview":"max-image-preview:large","max-video-preview":"max-video-preview:-1"},"canonical":"https:\/\/hebergement.universite-paris-saclay.fr\/upgeo\/?page_id=63","og_locale":"fr_FR","og_type":"article","og_title":"Financements - UPGEO","og_description":"Agence National pour la Recherche (ANR) UPGEO UPscaling and heat simulations for improving the efficiency of deep GEOthermal energy (ANR-19-CE05-0032-01) financement sur 4 ans, 1er fev. 2020-31 janv. 2024, Programme de Recherche Collaboratif (PRC), 8 partenaires, appel \u00e0 projets g\u00e9n\u00e9rique 2019, Axe 2.1 \u00ab&nbsp;Une \u00e9nergie durable, propre, s\u00fbre et efficace&nbsp;\u00bb, montant de la subvention: 689 [&hellip;]","og_url":"https:\/\/hebergement.universite-paris-saclay.fr\/upgeo\/?page_id=63","og_site_name":"UPGEO","article_modified_time":"2022-02-16T23:42:04+00:00","og_image":[{"width":940,"height":627,"url":"https:\/\/hebergement.universite-paris-saclay.fr\/upgeo\/wp-content\/uploads\/2020\/02\/cachanparisien_0.jpg","type":"image\/jpeg"}],"twitter_card":"summary_large_image","twitter_misc":{"Dur\u00e9e de lecture estim\u00e9e":"1 minute"},"schema":{"@context":"https:\/\/schema.org","@graph":[{"@type":"WebPage","@id":"https:\/\/hebergement.universite-paris-saclay.fr\/upgeo\/?page_id=63","url":"https:\/\/hebergement.universite-paris-saclay.fr\/upgeo\/?page_id=63","name":"Financements - UPGEO","isPartOf":{"@id":"https:\/\/hebergement.universite-paris-saclay.fr\/upgeo\/#website"},"primaryImageOfPage":{"@id":"https:\/\/hebergement.universite-paris-saclay.fr\/upgeo\/?page_id=63#primaryimage"},"image":{"@id":"https:\/\/hebergement.universite-paris-saclay.fr\/upgeo\/?page_id=63#primaryimage"},"thumbnailUrl":"https:\/\/hebergement.universite-paris-saclay.fr\/upgeo\/wp-content\/uploads\/2020\/02\/cachanparisien_0.jpg","datePublished":"2020-01-18T11:32:10+00:00","dateModified":"2022-02-16T23:42:04+00:00","breadcrumb":{"@id":"https:\/\/hebergement.universite-paris-saclay.fr\/upgeo\/?page_id=63#breadcrumb"},"inLanguage":"fr-FR","potentialAction":[{"@type":"ReadAction","target":["https:\/\/hebergement.universite-paris-saclay.fr\/upgeo\/?page_id=63"]}]},{"@type":"ImageObject","inLanguage":"fr-FR","@id":"https:\/\/hebergement.universite-paris-saclay.fr\/upgeo\/?page_id=63#primaryimage","url":"https:\/\/hebergement.universite-paris-saclay.fr\/upgeo\/wp-content\/uploads\/2020\/02\/cachanparisien_0.jpg","contentUrl":"https:\/\/hebergement.universite-paris-saclay.fr\/upgeo\/wp-content\/uploads\/2020\/02\/cachanparisien_0.jpg","width":940,"height":627},{"@type":"BreadcrumbList","@id":"https:\/\/hebergement.universite-paris-saclay.fr\/upgeo\/?page_id=63#breadcrumb","itemListElement":[{"@type":"ListItem","position":1,"name":"Accueil","item":"http:\/\/hebergement.universite-paris-saclay.fr\/upgeo"},{"@type":"ListItem","position":2,"name":"Le projet UPGEO","item":"https:\/\/hebergement.universite-paris-saclay.fr\/upgeo\/?page_id=422"},{"@type":"ListItem","position":3,"name":"Financements"}]},{"@type":"WebSite","@id":"https:\/\/hebergement.universite-paris-saclay.fr\/upgeo\/#website","url":"https:\/\/hebergement.universite-paris-saclay.fr\/upgeo\/","name":"UPGEO","description":"For geothermal energy","publisher":{"@id":"https:\/\/hebergement.universite-paris-saclay.fr\/upgeo\/#organization"},"potentialAction":[{"@type":"SearchAction","target":{"@type":"EntryPoint","urlTemplate":"https:\/\/hebergement.universite-paris-saclay.fr\/upgeo\/?s={search_term_string}"},"query-input":{"@type":"PropertyValueSpecification","valueRequired":true,"valueName":"search_term_string"}}],"inLanguage":"fr-FR"},{"@type":"Organization","@id":"https:\/\/hebergement.universite-paris-saclay.fr\/upgeo\/#organization","name":"ANR","url":"https:\/\/hebergement.universite-paris-saclay.fr\/upgeo\/","logo":{"@type":"ImageObject","inLanguage":"fr-FR","@id":"https:\/\/hebergement.universite-paris-saclay.fr\/upgeo\/#\/schema\/logo\/image\/","url":"http:\/\/hebergement.universite-paris-saclay.fr\/upgeo\/wp-content\/uploads\/2020\/01\/label-ANR-bleu-CMJN-990x1024.jpg","contentUrl":"http:\/\/hebergement.universite-paris-saclay.fr\/upgeo\/wp-content\/uploads\/2020\/01\/label-ANR-bleu-CMJN-990x1024.jpg","width":990,"height":1024,"caption":"ANR"},"image":{"@id":"https:\/\/hebergement.universite-paris-saclay.fr\/upgeo\/#\/schema\/logo\/image\/"}}]}},"_links":{"self":[{"href":"https:\/\/hebergement.universite-paris-saclay.fr\/upgeo\/index.php?rest_route=\/wp\/v2\/pages\/63","targetHints":{"allow":["GET"]}}],"collection":[{"href":"https:\/\/hebergement.universite-paris-saclay.fr\/upgeo\/index.php?rest_route=\/wp\/v2\/pages"}],"about":[{"href":"https:\/\/hebergement.universite-paris-saclay.fr\/upgeo\/index.php?rest_route=\/wp\/v2\/types\/page"}],"author":[{"embeddable":true,"href":"https:\/\/hebergement.universite-paris-saclay.fr\/upgeo\/index.php?rest_route=\/wp\/v2\/users\/1"}],"replies":[{"embeddable":true,"href":"https:\/\/hebergement.universite-paris-saclay.fr\/upgeo\/index.php?rest_route=%2Fwp%2Fv2%2Fcomments&post=63"}],"version-history":[{"count":8,"href":"https:\/\/hebergement.universite-paris-saclay.fr\/upgeo\/index.php?rest_route=\/wp\/v2\/pages\/63\/revisions"}],"predecessor-version":[{"id":148,"href":"https:\/\/hebergement.universite-paris-saclay.fr\/upgeo\/index.php?rest_route=\/wp\/v2\/pages\/63\/revisions\/148"}],"up":[{"embeddable":true,"href":"https:\/\/hebergement.universite-paris-saclay.fr\/upgeo\/index.php?rest_route=\/wp\/v2\/pages\/422"}],"wp:featuredmedia":[{"embeddable":true,"href":"https:\/\/hebergement.universite-paris-saclay.fr\/upgeo\/index.php?rest_route=\/wp\/v2\/media\/98"}],"wp:attachment":[{"href":"https:\/\/hebergement.universite-paris-saclay.fr\/upgeo\/index.php?rest_route=%2Fwp%2Fv2%2Fmedia&parent=63"}],"curies":[{"name":"wp","href":"https:\/\/api.w.org\/{rel}","templated":true}]}}